-- https://www.phpmyadmin.net/
--
-- Servidor: localhost:3306
-- Tiempo de generación: 30-07-2026 a las 21:18:05
-- Versión del servidor: 10.11.18-MariaDB
-- Versión de PHP: 8.4.23

START TRANSACTION;



--
-- Base de datos: `re123_gigantes`
--

-- --------------------------------------------------------

--
-- Estructura de tabla para la tabla `administradores`
--

CREATE TABLE `administradores` (
  `id` int(11) NOT NULL,
  `usuario` varchar(50) NOT NULL,
  `password` varchar(255) NOT NULL,
  `nombre` varchar(100) NOT NULL,
  `created_at` timestamp NOT NULL DEFAULT current_timestamp()
) ENGINE=InnoDB DEFAULT CHARSET=latin1 COLLATE=latin1_swedish_ci;

--
-- Volcado de datos para la tabla `administradores`
--

INSERT INTO `administradores` (`id`, `usuario`, `password`, `nombre`, `created_at`) VALUES
(1, 'admin', '0192023a7bbd73250516f069df18b500', 'Administrador Principal', '2025-07-23 22:35:13');

-- --------------------------------------------------------

--
-- Estructura de tabla para la tabla `configuracion`
--

CREATE TABLE `configuracion` (
  `id` int(11) NOT NULL,
  `clave` varchar(100) NOT NULL,
  `valor` text DEFAULT NULL,
  `tipo` varchar(30) DEFAULT 'text',
  `updated_at` timestamp NOT NULL DEFAULT current_timestamp() ON UPDATE current_timestamp()
) ENGINE=InnoDB DEFAULT CHARSET=utf8mb4 COLLATE=utf8mb4_unicode_ci;

--
-- Volcado de datos para la tabla `configuracion`
--

INSERT INTO `configuracion` (`id`, `clave`, `valor`, `tipo`, `updated_at`) VALUES
(1, 'nombre_evento', '', 'text', '2026-07-21 20:44:37'),
(2, 'mensaje_espera', 'Esperando el próximo sorteo', 'text', '2026-07-21 20:37:41'),
(3, 'texto_ganador', 'GANADOR', 'text', '2026-07-21 20:37:41'),
(4, 'logo_principal', 'uploads/logos/153f0d185acfbba6.png', 'image', '2026-07-23 17:22:08'),
(5, 'logo_secundario', 'uploads/logos/e3bf6c04897d8a6e.png', 'image', '2026-07-21 20:40:00'),
(6, 'fondo_imagen', '', 'image', '2026-07-21 20:37:41'),
(7, 'fondo_video', 'uploads/fondos/42361d10fa299954.mp4', 'video', '2026-07-24 16:00:55'),
(8, 'fondo_video_activo', '1', 'bool', '2026-07-21 20:44:21'),
(9, 'fondo_opacidad', '55', 'number', '2026-07-21 20:37:41'),
(10, 'fondo_video_loop', '1', 'bool', '2026-07-21 20:37:41'),
(11, 'color_primario', '#ff2fd0', 'text', '2026-07-21 20:40:00'),
(12, 'color_secundario', '#00e6ff', 'text', '2026-07-21 20:40:00'),
(13, 'sonidos_activos', '0', 'bool', '2026-07-21 20:49:39'),
(14, 'sonido_inicio', '', 'audio', '2026-07-21 20:37:41'),
(15, 'sonido_girando', '', 'audio', '2026-07-21 20:37:41'),
(16, 'sonido_ganador', '', 'audio', '2026-07-21 20:37:41'),
(17, 'duracion_frenado', '5', 'number', '2026-07-21 20:37:41'),
(18, 'confeti_activo', '1', 'bool', '2026-07-21 20:37:41'),
(19, 'pantalla_completa', '1', 'bool', '2026-07-21 20:37:41'),
(20, 'zona_horaria', 'America/Santiago', 'text', '2026-07-21 20:37:41'),
(21, 'formato_fecha', 'd/m/Y H:i', 'text', '2026-07-21 20:37:41'),
(22, 'campos_ganador', '', 'text', '2026-07-21 20:49:39'),
(23, 'clave_control', '', 'text', '2026-07-21 20:37:41'),
(91, 'galeria_logo', '', 'image', '2026-07-21 23:23:45'),
(92, 'galeria_mensaje_espera', 'Esperando fotografías', 'text', '2026-07-21 21:21:12'),
(93, 'galeria_tiempo_foto', '6', 'number', '2026-07-21 21:21:12'),
(94, 'galeria_duracion_transicion', '3000', 'number', '2026-07-24 19:11:48'),
(95, 'galeria_transicion', 'random', 'text', '2026-07-24 21:05:50'),
(96, 'galeria_ajuste', 'contain', 'text', '2026-07-24 19:13:23'),
(97, 'galeria_fondo', 'desenfoque', 'text', '2026-07-21 21:21:12'),
(98, 'galeria_orden', 'aleatorio', 'text', '2026-07-21 21:37:34'),
(99, 'galeria_bucle', '1', 'bool', '2026-07-21 21:21:12'),
(100, 'galeria_mostrar_logo', '0', 'bool', '2026-07-24 19:10:26'),
(101, 'galeria_mostrar_contador', '0', 'bool', '2026-07-21 21:21:12'),
(102, 'galeria_mostrar_fecha', '0', 'bool', '2026-07-21 21:21:12'),
(103, 'galeria_intervalo_check', '5000', 'number', '2026-07-21 21:21:12'),
(104, 'galeria_version', '132', 'number', '2026-07-26 19:15:15');

-- --------------------------------------------------------

--
-- Estructura de tabla para la tabla `estado_pantalla`
--

CREATE TABLE `estado_pantalla` (
  `id` int(11) NOT NULL DEFAULT 1,
  `estado_actual` enum('waiting','running','stopping','winner','cancelled','finished') NOT NULL DEFAULT 'waiting',
  `sorteo_activo_id` int(11) DEFAULT NULL,
  `ronda_activa_id` int(11) DEFAULT NULL,
  `ganador_activo_id` int(11) DEFAULT NULL,
  `version_token` bigint(20) NOT NULL DEFAULT 0,
  `updated_at` timestamp NOT NULL DEFAULT current_timestamp() ON UPDATE current_timestamp()
) ENGINE=InnoDB DEFAULT CHARSET=utf8mb4 COLLATE=utf8mb4_unicode_ci;

--
-- Volcado de datos para la tabla `estado_pantalla`
--

INSERT INTO `estado_pantalla` (`id`, `estado_actual`, `sorteo_activo_id`, `ronda_activa_id`, `ganador_activo_id`, `version_token`, `updated_at`) VALUES
(1, 'waiting', NULL, NULL, NULL, 23, '2026-07-24 16:01:33');

-- --------------------------------------------------------

--
-- Estructura de tabla para la tabla `galeria_fotos`
--

CREATE TABLE `galeria_fotos` (
  `id` int(11) NOT NULL,
  `archivo` varchar(255) NOT NULL,
  `miniatura` varchar(255) DEFAULT NULL,
  `nombre_original` varchar(255) DEFAULT NULL,
  `ancho` int(11) DEFAULT NULL,
  `alto` int(11) DEFAULT NULL,
  `orden` int(11) NOT NULL DEFAULT 0,
  `activo` tinyint(1) NOT NULL DEFAULT 1,
  `uploaded_by` int(11) DEFAULT NULL,
  `created_at` timestamp NOT NULL DEFAULT current_timestamp()
) ENGINE=InnoDB DEFAULT CHARSET=utf8mb4 COLLATE=utf8mb4_unicode_ci;

--
-- Volcado de datos para la tabla `galeria_fotos`
--

INSERT INTO `galeria_fotos` (`id`, `archivo`, `miniatura`, `nombre_original`, `ancho`, `alto`, `orden`, `activo`, `uploaded_by`, `created_at`) VALUES
(63, 'uploads/galeria/e70e4ab59e5a08a7.jpg', 'uploads/galeria/thumbs/e70e4ab59e5a08a7.jpg', '01.png', 1672, 941, 1, 1, 1, '2026-07-24 20:45:20'),
(64, 'uploads/galeria/fc2e296f15e2fcde.jpg', 'uploads/galeria/thumbs/fc2e296f15e2fcde.jpg', '02.png', 1672, 941, 2, 1, 1, '2026-07-24 20:45:20'),
(65, 'uploads/galeria/b6f45cf35bf1caa9.jpg', 'uploads/galeria/thumbs/b6f45cf35bf1caa9.jpg', '03.png', 1672, 941, 3, 1, 1, '2026-07-24 20:45:20'),
(66, 'uploads/galeria/090c8ce18f2200fd.jpg', 'uploads/galeria/thumbs/090c8ce18f2200fd.jpg', '04.png', 1672, 941, 4, 1, 1, '2026-07-24 20:45:20'),
(67, 'uploads/galeria/af0c3f11027cbc97.jpg', 'uploads/galeria/thumbs/af0c3f11027cbc97.jpg', '05.png', 1448, 1086, 5, 1, 1, '2026-07-24 20:47:45'),
(68, 'uploads/galeria/8c9cc729ef3a03ad.jpg', 'uploads/galeria/thumbs/8c9cc729ef3a03ad.jpg', '06.png', 1672, 941, 6, 1, 1, '2026-07-24 20:47:45'),
(69, 'uploads/galeria/be8c30c55124102d.jpg', 'uploads/galeria/thumbs/be8c30c55124102d.jpg', '07.png', 1672, 941, 7, 1, 1, '2026-07-24 20:47:45'),
(70, 'uploads/galeria/4855c33001154ff5.jpg', 'uploads/galeria/thumbs/4855c33001154ff5.jpg', '08.png', 1672, 941, 8, 1, 1, '2026-07-24 20:47:45'),
(71, 'uploads/galeria/e97505a353f0c7dc.jpg', 'uploads/galeria/thumbs/e97505a353f0c7dc.jpg', '09.png', 1672, 941, 9, 1, 1, '2026-07-24 20:47:45'),
(72, 'uploads/galeria/be6d51a6f8163338.jpg', 'uploads/galeria/thumbs/be6d51a6f8163338.jpg', '10.png', 1448, 1086, 10, 1, 1, '2026-07-24 20:47:45'),
(73, 'uploads/galeria/4f1ce227bbac1372.jpg', 'uploads/galeria/thumbs/4f1ce227bbac1372.jpg', '11.png', 1672, 941, 11, 1, 1, '2026-07-24 20:47:45'),
(74, 'uploads/galeria/38ba4ff65616e918.jpg', 'uploads/galeria/thumbs/38ba4ff65616e918.jpg', '12.png', 1672, 941, 12, 1, 1, '2026-07-24 20:47:45'),
(75, 'uploads/galeria/292ec1c8d7a7b7f4.jpg', 'uploads/galeria/thumbs/292ec1c8d7a7b7f4.jpg', '13.png', 1672, 941, 13, 1, 1, '2026-07-24 20:47:45'),
(76, 'uploads/galeria/3d363222606b049d.jpg', 'uploads/galeria/thumbs/3d363222606b049d.jpg', '14.png', 1672, 941, 14, 1, 1, '2026-07-24 20:47:46'),
(77, 'uploads/galeria/1bd5875e17718a23.jpg', 'uploads/galeria/thumbs/1bd5875e17718a23.jpg', '15.png', 1672, 941, 15, 1, 1, '2026-07-24 20:47:46'),
(78, 'uploads/galeria/4e572bd3d27d9ee4.jpg', 'uploads/galeria/thumbs/4e572bd3d27d9ee4.jpg', '16.png', 1672, 941, 16, 1, 1, '2026-07-24 20:47:46'),
(79, 'uploads/galeria/f33c1ce13a494176.jpg', 'uploads/galeria/thumbs/f33c1ce13a494176.jpg', '17.png', 1672, 941, 17, 1, 1, '2026-07-24 20:47:46'),
(80, 'uploads/galeria/4fe8722ced8b9173.jpg', 'uploads/galeria/thumbs/4fe8722ced8b9173.jpg', '18.png', 1672, 941, 18, 1, 1, '2026-07-24 20:47:46'),
(81, 'uploads/galeria/0662b16501920aa2.jpg', 'uploads/galeria/thumbs/0662b16501920aa2.jpg', '19.png', 1672, 941, 19, 1, 1, '2026-07-24 20:47:46'),
(82, 'uploads/galeria/aa12a7269789ff7b.jpg', 'uploads/galeria/thumbs/aa12a7269789ff7b.jpg', '20.png', 1672, 941, 20, 1, 1, '2026-07-24 20:47:46'),
(83, 'uploads/galeria/5b683beac728af9c.jpg', 'uploads/galeria/thumbs/5b683beac728af9c.jpg', '21.png', 1672, 940, 21, 1, 1, '2026-07-24 20:47:46'),
(84, 'uploads/galeria/9b4cc6e62bd953c6.jpg', 'uploads/galeria/thumbs/9b4cc6e62bd953c6.jpg', '22.png', 1672, 941, 22, 1, 1, '2026-07-24 20:47:46'),
(85, 'uploads/galeria/c1e8224c63f096bc.jpg', 'uploads/galeria/thumbs/c1e8224c63f096bc.jpg', '23.png', 1672, 941, 23, 1, 1, '2026-07-24 20:47:47'),
(86, 'uploads/galeria/1473633c581ebd88.jpg', 'uploads/galeria/thumbs/1473633c581ebd88.jpg', '24.png', 1672, 941, 24, 1, 1, '2026-07-24 20:47:47'),
(87, 'uploads/galeria/56c29f696c9e256d.jpg', 'uploads/galeria/thumbs/56c29f696c9e256d.jpg', '26.png', 1920, 1080, 25, 1, 1, '2026-07-24 21:09:19'),
(88, 'uploads/galeria/84cfce7e8fdf413e.jpg', 'uploads/galeria/thumbs/84cfce7e8fdf413e.jpg', '27.png', 1920, 1072, 26, 1, 1, '2026-07-24 21:10:39'),
(89, 'uploads/galeria/47ffe7e2d69f2da6.jpg', 'uploads/galeria/thumbs/47ffe7e2d69f2da6.jpg', '28.png', 1672, 941, 27, 1, 1, '2026-07-24 21:10:54'),
(90, 'uploads/galeria/1a3bd2b0a1e45d1f.jpg', 'uploads/galeria/thumbs/1a3bd2b0a1e45d1f.jpg', '29.png', 1920, 1072, 28, 1, 1, '2026-07-24 21:21:43'),
(91, 'uploads/galeria/e753125d91ea89ce.jpg', 'uploads/galeria/thumbs/e753125d91ea89ce.jpg', '30.png', 1672, 941, 29, 1, 1, '2026-07-24 21:21:43'),
(92, 'uploads/galeria/9f05cec0848511b3.jpg', 'uploads/galeria/thumbs/9f05cec0848511b3.jpg', '31.png', 1672, 941, 30, 1, 1, '2026-07-24 21:24:12'),
(93, 'uploads/galeria/e983ee1b8cc876c2.jpg', 'uploads/galeria/thumbs/e983ee1b8cc876c2.jpg', '32.png', 1672, 941, 31, 1, 1, '2026-07-24 21:24:12'),
(94, 'uploads/galeria/a1406ba29bc63da7.jpg', 'uploads/galeria/thumbs/a1406ba29bc63da7.jpg', '33.png', 1672, 941, 32, 1, 1, '2026-07-24 21:25:32'),
(95, 'uploads/gi/generadas/c7f115dfd0f8eee3.png', 'uploads/gi/thumbs/c7f115dfd0f8eee3.jpg', 'IA #1', 1536, 1024, 33, 1, NULL, '2026-07-26 04:40:01'),
(96, 'uploads/gi/generadas/3c77b46fec334801.png', 'uploads/gi/thumbs/3c77b46fec334801.jpg', 'IA #2', 1536, 1024, 34, 1, NULL, '2026-07-26 04:42:48'),
(97, 'uploads/gi/generadas/e3945d42c6334194.png', 'uploads/gi/thumbs/e3945d42c6334194.jpg', 'IA #3', 1536, 1024, 35, 1, NULL, '2026-07-26 04:51:48'),
(98, 'uploads/gi/generadas/62dc78c4aa0179a3.png', 'uploads/gi/thumbs/62dc78c4aa0179a3.jpg', 'IA #4', 1536, 1024, 36, 1, NULL, '2026-07-26 04:55:58'),
(99, 'uploads/gi/generadas/1870932ae8d35b3b.png', 'uploads/gi/thumbs/1870932ae8d35b3b.jpg', 'IA #5', 1536, 1024, 37, 1, NULL, '2026-07-26 04:56:39'),
(100, 'uploads/gi/generadas/47ce72211f942353.png', 'uploads/gi/thumbs/47ce72211f942353.jpg', 'IA #6', 1536, 1024, 38, 1, NULL, '2026-07-26 05:00:48'),
(101, 'uploads/gi/generadas/1e4bdc086fd01893.png', 'uploads/gi/thumbs/1e4bdc086fd01893.jpg', 'IA #7', 1536, 1024, 39, 1, NULL, '2026-07-26 05:04:46'),
(102, 'uploads/gi/generadas/c26d465c302356c0.png', 'uploads/gi/thumbs/c26d465c302356c0.jpg', 'IA #8', 1920, 1080, 40, 1, NULL, '2026-07-26 05:20:03'),
(103, 'uploads/gi/generadas/d691e2d09fd1b21b.png', 'uploads/gi/thumbs/d691e2d09fd1b21b.jpg', 'IA #9', 1920, 1080, 41, 1, NULL, '2026-07-26 06:36:24'),
(104, 'uploads/gi/generadas/ed0ca55210718426.png', 'uploads/gi/thumbs/ed0ca55210718426.jpg', 'IA #10', 1920, 1080, 42, 1, NULL, '2026-07-26 07:07:20'),
(105, 'uploads/gi/generadas/456ee8fc80ca28e9.png', 'uploads/gi/thumbs/456ee8fc80ca28e9.jpg', 'IA #11', 1920, 1080, 43, 1, NULL, '2026-07-26 07:24:40'),
(106, 'uploads/gi/generadas/359ced3344cfde64.png', 'uploads/gi/thumbs/359ced3344cfde64.jpg', 'IA #12', 1920, 1080, 44, 1, NULL, '2026-07-26 07:31:34'),
(107, 'uploads/gi/generadas/07408b2159000ef2.png', 'uploads/gi/thumbs/07408b2159000ef2.jpg', 'IA #13', 1920, 1080, 45, 1, NULL, '2026-07-26 07:49:46'),
(108, 'uploads/gi/generadas/4c5e7c02a59279fd.png', 'uploads/gi/thumbs/4c5e7c02a59279fd.jpg', 'IA #14', 1920, 1080, 46, 1, NULL, '2026-07-26 07:51:44'),
(109, 'uploads/gi/generadas/13415a32a53428a7.png', 'uploads/gi/thumbs/13415a32a53428a7.jpg', 'IA #15', 1920, 1080, 47, 1, NULL, '2026-07-26 08:04:26'),
(110, 'uploads/gi/generadas/a7be4973479b6e48.png', 'uploads/gi/thumbs/a7be4973479b6e48.jpg', 'IA #16', 1920, 1080, 48, 1, NULL, '2026-07-26 08:09:37'),
(111, 'uploads/gi/generadas/d0ef5a195a58ca64.png', 'uploads/gi/thumbs/d0ef5a195a58ca64.jpg', 'IA #17', 1920, 1080, 49, 1, NULL, '2026-07-26 08:20:59'),
(112, 'uploads/gi/generadas/57d80066bfc5acf6.png', 'uploads/gi/thumbs/57d80066bfc5acf6.jpg', 'IA #18', 1920, 1080, 50, 1, NULL, '2026-07-26 08:30:21'),
(113, 'uploads/gi/generadas/2ebaf11851db22ed.png', 'uploads/gi/thumbs/2ebaf11851db22ed.jpg', 'IA #19', 1920, 1080, 51, 1, NULL, '2026-07-26 19:10:37'),
(114, 'uploads/gi/generadas/c11e1d908aed1aaf.png', 'uploads/gi/thumbs/c11e1d908aed1aaf.jpg', 'IA #20', 1920, 1080, 52, 1, NULL, '2026-07-26 19:15:15');

-- --------------------------------------------------------

--
-- Estructura de tabla para la tabla `gi_autorizaciones`
--

CREATE TABLE `gi_autorizaciones` (
  `id` int(11) NOT NULL,
  `evento_id` int(11) NOT NULL,
  `foto_id` int(11) DEFAULT NULL,
  `ip_hash` char(64) DEFAULT NULL,
  `token` varchar(80) DEFAULT NULL,
  `version_texto` int(11) NOT NULL DEFAULT 1,
  `created_at` timestamp NOT NULL DEFAULT current_timestamp()
) ENGINE=InnoDB DEFAULT CHARSET=utf8mb4 COLLATE=utf8mb4_unicode_ci;

--
-- Volcado de datos para la tabla `gi_autorizaciones`
--

INSERT INTO `gi_autorizaciones` (`id`, `evento_id`, `foto_id`, `ip_hash`, `token`, `version_texto`, `created_at`) VALUES
(1, 1, 2, '84697e0bf14acd04bd4c4c28d24e8952c4036ead804e61268ea78e1bb612af96', '1785040726.7e25cc73a286fd8e6a0267f1263a286d9026cb1f39a70f3ae', 1, '2026-07-26 04:38:57'),
(2, 1, 3, '84697e0bf14acd04bd4c4c28d24e8952c4036ead804e61268ea78e1bb612af96', '1785040726.7e25cc73a286fd8e6a0267f1263a286d9026cb1f39a70f3ae', 1, '2026-07-26 04:41:45'),
(3, 1, 4, '84697e0bf14acd04bd4c4c28d24e8952c4036ead804e61268ea78e1bb612af96', '1785040726.7e25cc73a286fd8e6a0267f1263a286d9026cb1f39a70f3ae', 1, '2026-07-26 04:50:40'),
(4, 1, 5, '84697e0bf14acd04bd4c4c28d24e8952c4036ead804e61268ea78e1bb612af96', '1785041684.512a4b526b148addfbb02b280c46eb083ad6175a8556972e3', 1, '2026-07-26 04:54:56'),
(5, 1, 6, '897177c8c786426e427d62d4d96117c43d8ccac2e86b84f006010fed09898863', '1785041723.8216e5903f4c155f1c0c6281d36a5d56f4d7a0eb0c6b3d18c', 1, '2026-07-26 04:55:37'),
(6, 1, 7, '84697e0bf14acd04bd4c4c28d24e8952c4036ead804e61268ea78e1bb612af96', '1785041968.0cd0243a27f3961f8dbd24bc8b9096cf7b97dc2253ca9fcfc', 1, '2026-07-26 04:59:40'),
(7, 1, 8, '84697e0bf14acd04bd4c4c28d24e8952c4036ead804e61268ea78e1bb612af96', '1785042210.88c3d4fd309182de88fe83776b69dd6c6491cad3fa7c3b4bf', 1, '2026-07-26 05:03:38'),
(8, 1, 9, '84697e0bf14acd04bd4c4c28d24e8952c4036ead804e61268ea78e1bb612af96', '1785043099.2f8463210eb13d47f0b7a875ca3e72fa7a116d0742932d2a3', 1, '2026-07-26 05:19:08'),
(9, 1, 10, '84697e0bf14acd04bd4c4c28d24e8952c4036ead804e61268ea78e1bb612af96', '1785047722.26b7ba9f702b22f1bcca4e7b67c09e884dc79108492224466', 1, '2026-07-26 06:35:32'),
(10, 1, 11, '84697e0bf14acd04bd4c4c28d24e8952c4036ead804e61268ea78e1bb612af96', '1785049626.65cbb7ca3cf8e838530bf20eebc593356b0f5cbf6e29061eb', 1, '2026-07-26 07:07:14'),
(11, 1, 12, '84697e0bf14acd04bd4c4c28d24e8952c4036ead804e61268ea78e1bb612af96', '1785050669.2b56f22affe443f40a54666a171ee38d2a6a23a00abc4b2f7', 1, '2026-07-26 07:24:36'),
(12, 1, 13, '84697e0bf14acd04bd4c4c28d24e8952c4036ead804e61268ea78e1bb612af96', '1785051083.310e0cccc4fc91d4cb0664ed9e2f09f18ba0d21257d2822b3', 1, '2026-07-26 07:31:30'),
(13, 1, 14, '84697e0bf14acd04bd4c4c28d24e8952c4036ead804e61268ea78e1bb612af96', '1785052111.f660a2edeaaf7a197d21e73ee926dbaffd91f180c4ab2fc4d', 1, '2026-07-26 07:48:40'),
(14, 1, 15, '84697e0bf14acd04bd4c4c28d24e8952c4036ead804e61268ea78e1bb612af96', '1785052206.66cdf8b452f73d6f14ae4133435a7d48b4992ab24f4754fdb', 1, '2026-07-26 07:50:36'),
(15, 1, 16, '84697e0bf14acd04bd4c4c28d24e8952c4036ead804e61268ea78e1bb612af96', '1785053007.7472ddca7c4496c4b0e2aaad3a98f586e745ab6ae33b7d88f', 1, '2026-07-26 08:03:33'),
(16, 1, 17, '84697e0bf14acd04bd4c4c28d24e8952c4036ead804e61268ea78e1bb612af96', '1785053293.8d66203d264b20deb61ad4cc9882093eddcc4b2f9dd36b759', 1, '2026-07-26 08:08:22'),
(17, 1, 18, '84697e0bf14acd04bd4c4c28d24e8952c4036ead804e61268ea78e1bb612af96', '1785053977.fb9074a8135dfb7d5535c8cf8f1f32d44e982218ff44f445d', 1, '2026-07-26 08:19:44'),
(18, 1, 19, '84697e0bf14acd04bd4c4c28d24e8952c4036ead804e61268ea78e1bb612af96', '1785054537.7539b2ad62c9ade99caf955398731db8586e4f3babd17ec44', 1, '2026-07-26 08:29:03'),
(19, 1, 21, '84697e0bf14acd04bd4c4c28d24e8952c4036ead804e61268ea78e1bb612af96', '1785055215.6d30c9fd5fc70bb479a834a3fe69a4d463fde50223af8febd', 1, '2026-07-26 08:40:21'),
(20, 1, 22, '84697e0bf14acd04bd4c4c28d24e8952c4036ead804e61268ea78e1bb612af96', '1785055215.6d30c9fd5fc70bb479a834a3fe69a4d463fde50223af8febd', 1, '2026-07-26 08:40:48'),
(21, 1, 23, '84697e0bf14acd04bd4c4c28d24e8952c4036ead804e61268ea78e1bb612af96', '1785056364.22c4356aa13cbd6a78c2492d46e12f4238d44a2ac6809fec6', 1, '2026-07-26 08:59:32'),
(22, 1, 24, '897177c8c786426e427d62d4d96117c43d8ccac2e86b84f006010fed09898863', '1785091831.914804d8e8d872d9e34bf519e6c912ca7b1cb76ba4df66e28', 1, '2026-07-26 18:50:58'),
(23, 1, 25, '897177c8c786426e427d62d4d96117c43d8ccac2e86b84f006010fed09898863', '1785092689.41fd839276e6d91c69dc228f5b0a670f77144fd9f99cf69f1', 1, '2026-07-26 19:04:59'),
(24, 1, 26, '897177c8c786426e427d62d4d96117c43d8ccac2e86b84f006010fed09898863', '1785092939.92b4e96a569661a59e80e13be30a914382ddd2ad14a89f090', 1, '2026-07-26 19:09:19'),
(25, 1, 27, '897177c8c786426e427d62d4d96117c43d8ccac2e86b84f006010fed09898863', '1785092939.92b4e96a569661a59e80e13be30a914382ddd2ad14a89f090', 1, '2026-07-26 19:13:51');

-- --------------------------------------------------------

--
-- Estructura de tabla para la tabla `gi_config`
--

CREATE TABLE `gi_config` (
  `clave` varchar(80) NOT NULL,
  `valor` text DEFAULT NULL
) ENGINE=InnoDB DEFAULT CHARSET=utf8mb4 COLLATE=utf8mb4_unicode_ci;

--
-- Volcado de datos para la tabla `gi_config`
--

INSERT INTO `gi_config` (`clave`, `valor`) VALUES
('formatos_permitidos', 'jpg,jpeg,png,webp'),
('max_carga_mb', '12'),
('max_por_ip_hora', '40'),
('modulo_activo', '1'),
('pausa_entre_solicitudes', '1'),
('rate_min_segundos', '8'),
('trabajos_simultaneos', '2'),
('worker_token', 'a8038c2a816a8882ae1bd404');

-- --------------------------------------------------------

--
-- Estructura de tabla para la tabla `gi_config_ia`
--

CREATE TABLE `gi_config_ia` (
  `id` int(11) NOT NULL,
  `nombre` varchar(120) NOT NULL,
  `proveedor` varchar(40) NOT NULL DEFAULT 'openai',
  `api_url` varchar(255) DEFAULT 'https://api.openai.com/v1',
  `api_key_enc` text DEFAULT NULL,
  `api_key_mask` varchar(60) DEFAULT NULL,
  `modelo` varchar(80) DEFAULT 'gpt-image-1',
  `endpoint_generacion` varchar(255) DEFAULT '/images/generations',
  `endpoint_edicion` varchar(255) DEFAULT '/images/edits',
  `endpoint_remove_bg` varchar(255) DEFAULT NULL,
  `timeout` int(11) NOT NULL DEFAULT 120,
  `max_intentos` int(11) NOT NULL DEFAULT 2,
  `calidad` varchar(20) DEFAULT 'high',
  `tamano_salida` varchar(20) DEFAULT '1024x1024',
  `formato_salida` varchar(10) DEFAULT 'png',
  `activo` tinyint(1) NOT NULL DEFAULT 1,
  `test_resultado` varchar(255) DEFAULT NULL,
  `test_fecha` datetime DEFAULT NULL,
  `created_at` timestamp NOT NULL DEFAULT current_timestamp(),
  `updated_at` timestamp NOT NULL DEFAULT current_timestamp() ON UPDATE current_timestamp()
) ENGINE=InnoDB DEFAULT CHARSET=utf8mb4 COLLATE=utf8mb4_unicode_ci;

--
-- Volcado de datos para la tabla `gi_config_ia`
--

INSERT INTO `gi_config_ia` (`id`, `nombre`, `proveedor`, `api_url`, `api_key_enc`, `api_key_mask`, `modelo`, `endpoint_generacion`, `endpoint_edicion`, `endpoint_remove_bg`, `timeout`, `max_intentos`, `calidad`, `tamano_salida`, `formato_salida`, `activo`, `test_resultado`, `test_fecha`, `created_at`, `updated_at`) VALUES
(1, 'OpenAI', 'openai', 'https://api.openai.com/v1', 't7jdCFICR3Rsh/1+S6fvdtL7cdL04kkwMw+HaaN4+AsSfFtaGV0fiX1sKQSYFp76lx/iYPd9ZCvUIq7N53B60yszTX+fl8o0oNAygOEoiFvcCQxiYIHCLAvjYkfhrXaQFvIqI60MXePuiJmDXiGKRlQoiOKWqQNjk/XKNJlCdByvIkB13Vu9uYqBpUmjAbE9BwmZpTcdawFcyxWywj5iOxl43aUECnWlNdQLdcZpSzP7yqECkdfFNAHYbuvTGktH', 'sk-************xkA', 'gpt-image-1', '/images/generations', '/images/edits', '', 120, 2, 'high', '1024x1024', 'png', 1, 'Conexión correcta (550ms).', '2026-07-26 00:33:33', '2026-07-26 04:33:29', '2026-07-26 08:18:17'),
(2, 'Bria', 'bria', 'https://engine.prod.bria-api.com/v1', 'ZF0IUi13s0diSVMpTD5wiE/BgQW2LdcxeD4BDn3XMohZ2Z9r/46dWQ/IVgR963kHO499yeGOSioOC3bfWveU2g==', '15b************4c4', '', '/images/generations', '/images/edits', '/background/remove', 120, 2, 'high', '1024x1024', 'png', 1, NULL, NULL, '2026-07-26 07:01:38', '2026-07-26 07:06:34');

-- --------------------------------------------------------

--
-- Estructura de tabla para la tabla `gi_consumo`
--

CREATE TABLE `gi_consumo` (
  `id` int(11) NOT NULL,
  `evento_id` int(11) DEFAULT NULL,
  `trabajo_id` int(11) DEFAULT NULL,
  `proveedor` varchar(40) DEFAULT NULL,
  `modelo` varchar(80) DEFAULT NULL,
  `llamadas` int(11) NOT NULL DEFAULT 1,
  `unidades` int(11) DEFAULT NULL,
  `costo` decimal(10,4) DEFAULT NULL,
  `resultado` varchar(20) DEFAULT NULL,
  `tiempo_ms` int(11) DEFAULT NULL,
  `error_msg` text DEFAULT NULL,
  `created_at` timestamp NOT NULL DEFAULT current_timestamp()
) ENGINE=InnoDB DEFAULT CHARSET=utf8mb4 COLLATE=utf8mb4_unicode_ci;

--
-- Volcado de datos para la tabla `gi_consumo`
--

INSERT INTO `gi_consumo` (`id`, `evento_id`, `trabajo_id`, `proveedor`, `modelo`, `llamadas`, `unidades`, `costo`, `resultado`, `tiempo_ms`, `error_msg`, `created_at`) VALUES
(1, 1, 2, 'openai', 'gpt-image-1', 1, 6983, NULL, 'ok', 63272, NULL, '2026-07-26 04:40:01'),
(2, 1, 3, 'openai', 'gpt-image-1', 1, 7014, NULL, 'ok', 63035, NULL, '2026-07-26 04:42:48'),
(3, 1, 4, 'openai', 'gpt-image-1', 1, 7304, NULL, 'ok', 67223, NULL, '2026-07-26 04:51:48'),
(4, 1, 5, 'openai', 'gpt-image-1', 1, 7324, NULL, 'ok', 61988, NULL, '2026-07-26 04:55:58'),
(5, 1, 6, 'openai', 'gpt-image-1', 1, 7324, NULL, 'ok', 61940, NULL, '2026-07-26 04:56:39'),
(6, 1, 7, 'openai', 'gpt-image-1', 1, 7435, NULL, 'ok', 67522, NULL, '2026-07-26 05:00:48'),
(7, 1, 8, 'openai', 'gpt-image-1', 1, 7640, NULL, 'ok', 67440, NULL, '2026-07-26 05:04:46'),
(8, 1, 9, 'openai', 'gpt-image-1', 1, 6693, NULL, 'ok', 53292, NULL, '2026-07-26 05:20:01'),
(9, 1, 10, 'openai', 'gpt-image-1', 1, 6693, NULL, 'ok', 51131, NULL, '2026-07-26 06:36:23'),
(10, 1, 11, 'bria', '', 1, NULL, NULL, 'ok', 4218, NULL, '2026-07-26 07:07:19'),
(11, 1, 12, 'bria', '', 1, NULL, NULL, 'ok', 2217, NULL, '2026-07-26 07:24:39'),
(12, 1, 13, 'bria', '', 1, NULL, NULL, 'ok', 2242, NULL, '2026-07-26 07:31:33'),
(13, 1, 14, 'openai', 'gpt-image-1', 1, 7640, NULL, 'ok', 64793, NULL, '2026-07-26 07:49:45'),
(14, 1, 15, 'openai', 'gpt-image-1', 1, 7640, NULL, 'ok', 67655, NULL, '2026-07-26 07:51:44'),
(15, 1, 16, 'openai', 'gpt-image-1', 1, 6693, NULL, 'ok', 51972, NULL, '2026-07-26 08:04:25'),
(16, 1, 17, 'openai', 'gpt-image-1', 1, 7640, NULL, 'ok', 68449, NULL, '2026-07-26 08:09:31'),
(17, 1, 17, 'bria', '', 1, NULL, NULL, 'ok', 4218, NULL, '2026-07-26 08:09:36'),
(18, 1, 18, 'openai', 'gpt-image-1', 1, 19749, NULL, 'ok', 74202, NULL, '2026-07-26 08:20:58'),
(19, 1, 19, 'openai', 'gpt-image-1', 1, 19779, NULL, 'ok', 75802, NULL, '2026-07-26 08:30:19'),
(20, 1, 21, 'openai', 'gpt-image-1', 1, NULL, NULL, 'error', 453, 'Billing hard limit has been reached.', '2026-07-26 08:40:21'),
(21, 1, 22, 'openai', 'gpt-image-1', 1, NULL, NULL, 'error', 762, 'Billing hard limit has been reached.', '2026-07-26 08:40:49'),
(22, 1, 23, 'openai', 'gpt-image-1', 1, NULL, NULL, 'error', 1169, 'Billing hard limit has been reached.', '2026-07-26 08:59:34'),
(23, 1, 24, 'openai', 'gpt-image-1', 1, NULL, NULL, 'error', 1075, 'Billing hard limit has been reached.', '2026-07-26 18:50:59'),
(24, 1, 25, 'openai', 'gpt-image-1', 1, NULL, NULL, 'error', 906, 'Billing hard limit has been reached.', '2026-07-26 19:05:00'),
(25, 1, 26, 'openai', 'gpt-image-1', 1, 19718, NULL, 'ok', 72283, NULL, '2026-07-26 19:10:31'),
(26, 1, 26, 'bria', '', 1, NULL, NULL, 'ok', 2852, NULL, '2026-07-26 19:10:35'),
(27, 1, 27, 'openai', 'gpt-image-1', 1, 19750, NULL, 'ok', 78150, NULL, '2026-07-26 19:15:10'),
(28, 1, 27, 'bria', '', 1, NULL, NULL, 'ok', 3141, NULL, '2026-07-26 19:15:14');

-- --------------------------------------------------------

--
-- Estructura de tabla para la tabla `gi_eventos`
--

CREATE TABLE `gi_eventos` (
  `id` int(11) NOT NULL,
  `codigo_publico` varchar(20) NOT NULL,
  `nombre` varchar(200) NOT NULL,
  `descripcion` text DEFAULT NULL,
  `fecha_evento` date DEFAULT NULL,
  `hora_inicio` time DEFAULT NULL,
  `hora_termino` time DEFAULT NULL,
  `estado` enum('borrador','activo','pausado','finalizado') NOT NULL DEFAULT 'borrador',
  `logo` varchar(255) DEFAULT NULL,
  `portada` varchar(255) DEFAULT NULL,
  `prompt_principal` text DEFAULT NULL,
  `prompt_negativo` text DEFAULT NULL,
  `max_fondos_activos` int(11) NOT NULL DEFAULT 0,
  `formato_salida` varchar(30) DEFAULT '1:1',
  `resolucion` varchar(20) DEFAULT '1024x1024',
  `calidad` varchar(20) DEFAULT 'high',
  `metodo_fondo` varchar(30) NOT NULL DEFAULT 'aleatorio',
  `modo_integracion` enum('exacto','ia','hibrido') NOT NULL DEFAULT 'exacto',
  `aprobacion` enum('automatica','manual') NOT NULL DEFAULT 'manual',
  `publicacion` enum('automatica','manual') NOT NULL DEFAULT 'manual',
  `tiempo_proyeccion` int(11) NOT NULL DEFAULT 8,
  `max_fotos_dispositivo` int(11) NOT NULL DEFAULT 3,
  `dias_eliminar_originales` int(11) NOT NULL DEFAULT 0,
  `ia_config_id` int(11) DEFAULT NULL,
  `msg_bienvenida` varchar(255) DEFAULT NULL,
  `msg_procesando` varchar(255) DEFAULT NULL,
  `msg_completado` varchar(255) DEFAULT NULL,
  `msg_error` varchar(255) DEFAULT NULL,
  `texto_autorizacion` text DEFAULT NULL,
  `version_texto_aut` int(11) NOT NULL DEFAULT 1,
  `permitir_descarga` tinyint(1) NOT NULL DEFAULT 1,
  `permitir_regenerar` tinyint(1) NOT NULL DEFAULT 1,
  `qr_activo` tinyint(1) NOT NULL DEFAULT 1,
  `ultimo_fondo_id` int(11) DEFAULT NULL,
  `limite_api_evento` int(11) NOT NULL DEFAULT 0,
  `version_token` bigint(20) NOT NULL DEFAULT 0,
  `usuario_admin_id` int(11) DEFAULT NULL,
  `created_at` timestamp NOT NULL DEFAULT current_timestamp(),
  `updated_at` timestamp NOT NULL DEFAULT current_timestamp() ON UPDATE current_timestamp()
) ENGINE=InnoDB DEFAULT CHARSET=utf8mb4 COLLATE=utf8mb4_unicode_ci;

--
-- Volcado de datos para la tabla `gi_eventos`
--

INSERT INTO `gi_eventos` (`id`, `codigo_publico`, `nombre`, `descripcion`, `fecha_evento`, `hora_inicio`, `hora_termino`, `estado`, `logo`, `portada`, `prompt_principal`, `prompt_negativo`, `max_fondos_activos`, `formato_salida`, `resolucion`, `calidad`, `metodo_fondo`, `modo_integracion`, `aprobacion`, `publicacion`, `tiempo_proyeccion`, `max_fotos_dispositivo`, `dias_eliminar_originales`, `ia_config_id`, `msg_bienvenida`, `msg_procesando`, `msg_completado`, `msg_error`, `texto_autorizacion`, `version_texto_aut`, `permitir_descarga`, `permitir_regenerar`, `qr_activo`, `ultimo_fondo_id`, `limite_api_evento`, `version_token`, `usuario_admin_id`, `created_at`, `updated_at`) VALUES
(1, 'V62ZFQPP', 'Fiesta Bci', '', NULL, NULL, NULL, 'activo', NULL, NULL, 'ntegra a la persona (o personas) de la foto en una escena de fiesta 80s con luces de disco, reflejos neón magenta y azul, y contraluz cálida. Ilumínala como si estuviera realmente en la pista. No cambies su rostro ni su ropa. No le agregues logos ni textos.', 'No caricatura.\r\n\r\nNo anime.\r\n\r\nNo Pixar.\r\n\r\nNo cartoon.\r\n\r\nNo ilustración.\r\n\r\nNo pintura.\r\n\r\nNo cambiar rostro.\r\n\r\nNo cambiar nariz.\r\n\r\nNo cambiar ojos.\r\n\r\nNo cambiar sonrisa.\r\n\r\nNo cambiar barba.\r\n\r\nNo cambiar peinado.\r\n\r\nNo cambiar ropa.\r\n\r\nNo modificar accesorios.\r\n\r\nNo cambiar edad.\r\n\r\nNo cambiar peso.\r\n\r\nNo cambiar expresión.\r\n\r\nNo deformar manos.\r\n\r\nNo deformar dedos.\r\n\r\nNo deformar cuerpo.\r\n\r\nNo deformar cabeza.\r\n\r\nNo acercar demasiado la cámara.\r\n\r\nNo realizar primeros planos.\r\n\r\nNo cambiar el fondo.\r\n\r\nNo mover los elementos del fondo.\r\n\r\nNo alterar la composición.\r\n\r\nNo recortar la imagen.\r\n\r\nNo generar formato vertical.\r\n\r\nNo generar formato cuadrado.\r\n\r\nLa salida debe ser exactamente 1920x1080 (16:9 horizontal).\r\nNo modificar el fondo.\r\n\r\nNo redibujar el fondo.\r\n\r\nNo reinterpretar el fondo.\r\n\r\nNo cambiar composición.\r\n\r\nNo cambiar objetos.\r\n\r\nNo mover elementos.\r\n\r\nNo cambiar perspectiva.\r\n\r\nNo cambiar colores.\r\n\r\nNo cambiar cielo.\r\n\r\nNo cambiar rayos.\r\n\r\nNo cambiar el sol.\r\n\r\nNo recortar la imagen.\r\n\r\nNo alterar la relación de aspecto.\r\n\r\nNo reemplazar el fondo.', 0, '16:9', '1536x1024', 'high', 'aleatorio', 'hibrido', 'automatica', 'automatica', 8, 25, 0, 1, '', '', '', '', '', 1, 1, 1, 1, 1, 0, 69, 1, '2026-07-26 04:36:19', '2026-07-26 19:15:15');

-- --------------------------------------------------------

--
-- Estructura de tabla para la tabla `gi_fondos`
--

CREATE TABLE `gi_fondos` (
  `id` int(11) NOT NULL,
  `evento_id` int(11) NOT NULL,
  `nombre` varchar(160) DEFAULT NULL,
  `archivo` varchar(255) NOT NULL,
  `miniatura` varchar(255) DEFAULT NULL,
  `formato` varchar(10) DEFAULT NULL,
  `ancho` int(11) DEFAULT NULL,
  `alto` int(11) DEFAULT NULL,
  `aspecto` varchar(20) DEFAULT NULL,
  `orden` int(11) NOT NULL DEFAULT 0,
  `activo` tinyint(1) NOT NULL DEFAULT 1,
  `prompt` text DEFAULT NULL,
  `prompt_negativo` text DEFAULT NULL,
  `posicion_persona` varchar(40) DEFAULT NULL,
  `persona_x` decimal(6,2) NOT NULL DEFAULT 50.00,
  `persona_y` decimal(6,2) NOT NULL DEFAULT 100.00,
  `persona_escala` decimal(6,2) NOT NULL DEFAULT 80.00,
  `sombra` tinyint(1) NOT NULL DEFAULT 1,
  `sombra_intensidad` int(11) NOT NULL DEFAULT 45,
  `sombra_blur` int(11) NOT NULL DEFAULT 18,
  `luz_magenta` int(11) NOT NULL DEFAULT 25,
  `luz_azul` int(11) NOT NULL DEFAULT 20,
  `luz_contra` int(11) NOT NULL DEFAULT 20,
  `tamano_persona` varchar(40) DEFAULT NULL,
  `max_personas` int(11) NOT NULL DEFAULT 0,
  `categoria` varchar(80) DEFAULT NULL,
  `proteger_textos` tinyint(1) NOT NULL DEFAULT 1,
  `usos` int(11) NOT NULL DEFAULT 0,
  `created_at` timestamp NOT NULL DEFAULT current_timestamp()
) ENGINE=InnoDB DEFAULT CHARSET=utf8mb4 COLLATE=utf8mb4_unicode_ci;

--
-- Volcado de datos para la tabla `gi_fondos`
--

INSERT INTO `gi_fondos` (`id`, `evento_id`, `nombre`, `archivo`, `miniatura`, `formato`, `ancho`, `alto`, `aspecto`, `orden`, `activo`, `prompt`, `prompt_negativo`, `posicion_persona`, `persona_x`, `persona_y`, `persona_escala`, `sombra`, `sombra_intensidad`, `sombra_blur`, `luz_magenta`, `luz_azul`, `luz_contra`, `tamano_persona`, `max_personas`, `categoria`, `proteger_textos`, `usos`, `created_at`) VALUES
(1, 1, '2.jpg', 'uploads/gi/fondos/a262ee133691c6df.jpg', 'uploads/gi/thumbs/a262ee133691c6df_f.jpg', 'jpg', 1920, 1080, '1.778', 1, 1, NULL, NULL, NULL, 50.00, 100.00, 80.00, 1, 45, 18, 25, 20, 20, NULL, 0, NULL, 1, 9, '2026-07-26 04:38:13');

-- --------------------------------------------------------

--
-- Estructura de tabla para la tabla `gi_fotos_originales`
--

CREATE TABLE `gi_fotos_originales` (
  `id` int(11) NOT NULL,
  `evento_id` int(11) NOT NULL,
  `archivo` varchar(255) NOT NULL,
  `miniatura` varchar(255) DEFAULT NULL,
  `origen` enum('admin','qr') NOT NULL DEFAULT 'qr',
  `nombre_interno` varchar(160) DEFAULT NULL,
  `navegador_hash` char(64) DEFAULT NULL,
  `ip_hash` char(64) DEFAULT NULL,
  `token_hash` char(64) DEFAULT NULL,
  `ancho` int(11) DEFAULT NULL,
  `alto` int(11) DEFAULT NULL,
  `eliminada` tinyint(1) NOT NULL DEFAULT 0,
  `created_at` timestamp NOT NULL DEFAULT current_timestamp()
) ENGINE=InnoDB DEFAULT CHARSET=utf8mb4 COLLATE=utf8mb4_unicode_ci;

--
-- Volcado de datos para la tabla `gi_fotos_originales`
--

INSERT INTO `gi_fotos_originales` (`id`, `evento_id`, `archivo`, `miniatura`, `origen`, `nombre_interno`, `navegador_hash`, `ip_hash`, `token_hash`, `ancho`, `alto`, `eliminada`, `created_at`) VALUES
(1, 1, 'uploads/gi/originales/68ade4a4fc3da2ff.jpg', 'uploads/gi/thumbs/68ade4a4fc3da2ff_o.jpg', 'admin', '01', NULL, NULL, NULL, 1920, 1080, 0, '2026-07-26 04:36:41'),
(2, 1, 'uploads/gi/originales/6888c48c7fe7a4a1.jpg', 'uploads/gi/thumbs/6888c48c7fe7a4a1_o.jpg', 'qr', NULL, 'c6cafa7c20fa66c97070448478397041827f144518215b436b6bea2a9b76e58b', '84697e0bf14acd04bd4c4c28d24e8952c4036ead804e61268ea78e1bb612af96', 'ce9155bf1accb0d3b10b526c906722e5e055a138ac053d9dcddc7e795a034d85', 480, 640, 0, '2026-07-26 04:38:57'),
(3, 1, 'uploads/gi/originales/95a758ead20631b8.jpg', 'uploads/gi/thumbs/95a758ead20631b8_o.jpg', 'qr', NULL, 'c6cafa7c20fa66c97070448478397041827f144518215b436b6bea2a9b76e58b', '84697e0bf14acd04bd4c4c28d24e8952c4036ead804e61268ea78e1bb612af96', 'ce9155bf1accb0d3b10b526c906722e5e055a138ac053d9dcddc7e795a034d85', 480, 640, 0, '2026-07-26 04:41:45'),
(4, 1, 'uploads/gi/originales/af841bd12ff133c4.jpg', 'uploads/gi/thumbs/af841bd12ff133c4_o.jpg', 'qr', NULL, 'c6cafa7c20fa66c97070448478397041827f144518215b436b6bea2a9b76e58b', '84697e0bf14acd04bd4c4c28d24e8952c4036ead804e61268ea78e1bb612af96', 'ce9155bf1accb0d3b10b526c906722e5e055a138ac053d9dcddc7e795a034d85', 480, 640, 0, '2026-07-26 04:50:40'),
(5, 1, 'uploads/gi/originales/eefeebefb3b80fb0.jpg', 'uploads/gi/thumbs/eefeebefb3b80fb0_o.jpg', 'qr', NULL, 'c6cafa7c20fa66c97070448478397041827f144518215b436b6bea2a9b76e58b', '84697e0bf14acd04bd4c4c28d24e8952c4036ead804e61268ea78e1bb612af96', '9b0e8a7dcfae5540392b5bc93b14f4ef099d4d484f0d1cfcfcface3b2a579a2b', 480, 640, 0, '2026-07-26 04:54:56'),
(6, 1, 'uploads/gi/originales/0967c5753f7db909.jpg', 'uploads/gi/thumbs/0967c5753f7db909_o.jpg', 'qr', NULL, 'e603cc3a52ed7669bdba6bed3a20c3b619a88738b10053f050ef8183e36c0d0a', '897177c8c786426e427d62d4d96117c43d8ccac2e86b84f006010fed09898863', 'ab0ac045c066fd415751d26d38ecb2bbb44cf3628fe7fb151248158c79b84ecb', 480, 640, 0, '2026-07-26 04:55:37'),
(7, 1, 'uploads/gi/originales/9793e0c25ce5b15b.jpg', 'uploads/gi/thumbs/9793e0c25ce5b15b_o.jpg', 'qr', NULL, 'c6cafa7c20fa66c97070448478397041827f144518215b436b6bea2a9b76e58b', '84697e0bf14acd04bd4c4c28d24e8952c4036ead804e61268ea78e1bb612af96', '36ef0a2725cf9cb03d13842dd03da4052f9ed4d28d41450eabb625080c6f28d9', 480, 640, 0, '2026-07-26 04:59:40'),
(8, 1, 'uploads/gi/originales/fd1d2c2ac4423bc3.jpg', 'uploads/gi/thumbs/fd1d2c2ac4423bc3_o.jpg', 'qr', NULL, 'c6cafa7c20fa66c97070448478397041827f144518215b436b6bea2a9b76e58b', '84697e0bf14acd04bd4c4c28d24e8952c4036ead804e61268ea78e1bb612af96', 'f71f51fc53a5dba23b4dcbe22049d65c566ba0dcd8f09e47c8c3d40f166d8baa', 480, 640, 0, '2026-07-26 05:03:38'),
(9, 1, 'uploads/gi/originales/afe43d119a00b658.jpg', 'uploads/gi/thumbs/afe43d119a00b658_o.jpg', 'qr', NULL, 'c6cafa7c20fa66c97070448478397041827f144518215b436b6bea2a9b76e58b', '84697e0bf14acd04bd4c4c28d24e8952c4036ead804e61268ea78e1bb612af96', 'ca0ba87b3a520535e7430c803da48b59050d79ca549f21de0c79215f27a1dbdb', 480, 640, 0, '2026-07-26 05:19:08'),
(10, 1, 'uploads/gi/originales/eeab123d48ef3989.jpg', 'uploads/gi/thumbs/eeab123d48ef3989_o.jpg', 'qr', NULL, 'c6cafa7c20fa66c97070448478397041827f144518215b436b6bea2a9b76e58b', '84697e0bf14acd04bd4c4c28d24e8952c4036ead804e61268ea78e1bb612af96', 'ae66b80bb3f09876649ec99176251aa25fbecd535ba2a5d6523428b6256057f4', 480, 640, 0, '2026-07-26 06:35:32'),
(11, 1, 'uploads/gi/originales/c4406c1cad360d05.jpg', 'uploads/gi/thumbs/c4406c1cad360d05_o.jpg', 'qr', NULL, 'c6cafa7c20fa66c97070448478397041827f144518215b436b6bea2a9b76e58b', '84697e0bf14acd04bd4c4c28d24e8952c4036ead804e61268ea78e1bb612af96', '5159bf5505636e7f2f014fba87bcfb1467250023bce12bd533d7c8c6f01e116d', 480, 640, 0, '2026-07-26 07:07:14'),
(12, 1, 'uploads/gi/originales/c4d906056934c3b8.jpg', 'uploads/gi/thumbs/c4d906056934c3b8_o.jpg', 'qr', NULL, 'c6cafa7c20fa66c97070448478397041827f144518215b436b6bea2a9b76e58b', '84697e0bf14acd04bd4c4c28d24e8952c4036ead804e61268ea78e1bb612af96', '27be517b59efcee890bfa0512eaff9752d9fe78a748ae76c8658d82df9259d7a', 480, 640, 0, '2026-07-26 07:24:36'),
(13, 1, 'uploads/gi/originales/029662bcf9b81cc1.jpg', 'uploads/gi/thumbs/029662bcf9b81cc1_o.jpg', 'qr', NULL, 'c6cafa7c20fa66c97070448478397041827f144518215b436b6bea2a9b76e58b', '84697e0bf14acd04bd4c4c28d24e8952c4036ead804e61268ea78e1bb612af96', '7e7f7df9e0c3540516dc962113a7cac33200e52ea60f69c3c6b696e604158504', 480, 640, 0, '2026-07-26 07:31:30'),
(14, 1, 'uploads/gi/originales/058ea576ace8f101.jpg', 'uploads/gi/thumbs/058ea576ace8f101_o.jpg', 'qr', NULL, 'c6cafa7c20fa66c97070448478397041827f144518215b436b6bea2a9b76e58b', '84697e0bf14acd04bd4c4c28d24e8952c4036ead804e61268ea78e1bb612af96', 'fe26c5b999a7a3700eef77ee908896853108217cf4d0692c71efc9fdd872ba63', 480, 640, 0, '2026-07-26 07:48:40'),
(15, 1, 'uploads/gi/originales/4a251eb08038bbff.jpg', 'uploads/gi/thumbs/4a251eb08038bbff_o.jpg', 'qr', NULL, 'c6cafa7c20fa66c97070448478397041827f144518215b436b6bea2a9b76e58b', '84697e0bf14acd04bd4c4c28d24e8952c4036ead804e61268ea78e1bb612af96', '8ff32bbf7b4290cdc02a438d95272c922e8494581e843c1fa3dc140430f7ea8c', 480, 640, 0, '2026-07-26 07:50:36'),
(16, 1, 'uploads/gi/originales/e8f9cb2b65d8474f.jpg', 'uploads/gi/thumbs/e8f9cb2b65d8474f_o.jpg', 'qr', NULL, 'c6cafa7c20fa66c97070448478397041827f144518215b436b6bea2a9b76e58b', '84697e0bf14acd04bd4c4c28d24e8952c4036ead804e61268ea78e1bb612af96', '6ac8d83e20711888a0cbcdd9aaf494b5d12aa86927b4a8165be7e1b30e283c69', 480, 640, 0, '2026-07-26 08:03:33'),
(17, 1, 'uploads/gi/originales/962521a821e70aa3.jpg', 'uploads/gi/thumbs/962521a821e70aa3_o.jpg', 'qr', NULL, 'c6cafa7c20fa66c97070448478397041827f144518215b436b6bea2a9b76e58b', '84697e0bf14acd04bd4c4c28d24e8952c4036ead804e61268ea78e1bb612af96', '6798fe3e028394e2e7d3e7ea883af6a13193560b85ec098e684a4e59a9aff3a2', 480, 640, 0, '2026-07-26 08:08:22'),
(18, 1, 'uploads/gi/originales/53106e7a764691fd.jpg', 'uploads/gi/thumbs/53106e7a764691fd_o.jpg', 'qr', NULL, 'c6cafa7c20fa66c97070448478397041827f144518215b436b6bea2a9b76e58b', '84697e0bf14acd04bd4c4c28d24e8952c4036ead804e61268ea78e1bb612af96', '6922a3eba5b375713535039ce61818f2c750e016d5b795e491a932e20eeea262', 480, 640, 0, '2026-07-26 08:19:44'),
(19, 1, 'uploads/gi/originales/74784eed1ecd2833.jpg', 'uploads/gi/thumbs/74784eed1ecd2833_o.jpg', 'qr', NULL, 'c6cafa7c20fa66c97070448478397041827f144518215b436b6bea2a9b76e58b', '84697e0bf14acd04bd4c4c28d24e8952c4036ead804e61268ea78e1bb612af96', 'ad605e2e39b0bea1f4031f90526f51ce3b96280d4be437178a684d18f7b3db8c', 480, 640, 0, '2026-07-26 08:29:03'),
(20, 1, 'uploads/gi/originales/949d7eb5d241b227.jpg', 'uploads/gi/thumbs/949d7eb5d241b227_o.jpg', 'admin', '', NULL, NULL, NULL, 1599, 899, 0, '2026-07-26 08:29:24'),
(21, 1, 'uploads/gi/originales/77371871658ea01b.jpg', 'uploads/gi/thumbs/77371871658ea01b_o.jpg', 'qr', NULL, 'c6cafa7c20fa66c97070448478397041827f144518215b436b6bea2a9b76e58b', '84697e0bf14acd04bd4c4c28d24e8952c4036ead804e61268ea78e1bb612af96', '7f34eaae3b147e1380572dac9984b7ab346933232647373b28d5da72b322b78c', 480, 640, 0, '2026-07-26 08:40:21'),
(22, 1, 'uploads/gi/originales/81a08ec8d9dd949b.jpg', 'uploads/gi/thumbs/81a08ec8d9dd949b_o.jpg', 'qr', NULL, 'c6cafa7c20fa66c97070448478397041827f144518215b436b6bea2a9b76e58b', '84697e0bf14acd04bd4c4c28d24e8952c4036ead804e61268ea78e1bb612af96', '7f34eaae3b147e1380572dac9984b7ab346933232647373b28d5da72b322b78c', 480, 640, 0, '2026-07-26 08:40:48'),
(23, 1, 'uploads/gi/originales/0c7d6c227c8c8e20.jpg', 'uploads/gi/thumbs/0c7d6c227c8c8e20_o.jpg', 'qr', NULL, 'c6cafa7c20fa66c97070448478397041827f144518215b436b6bea2a9b76e58b', '84697e0bf14acd04bd4c4c28d24e8952c4036ead804e61268ea78e1bb612af96', '498d1e28bdba860ab3f6da03d25dceca239df661aa19d897331746f1182d0e15', 480, 640, 0, '2026-07-26 08:59:32'),
(24, 1, 'uploads/gi/originales/35b527bd0d33ea7b.jpg', 'uploads/gi/thumbs/35b527bd0d33ea7b_o.jpg', 'qr', NULL, 'a3da58e5c380d55e614c9036ec72f6bbd512f4990d45b2baefa59bad7887e167', '897177c8c786426e427d62d4d96117c43d8ccac2e86b84f006010fed09898863', '71f565d2e056a81819b86d3b6136bedc0e3295e6a921b9409e23cb7fd4675c7c', 1599, 899, 0, '2026-07-26 18:50:58'),
(25, 1, 'uploads/gi/originales/7820ba80951c9d9a.jpg', 'uploads/gi/thumbs/7820ba80951c9d9a_o.jpg', 'qr', NULL, 'a3da58e5c380d55e614c9036ec72f6bbd512f4990d45b2baefa59bad7887e167', '897177c8c786426e427d62d4d96117c43d8ccac2e86b84f006010fed09898863', 'a88f3b00fd23cef6d9bfa835a032d2dd3520a1ff27280fac604c391cd8e1c6f6', 1599, 899, 0, '2026-07-26 19:04:59'),
(26, 1, 'uploads/gi/originales/0d8629a54b039101.jpg', 'uploads/gi/thumbs/0d8629a54b039101_o.jpg', 'qr', NULL, 'a3da58e5c380d55e614c9036ec72f6bbd512f4990d45b2baefa59bad7887e167', '897177c8c786426e427d62d4d96117c43d8ccac2e86b84f006010fed09898863', 'f2b8eb26756b494ebae8ec0b754bc16c5cd957c0e26dbbfa5d42f013a0cb4ae9', 1599, 899, 0, '2026-07-26 19:09:19'),
(27, 1, 'uploads/gi/originales/ace8e051968f88f0.jpg', 'uploads/gi/thumbs/ace8e051968f88f0_o.jpg', 'qr', NULL, 'a3da58e5c380d55e614c9036ec72f6bbd512f4990d45b2baefa59bad7887e167', '897177c8c786426e427d62d4d96117c43d8ccac2e86b84f006010fed09898863', 'f2b8eb26756b494ebae8ec0b754bc16c5cd957c0e26dbbfa5d42f013a0cb4ae9', 899, 1599, 0, '2026-07-26 19:13:51');

-- --------------------------------------------------------

--
-- Estructura de tabla para la tabla `gi_historial`
--

CREATE TABLE `gi_historial` (
  `id` int(11) NOT NULL,
  `evento_id` int(11) DEFAULT NULL,
  `accion` varchar(60) NOT NULL,
  `usuario_admin_id` int(11) DEFAULT NULL,
  `descripcion` varchar(500) DEFAULT NULL,
  `created_at` timestamp NOT NULL DEFAULT current_timestamp()
) ENGINE=InnoDB DEFAULT CHARSET=utf8mb4 COLLATE=utf8mb4_unicode_ci;

--
-- Volcado de datos para la tabla `gi_historial`
--

INSERT INTO `gi_historial` (`id`, `evento_id`, `accion`, `usuario_admin_id`, `descripcion`, `created_at`) VALUES
(1, NULL, 'IA_CREAR', 1, 'Proveedor creado', '2026-07-26 04:33:29'),
(2, NULL, 'IA_TEST', 1, 'Conexión correcta (550ms).', '2026-07-26 04:33:33'),
(3, 1, 'CREAR', 1, 'Evento creado: Fiesta Bci', '2026-07-26 04:36:19'),
(4, 1, 'GENERAR_ADMIN', 1, 'Foto de administrador enviada a la cola', '2026-07-26 04:36:41'),
(5, 1, 'EDITAR', 1, 'Configuración actualizada', '2026-07-26 04:38:04'),
(6, 1, 'FONDO_SUBIR', 1, '1 fondos', '2026-07-26 04:38:13'),
(7, 1, 'ACTIVO', 1, 'Estado → activo', '2026-07-26 04:38:42'),
(8, 1, 'EDITAR', 1, 'Configuración actualizada', '2026-07-26 04:41:22'),
(9, 1, 'EDITAR', 1, 'Configuración actualizada', '2026-07-26 04:50:02'),
(10, 1, 'FONDO_SUBIR', 1, '3 fondos', '2026-07-26 04:50:23'),
(11, 1, 'EDITAR', 1, 'Configuración actualizada', '2026-07-26 04:50:27'),
(12, 1, 'EDITAR', 1, 'Configuración actualizada', '2026-07-26 04:54:36'),
(13, 1, 'EDITAR', 1, 'Configuración actualizada', '2026-07-26 04:59:22'),
(14, 1, 'EDITAR', 1, 'Configuración actualizada', '2026-07-26 05:03:24'),
(15, 1, 'EDITAR', 1, 'Configuración actualizada', '2026-07-26 05:18:59'),
(16, NULL, 'IA_CREAR', 1, 'Proveedor creado', '2026-07-26 07:01:38'),
(17, NULL, 'IA_EDITAR', 1, 'Proveedor #1', '2026-07-26 07:02:25'),
(18, 1, 'EDITAR', 1, 'Configuración actualizada', '2026-07-26 07:03:19'),
(19, NULL, 'IA_EDITAR', 1, 'Proveedor #2', '2026-07-26 07:06:34'),
(20, 1, 'EDITAR', 1, 'Configuración actualizada', '2026-07-26 07:31:21'),
(21, 1, 'EDITAR', 1, 'Configuración actualizada', '2026-07-26 07:48:21'),
(22, 1, 'EDITAR', 1, 'Configuración actualizada', '2026-07-26 08:03:15'),
(23, 1, 'EDITAR', 1, 'Configuración actualizada', '2026-07-26 08:05:30'),
(24, 1, 'EDITAR', 1, 'Configuración actualizada', '2026-07-26 08:06:16'),
(25, 1, 'EDITAR', 1, 'Configuración actualizada', '2026-07-26 08:08:09'),
(26, NULL, 'IA_EDITAR', 1, 'Proveedor #1', '2026-07-26 08:18:17'),
(27, 1, 'EDITAR', 1, 'Configuración actualizada', '2026-07-26 08:19:27'),
(28, 1, 'EDITAR', 1, 'Configuración actualizada', '2026-07-26 08:19:32'),
(29, 1, 'EDITAR', 1, 'Configuración actualizada', '2026-07-26 08:28:47'),
(30, 1, 'GENERAR_ADMIN', 1, 'Foto de administrador enviada a la cola', '2026-07-26 08:29:24'),
(31, 1, 'EDITAR', 1, 'Configuración actualizada', '2026-07-26 08:40:10'),
(32, 1, 'EDITAR', 1, 'Configuración actualizada', '2026-07-26 08:40:42'),
(33, 1, 'EDITAR', 1, 'Configuración actualizada', '2026-07-26 18:49:44');

-- --------------------------------------------------------

--
-- Estructura de tabla para la tabla `gi_imagenes`
--

CREATE TABLE `gi_imagenes` (
  `id` int(11) NOT NULL,
  `evento_id` int(11) NOT NULL,
  `trabajo_id` int(11) DEFAULT NULL,
  `foto_id` int(11) DEFAULT NULL,
  `fondo_id` int(11) DEFAULT NULL,
  `archivo` varchar(255) NOT NULL,
  `miniatura` varchar(255) DEFAULT NULL,
  `ancho` int(11) DEFAULT NULL,
  `alto` int(11) DEFAULT NULL,
  `estado` enum('pendiente_aprobacion','aprobada','rechazada') NOT NULL DEFAULT 'pendiente_aprobacion',
  `destacada` tinyint(1) NOT NULL DEFAULT 0,
  `en_slider` tinyint(1) NOT NULL DEFAULT 0,
  `galeria_foto_id` int(11) DEFAULT NULL,
  `descargas` int(11) NOT NULL DEFAULT 0,
  `origen` enum('admin','qr') NOT NULL DEFAULT 'qr',
  `created_at` timestamp NOT NULL DEFAULT current_timestamp(),
  `updated_at` timestamp NOT NULL DEFAULT current_timestamp() ON UPDATE current_timestamp()
) ENGINE=InnoDB DEFAULT CHARSET=utf8mb4 COLLATE=utf8mb4_unicode_ci;

--
-- Volcado de datos para la tabla `gi_imagenes`
--

INSERT INTO `gi_imagenes` (`id`, `evento_id`, `trabajo_id`, `foto_id`, `fondo_id`, `archivo`, `miniatura`, `ancho`, `alto`, `estado`, `destacada`, `en_slider`, `galeria_foto_id`, `descargas`, `origen`, `created_at`, `updated_at`) VALUES
(1, 1, 2, 2, 1, 'uploads/gi/generadas/c7f115dfd0f8eee3.png', 'uploads/gi/thumbs/c7f115dfd0f8eee3.jpg', 1536, 1024, 'aprobada', 0, 1, 95, 0, 'qr', '2026-07-26 04:40:01', '2026-07-26 04:40:01'),
(2, 1, 3, 3, 1, 'uploads/gi/generadas/3c77b46fec334801.png', 'uploads/gi/thumbs/3c77b46fec334801.jpg', 1536, 1024, 'aprobada', 0, 1, 96, 0, 'qr', '2026-07-26 04:42:48', '2026-07-26 04:42:48'),
(3, 1, 4, 4, 4, 'uploads/gi/generadas/e3945d42c6334194.png', 'uploads/gi/thumbs/e3945d42c6334194.jpg', 1536, 1024, 'aprobada', 0, 1, 97, 0, 'qr', '2026-07-26 04:51:48', '2026-07-26 04:51:48'),
(4, 1, 5, 5, 3, 'uploads/gi/generadas/62dc78c4aa0179a3.png', 'uploads/gi/thumbs/62dc78c4aa0179a3.jpg', 1536, 1024, 'aprobada', 0, 1, 98, 0, 'qr', '2026-07-26 04:55:58', '2026-07-26 04:55:58'),
(5, 1, 6, 6, 1, 'uploads/gi/generadas/1870932ae8d35b3b.png', 'uploads/gi/thumbs/1870932ae8d35b3b.jpg', 1536, 1024, 'aprobada', 0, 1, 99, 0, 'qr', '2026-07-26 04:56:39', '2026-07-26 04:56:39'),
(6, 1, 7, 7, 1, 'uploads/gi/generadas/47ce72211f942353.png', 'uploads/gi/thumbs/47ce72211f942353.jpg', 1536, 1024, 'aprobada', 0, 1, 100, 0, 'qr', '2026-07-26 05:00:48', '2026-07-26 05:00:48'),
(7, 1, 8, 8, 3, 'uploads/gi/generadas/1e4bdc086fd01893.png', 'uploads/gi/thumbs/1e4bdc086fd01893.jpg', 1536, 1024, 'aprobada', 0, 1, 101, 0, 'qr', '2026-07-26 05:04:46', '2026-07-26 05:04:46'),
(8, 1, 9, 9, 3, 'uploads/gi/generadas/c26d465c302356c0.png', 'uploads/gi/thumbs/c26d465c302356c0.jpg', 1920, 1080, 'aprobada', 0, 1, 102, 0, 'qr', '2026-07-26 05:20:03', '2026-07-26 05:20:03'),
(9, 1, 10, 10, 2, 'uploads/gi/generadas/d691e2d09fd1b21b.png', 'uploads/gi/thumbs/d691e2d09fd1b21b.jpg', 1920, 1080, 'aprobada', 0, 1, 103, 0, 'qr', '2026-07-26 06:36:24', '2026-07-26 06:36:24'),
(10, 1, 11, 11, 4, 'uploads/gi/generadas/ed0ca55210718426.png', 'uploads/gi/thumbs/ed0ca55210718426.jpg', 1920, 1080, 'aprobada', 0, 1, 104, 0, 'qr', '2026-07-26 07:07:20', '2026-07-26 07:07:20'),
(11, 1, 12, 12, 2, 'uploads/gi/generadas/456ee8fc80ca28e9.png', 'uploads/gi/thumbs/456ee8fc80ca28e9.jpg', 1920, 1080, 'aprobada', 0, 1, 105, 0, 'qr', '2026-07-26 07:24:40', '2026-07-26 07:24:40'),
(12, 1, 13, 13, 4, 'uploads/gi/generadas/359ced3344cfde64.png', 'uploads/gi/thumbs/359ced3344cfde64.jpg', 1920, 1080, 'aprobada', 0, 1, 106, 0, 'qr', '2026-07-26 07:31:34', '2026-07-26 07:31:34'),
(13, 1, 14, 14, 4, 'uploads/gi/generadas/07408b2159000ef2.png', 'uploads/gi/thumbs/07408b2159000ef2.jpg', 1920, 1080, 'aprobada', 0, 1, 107, 0, 'qr', '2026-07-26 07:49:46', '2026-07-26 07:49:46'),
(14, 1, 15, 15, 1, 'uploads/gi/generadas/4c5e7c02a59279fd.png', 'uploads/gi/thumbs/4c5e7c02a59279fd.jpg', 1920, 1080, 'aprobada', 0, 1, 108, 0, 'qr', '2026-07-26 07:51:44', '2026-07-26 07:51:44'),
(15, 1, 16, 16, 3, 'uploads/gi/generadas/13415a32a53428a7.png', 'uploads/gi/thumbs/13415a32a53428a7.jpg', 1920, 1080, 'aprobada', 0, 1, 109, 0, 'qr', '2026-07-26 08:04:26', '2026-07-26 08:04:26'),
(16, 1, 17, 17, 3, 'uploads/gi/generadas/a7be4973479b6e48.png', 'uploads/gi/thumbs/a7be4973479b6e48.jpg', 1920, 1080, 'aprobada', 0, 1, 110, 0, 'qr', '2026-07-26 08:09:37', '2026-07-26 08:09:37'),
(17, 1, 18, 18, 4, 'uploads/gi/generadas/d0ef5a195a58ca64.png', 'uploads/gi/thumbs/d0ef5a195a58ca64.jpg', 1920, 1080, 'aprobada', 0, 1, 111, 0, 'qr', '2026-07-26 08:20:59', '2026-07-26 08:20:59'),
(18, 1, 19, 19, 2, 'uploads/gi/generadas/57d80066bfc5acf6.png', 'uploads/gi/thumbs/57d80066bfc5acf6.jpg', 1920, 1080, 'aprobada', 0, 1, 112, 0, 'qr', '2026-07-26 08:30:21', '2026-07-26 08:30:21'),
(19, 1, 26, 26, 1, 'uploads/gi/generadas/2ebaf11851db22ed.png', 'uploads/gi/thumbs/2ebaf11851db22ed.jpg', 1920, 1080, 'aprobada', 0, 1, 113, 0, 'qr', '2026-07-26 19:10:37', '2026-07-26 19:10:37'),
(20, 1, 27, 27, 1, 'uploads/gi/generadas/c11e1d908aed1aaf.png', 'uploads/gi/thumbs/c11e1d908aed1aaf.jpg', 1920, 1080, 'aprobada', 0, 1, 114, 0, 'qr', '2026-07-26 19:15:15', '2026-07-26 19:15:15');

-- --------------------------------------------------------

--
-- Estructura de tabla para la tabla `gi_trabajos`
--

CREATE TABLE `gi_trabajos` (
  `id` int(11) NOT NULL,
  `evento_id` int(11) NOT NULL,
  `foto_id` int(11) NOT NULL,
  `fondo_id` int(11) DEFAULT NULL,
  `ia_config_id` int(11) DEFAULT NULL,
  `estado` varchar(30) NOT NULL DEFAULT 'pendiente',
  `fase` varchar(60) DEFAULT NULL,
  `prompt_final` text DEFAULT NULL,
  `instrucciones` text DEFAULT NULL,
  `intentos` int(11) NOT NULL DEFAULT 0,
  `max_intentos` int(11) NOT NULL DEFAULT 2,
  `tiempo_ms` int(11) DEFAULT NULL,
  `error_msg` text DEFAULT NULL,
  `resultado_id` int(11) DEFAULT NULL,
  `token` varchar(80) DEFAULT NULL,
  `created_at` timestamp NOT NULL DEFAULT current_timestamp(),
  `updated_at` timestamp NOT NULL DEFAULT current_timestamp() ON UPDATE current_timestamp(),
  `started_at` datetime DEFAULT NULL,
  `finished_at` datetime DEFAULT NULL
) ENGINE=InnoDB DEFAULT CHARSET=utf8mb4 COLLATE=utf8mb4_unicode_ci;

--
-- Volcado de datos para la tabla `gi_trabajos`
--

INSERT INTO `gi_trabajos` (`id`, `evento_id`, `foto_id`, `fondo_id`, `ia_config_id`, `estado`, `fase`, `prompt_final`, `instrucciones`, `intentos`, `max_intentos`, `tiempo_ms`, `error_msg`, `resultado_id`, `token`, `created_at`, `updated_at`, `started_at`, `finished_at`) VALUES
(1, 1, 1, NULL, 1, 'cancelada', NULL, NULL, '', 0, 2, NULL, NULL, NULL, '26b2fbaebeb41f9c17a5377d830d343e', '2026-07-26 04:36:41', '2026-07-26 04:36:47', NULL, NULL),
(2, 1, 2, 1, 1, 'completada', 'completada', NULL, NULL, 0, 2, 63272, NULL, 1, '0bb1bac4eb8906ca10bb519a0a096123', '2026-07-26 04:38:57', '2026-07-26 04:40:01', '2026-07-26 00:38:57', '2026-07-26 00:40:01'),
(3, 1, 3, 1, 1, 'completada', 'completada', NULL, NULL, 0, 2, 63035, NULL, 2, 'a4c9535a664d5f449473328bbdf4980c', '2026-07-26 04:41:45', '2026-07-26 04:42:48', '2026-07-26 00:41:45', '2026-07-26 00:42:48'),
(4, 1, 4, 4, 1, 'completada', 'completada', NULL, NULL, 0, 2, 67223, NULL, 3, '23bab199d4193e1d49cc462f2181a825', '2026-07-26 04:50:40', '2026-07-26 04:51:48', '2026-07-26 00:50:40', '2026-07-26 00:51:48'),
(5, 1, 5, 3, 1, 'completada', 'completada', NULL, NULL, 0, 2, 61988, NULL, 4, '994683cef408f76199d4c4221864522c', '2026-07-26 04:54:56', '2026-07-26 04:55:58', '2026-07-26 00:54:56', '2026-07-26 00:55:58'),
(6, 1, 6, 1, 1, 'completada', 'completada', NULL, NULL, 0, 2, 61940, NULL, 5, 'a57fdbe1b8ae528a02ea4a9ec987941a', '2026-07-26 04:55:37', '2026-07-26 04:56:39', '2026-07-26 00:55:37', '2026-07-26 00:56:39'),
(7, 1, 7, 1, 1, 'completada', 'completada', NULL, NULL, 0, 2, 67522, NULL, 6, 'a74d3754bcee1713692be4d50e6389ee', '2026-07-26 04:59:40', '2026-07-26 05:00:48', '2026-07-26 00:59:40', '2026-07-26 01:00:48'),
(8, 1, 8, 3, 1, 'completada', 'completada', NULL, NULL, 0, 2, 67440, NULL, 7, '34eacd19249aadf816181c2208b7a695', '2026-07-26 05:03:38', '2026-07-26 05:04:46', '2026-07-26 01:03:38', '2026-07-26 01:04:46'),
(9, 1, 9, 3, 1, 'completada', 'completada', NULL, NULL, 0, 2, 53292, NULL, 8, 'b1a96a2e179b773f55e70b3bfdcefa78', '2026-07-26 05:19:08', '2026-07-26 05:20:03', '2026-07-26 01:19:08', '2026-07-26 01:20:03'),
(10, 1, 10, 2, 1, 'completada', 'completada', NULL, NULL, 0, 2, 51131, NULL, 9, '51f828eac1496491fe685d2f0d763eba', '2026-07-26 06:35:32', '2026-07-26 06:36:24', '2026-07-26 02:35:32', '2026-07-26 02:36:24'),
(11, 1, 11, 4, 2, 'completada', 'completada', NULL, NULL, 0, 2, 4218, NULL, 10, '0278d6dd0f5017cf7452ed0fbb95ec6e', '2026-07-26 07:07:14', '2026-07-26 07:07:20', '2026-07-26 03:07:14', '2026-07-26 03:07:20'),
(12, 1, 12, 2, 2, 'completada', 'completada', NULL, NULL, 0, 2, 2217, NULL, 11, 'f6fb63f4e8f834e9fe4c99d040f19364', '2026-07-26 07:24:36', '2026-07-26 07:24:40', '2026-07-26 03:24:36', '2026-07-26 03:24:40'),
(13, 1, 13, 4, 2, 'completada', 'completada', NULL, NULL, 0, 2, 2242, NULL, 12, 'b97c1187afca161c374781f393053bee', '2026-07-26 07:31:30', '2026-07-26 07:31:34', '2026-07-26 03:31:30', '2026-07-26 03:31:34'),
(14, 1, 14, 4, 1, 'completada', 'completada', NULL, NULL, 0, 2, 64793, NULL, 13, '4ebd6fa71cccafc69f6298917ce57e8f', '2026-07-26 07:48:40', '2026-07-26 07:49:46', '2026-07-26 03:48:40', '2026-07-26 03:49:46'),
(15, 1, 15, 1, 1, 'completada', 'completada', NULL, NULL, 0, 2, 67655, NULL, 14, 'f7233b42172537dcf130f9f8a54ba22d', '2026-07-26 07:50:36', '2026-07-26 07:51:44', '2026-07-26 03:50:36', '2026-07-26 03:51:44'),
(16, 1, 16, 3, 1, 'completada', 'completada', NULL, NULL, 0, 2, 51972, NULL, 15, '69b4c445822d3fd2d07e34128cfe3bce', '2026-07-26 08:03:33', '2026-07-26 08:04:26', '2026-07-26 04:03:33', '2026-07-26 04:04:26'),
(17, 1, 17, 3, 1, 'completada', 'completada', NULL, NULL, 0, 2, 68449, NULL, 16, 'f48e34d66055bcdf4e0dd4343a39aa19', '2026-07-26 08:08:22', '2026-07-26 08:09:37', '2026-07-26 04:08:22', '2026-07-26 04:09:37'),
(18, 1, 18, 4, 1, 'completada', 'completada', NULL, NULL, 0, 2, 74202, NULL, 17, 'c7b09bd44ab137aaa2e2c8b0e517a1f5', '2026-07-26 08:19:44', '2026-07-26 08:20:59', '2026-07-26 04:19:44', '2026-07-26 04:20:59'),
(19, 1, 19, 2, 1, 'completada', 'completada', NULL, NULL, 0, 2, 75802, NULL, 18, 'd6ad541dec38f938f83a1774ffb2d904', '2026-07-26 08:29:03', '2026-07-26 08:30:21', '2026-07-26 04:29:04', '2026-07-26 04:30:21'),
(20, 1, 20, 1, 1, 'cancelada', NULL, NULL, '', 0, 2, NULL, NULL, NULL, '807a9cb28ab6645a804463de2e2fa37d', '2026-07-26 08:29:24', '2026-07-26 08:38:26', NULL, NULL),
(21, 1, 21, 4, 1, 'error', 'error', NULL, NULL, 1, 2, NULL, 'IA: Billing hard limit has been reached.', NULL, '9ee957941d66fa0a037ce71887019052', '2026-07-26 08:40:21', '2026-07-26 08:40:21', '2026-07-26 04:40:21', NULL),
(22, 1, 22, 4, 1, 'error', 'error', NULL, NULL, 1, 2, NULL, 'IA: Billing hard limit has been reached.', NULL, 'd1d8fc00b855ec82cf80c498d29162f5', '2026-07-26 08:40:48', '2026-07-26 08:40:49', '2026-07-26 04:40:48', NULL),
(23, 1, 23, 3, 1, 'error', 'error', NULL, NULL, 1, 2, NULL, 'IA: Billing hard limit has been reached.', NULL, '04a67ce0974269f9ef0bb8cd8ba80522', '2026-07-26 08:59:32', '2026-07-26 08:59:34', '2026-07-26 04:59:33', NULL),
(24, 1, 24, 1, 1, 'error', 'error', NULL, NULL, 1, 2, NULL, 'IA: Billing hard limit has been reached.', NULL, '4fa310f2851014a669b3e904d7cc3e0a', '2026-07-26 18:50:58', '2026-07-26 18:50:59', '2026-07-26 14:50:58', NULL),
(25, 1, 25, 1, 1, 'error', 'error', NULL, NULL, 1, 2, NULL, 'IA: Billing hard limit has been reached.', NULL, '0b67e32ecb53bdf3b6efd141005b4094', '2026-07-26 19:04:59', '2026-07-26 19:05:00', '2026-07-26 15:04:59', NULL),
(26, 1, 26, 1, 1, 'completada', 'completada', NULL, NULL, 0, 2, 72283, NULL, 19, '013ecd7744443e181c9a5f796edcc340', '2026-07-26 19:09:19', '2026-07-26 19:10:37', '2026-07-26 15:09:19', '2026-07-26 15:10:37'),
(27, 1, 27, 1, 1, 'completada', 'completada', NULL, NULL, 0, 2, 78150, NULL, 20, 'a0ea9957a9d54018706a193b2b9e0c65', '2026-07-26 19:13:51', '2026-07-26 19:15:15', '2026-07-26 15:13:51', '2026-07-26 15:15:15');

-- --------------------------------------------------------

--
-- Estructura de tabla para la tabla `import_batches`
--

CREATE TABLE `import_batches` (
  `id` int(11) NOT NULL,
  `filename` varchar(255) DEFAULT NULL,
  `total_rows` int(11) DEFAULT 0,
  `imported_rows` int(11) DEFAULT 0,
  `omitted_rows` int(11) DEFAULT 0,
  `error_rows` int(11) DEFAULT 0,
  `imported_by` int(11) DEFAULT NULL,
  `created_at` timestamp NOT NULL DEFAULT current_timestamp()
) ENGINE=InnoDB DEFAULT CHARSET=utf8mb4 COLLATE=utf8mb4_unicode_ci;

--
-- Volcado de datos para la tabla `import_batches`
--

INSERT INTO `import_batches` (`id`, `filename`, `total_rows`, `imported_rows`, `omitted_rows`, `error_rows`, `imported_by`, `created_at`) VALUES
(1, 'Listado  Asistentes aniversario.xlsx', 138, 136, 1, 0, 1, '2026-07-21 20:40:41'),
(2, 'Listado  Asistentes aniversario.xlsx', 138, 136, 1, 0, 1, '2026-07-24 15:25:23'),
(3, 'Listado  Asistentes aniversario.xlsx', 138, 137, 0, 0, 1, '2026-07-24 15:26:38');

-- --------------------------------------------------------

--
-- Estructura de tabla para la tabla `logs_actividad`
--

CREATE TABLE `logs_actividad` (
  `id` int(11) NOT NULL,
  `accion` varchar(100) NOT NULL,
  `descripcion` text DEFAULT NULL,
  `ip_usuario` varchar(45) DEFAULT NULL,
  `fecha` timestamp NOT NULL DEFAULT current_timestamp(),
  `admin_id` int(11) DEFAULT NULL
) ENGINE=InnoDB DEFAULT CHARSET=latin1 COLLATE=latin1_swedish_ci;

--
-- Volcado de datos para la tabla `logs_actividad`
--

INSERT INTO `logs_actividad` (`id`, `accion`, `descripcion`, `ip_usuario`, `fecha`, `admin_id`) VALUES
(118, 'LOGIN', 'Inicio de sesión exitoso', '181.42.51.84', '2025-07-25 21:47:40', 1),
(119, 'SORTEO_REALIZADO', 'Sorteo: Papàs - Ganador: Fernanda Ríos', '200.104.77.221', '2025-07-25 21:50:00', 1),
(120, 'SORTEO_REALIZADO', 'Sorteo: CAFETERA - Ganador: Mauricio Uribe', '181.42.51.84', '2025-07-25 22:16:44', 1),
(121, 'LOGIN', 'Inicio de sesión exitoso', '200.104.77.221', '2025-07-25 23:47:25', 1),
(122, 'LOGIN', 'Inicio de sesión exitoso', '200.104.77.221', '2025-09-25 21:05:41', 1),
(123, 'LOGIN', 'Inicio de sesión exitoso', '181.74.128.117', '2026-07-21 19:20:37', 1),
(124, 'SORTEO_REALIZADO', 'Sorteo: Smart TV 55 pulgadas - Ganador: Carla Sanhueza', '181.74.128.117', '2026-07-21 19:22:24', 1),
(125, 'SORTEO_REALIZADO', 'Sorteo: Cafetera - Ganador: Johannymar Barrios', '181.74.128.117', '2026-07-21 19:55:10', 1),
(126, 'CARGAR_EXCEL', 'Usuarios cargados: 119 insertados, 18 duplicados, 0 errores', '181.74.128.117', '2026-07-21 20:00:27', 1),
(127, 'SORTEO_REALIZADO', 'Sorteo: iPhone 15 - Ganador: 123', '181.74.128.117', '2026-07-21 20:00:40', 1),
(128, 'LOGOUT', 'Cierre de sesión', '181.74.128.117', '2026-07-21 20:38:16', 1),
(129, 'LOGIN', 'Inicio de sesión exitoso', '181.74.128.117', '2026-07-21 20:38:36', 1),
(130, 'CONFIG_ACTUALIZAR', 'Configuración general actualizada', '181.74.128.117', '2026-07-21 20:40:00', 1),
(131, 'IMPORTAR_PARTICIPANTES', 'Lote #1: 136 insertados, 1 duplicados, 0 errores', '181.74.128.117', '2026-07-21 20:40:41', 1),
(132, 'SORTEO_CREAR', 'Sorteo #1: iPhone 15', '181.74.128.117', '2026-07-21 20:41:31', 1),
(133, 'SORTEO_INICIAR', 'Sorteo #1 (iPhone 15)', '181.74.128.117', '2026-07-21 20:41:34', 1),
(134, 'SORTEO_REALIZADO', 'Sorteo: iPhone 15 - Ganador: Ivette Erna', '181.74.128.117', '2026-07-21 20:41:46', 1),
(135, 'CONFIG_ACTUALIZAR', 'Configuración general actualizada', '181.74.128.117', '2026-07-21 20:44:21', 1),
(136, 'CONFIG_ACTUALIZAR', 'Configuración general actualizada', '181.74.128.117', '2026-07-21 20:44:37', 1),
(137, 'SORTEO_OCULTAR', 'Sorteo #1: se dejó de mostrar al ganador', '181.74.128.117', '2026-07-21 20:45:38', 1),
(138, 'LOGIN', 'Inicio de sesión exitoso', '181.74.128.117', '2026-07-21 20:48:43', 1),
(139, 'CONFIG_ACTUALIZAR', 'Configuración general actualizada', '181.74.128.117', '2026-07-21 20:49:39', 1),
(140, 'SORTEO_INICIAR', 'Sorteo #1 (iPhone 15)', '181.74.128.117', '2026-07-21 20:49:50', 1),
(141, 'SORTEO_REALIZADO', 'Sorteo: iPhone 15 - Ganador: Juan Cristian', '181.74.128.117', '2026-07-21 20:50:04', 1),
(142, 'SORTEO_OCULTAR', 'Sorteo #1: se dejó de mostrar al ganador', '181.74.128.117', '2026-07-21 20:50:20', 1),
(143, 'SORTEO_INICIAR', 'Sorteo #1 (iPhone 15)', '181.74.128.117', '2026-07-21 20:51:18', 1),
(144, 'SORTEO_REALIZADO', 'Sorteo: iPhone 15 - Ganador: Tarek', '181.74.128.117', '2026-07-21 20:51:23', 1),
(145, 'SORTEO_OCULTAR', 'Sorteo #1: se dejó de mostrar al ganador', '181.74.128.117', '2026-07-21 20:52:58', 1),
(146, 'SORTEO_INICIAR', 'Sorteo #1 (iPhone 15)', '181.74.128.117', '2026-07-21 20:54:14', 1),
(147, 'SORTEO_REALIZADO', 'Sorteo: iPhone 15 - Ganador: Javier Andres', '181.74.128.117', '2026-07-21 20:54:31', 1),
(148, 'SORTEO_OCULTAR', 'Sorteo #1: se dejó de mostrar al ganador', '181.74.128.117', '2026-07-21 20:57:00', 1),
(149, 'SORTEO_CREAR', 'Sorteo #2: Smart TV 55 pulgadas', '181.74.128.117', '2026-07-21 20:58:00', 1),
(150, 'SORTEO_INICIAR', 'Sorteo #2 (Smart TV 55 pulgadas)', '181.74.128.117', '2026-07-21 20:58:03', 1),
(151, 'GALERIA_SUBIR', 'Fotos subidas: 4, con error: 0', '181.74.128.117', '2026-07-21 21:21:45', 1),
(152, 'RONDA_CANCELAR', 'Ronda #0 cancelada (la sesión continúa)', '181.74.128.117', '2026-07-21 21:22:28', 1),
(153, 'SORTEO_CREAR', 'Sesión de sorteo #3: Fiesta Anual 2026', '181.74.128.117', '2026-07-21 21:22:44', 1),
(154, 'RONDA_INICIAR', 'Sorteo #3 · premio: TV (ronda #1)', '181.74.128.117', '2026-07-21 21:22:57', 1),
(155, 'SORTEO_REALIZADO', 'Premio: TV - Ganador: Romina Andrea', '181.74.128.117', '2026-07-21 21:23:04', 1),
(156, 'RONDA_OCULTAR', 'Ronda #1: se dejó de mostrar al ganador', '181.74.128.117', '2026-07-21 21:23:13', 1),
(157, 'RONDA_INICIAR', 'Sorteo #3 · premio: Celular (ronda #2)', '181.74.128.117', '2026-07-21 21:23:21', 1),
(158, 'SORTEO_REALIZADO', 'Premio: Celular - Ganador: Marisol Pilar', '181.74.128.117', '2026-07-21 21:23:28', 1),
(159, 'CONFIG_ACTUALIZAR', 'Configuración general actualizada', '181.74.128.117', '2026-07-21 21:24:00', 1),
(160, 'RONDA_OCULTAR', 'Ronda #2: se dejó de mostrar al ganador', '181.74.128.117', '2026-07-21 21:24:23', 1),
(161, 'GALERIA_SUBIR', 'Fotos subidas: 1, con error: 0', '181.74.128.117', '2026-07-21 21:25:00', 1),
(162, 'CONFIG_ACTUALIZAR', 'Configuración general actualizada', '181.74.128.117', '2026-07-21 21:28:52', 1),
(163, 'CONFIG_ACTUALIZAR', 'Configuración general actualizada', '181.74.128.117', '2026-07-21 21:31:24', 1),
(164, 'CONFIG_ACTUALIZAR', 'Configuración general actualizada', '181.74.128.117', '2026-07-21 21:32:42', 1),
(165, 'CONFIG_ACTUALIZAR', 'Configuración general actualizada', '181.74.128.117', '2026-07-21 21:36:57', 1),
(166, 'CONFIG_ACTUALIZAR', 'Configuración general actualizada', '181.74.128.117', '2026-07-21 21:37:34', 1),
(167, 'GALERIA_ELIMINAR', 'Foto #1 eliminada', '181.74.128.117', '2026-07-21 21:56:48', 1),
(168, 'GALERIA_ELIMINAR', 'Foto #2 eliminada', '181.74.128.117', '2026-07-21 21:56:49', 1),
(169, 'GALERIA_ELIMINAR', 'Foto #3 eliminada', '181.74.128.117', '2026-07-21 21:56:51', 1),
(170, 'GALERIA_ELIMINAR', 'Foto #4 eliminada', '181.74.128.117', '2026-07-21 21:56:51', 1),
(171, 'GALERIA_ELIMINAR', 'Foto #5 eliminada', '181.74.128.117', '2026-07-21 21:56:52', 1),
(172, 'GALERIA_SUBIR', 'Fotos subidas: 5, con error: 0', '181.74.128.117', '2026-07-21 21:57:06', 1),
(173, 'CONFIG_ACTUALIZAR', 'Configuración general actualizada', '181.74.128.117', '2026-07-21 23:23:17', 1),
(174, 'CONFIG_ACTUALIZAR', 'Configuración general actualizada', '181.74.128.117', '2026-07-21 23:23:45', 1),
(175, 'LOGIN', 'Inicio de sesión exitoso', '181.74.128.117', '2026-07-23 00:39:53', 1),
(176, 'LOGIN', 'Inicio de sesión exitoso', '181.74.128.117', '2026-07-23 16:58:02', 1),
(177, 'VOTACION_ELIMINAR', 'Votación #1 eliminada', '181.74.128.117', '2026-07-23 17:21:07', 1),
(178, 'GALERIA_ELIMINAR', 'Foto #6 eliminada', '181.74.128.117', '2026-07-23 17:21:26', 1),
(179, 'GALERIA_ELIMINAR', 'Foto #8 eliminada', '181.74.128.117', '2026-07-23 17:21:27', 1),
(180, 'GALERIA_ELIMINAR', 'Foto #7 eliminada', '181.74.128.117', '2026-07-23 17:21:28', 1),
(181, 'GALERIA_ELIMINAR', 'Foto #9 eliminada', '181.74.128.117', '2026-07-23 17:21:30', 1),
(182, 'GALERIA_ELIMINAR', 'Foto #10 eliminada', '181.74.128.117', '2026-07-23 17:21:31', 1),
(183, 'CONFIG_ACTUALIZAR', 'Configuración general actualizada', '181.74.128.117', '2026-07-23 17:22:08', 1),
(184, 'LOGIN', 'Inicio de sesión exitoso', '181.74.128.117', '2026-07-23 23:11:53', 1),
(185, 'PARTICIPANTE_CREAR', 'Participante creado: Gabriel Lafertte Cárcamo', '181.74.128.117', '2026-07-23 23:12:50', 1),
(186, 'LOGIN', 'Inicio de sesión exitoso', '181.74.128.117', '2026-07-24 04:14:07', 1),
(187, 'LOGIN', 'Inicio de sesión exitoso', '186.175.20.192', '2026-07-24 13:45:44', 1),
(188, 'GALERIA_SUBIR', 'Fotos subidas: 6, con error: 0', '186.175.20.192', '2026-07-24 14:18:46', 1),
(189, 'GALERIA_ELIMINAR', 'Foto #11 eliminada', '186.175.20.192', '2026-07-24 14:52:06', 1),
(190, 'GALERIA_ELIMINAR', 'Foto #12 eliminada', '186.175.20.192', '2026-07-24 14:52:07', 1),
(191, 'GALERIA_ELIMINAR', 'Foto #13 eliminada', '186.175.20.192', '2026-07-24 14:52:09', 1),
(192, 'GALERIA_ELIMINAR', 'Foto #14 eliminada', '186.175.20.192', '2026-07-24 14:52:10', 1),
(193, 'GALERIA_ELIMINAR', 'Foto #15 eliminada', '186.175.20.192', '2026-07-24 14:52:11', 1),
(194, 'GALERIA_ELIMINAR', 'Foto #16 eliminada', '186.175.20.192', '2026-07-24 14:52:13', 1),
(195, 'GALERIA_SUBIR', 'Fotos subidas: 1, con error: 0', '186.175.20.192', '2026-07-24 14:52:27', 1),
(196, 'SORTEO_CREAR', 'Sesión de sorteo #4: Fiesta Anual', '186.175.20.192', '2026-07-24 14:58:01', 1),
(197, 'RONDA_INICIAR', 'Sorteo #4 · premio: Cerlular (ronda #3)', '186.175.20.192', '2026-07-24 15:06:51', 1),
(198, 'SORTEO_REALIZADO', 'Premio: Cerlular - Ganador: Barbara Mayeli', '186.175.20.192', '2026-07-24 15:07:01', 1),
(199, 'IMPORTAR_PARTICIPANTES', 'Lote #2: 136 insertados, 1 duplicados, 0 errores', '186.175.20.192', '2026-07-24 15:25:23', 1),
(200, 'IMPORTAR_PARTICIPANTES', 'Lote #3: 137 insertados, 0 duplicados, 0 errores', '186.175.20.192', '2026-07-24 15:26:38', 1),
(201, 'PARTICIPANTE_CREAR', 'Participante creado: Gabriel Lafertte Cárcamo', '186.175.20.192', '2026-07-24 15:28:53', 1),
(202, 'VOTACION_ELIMINAR', 'Votación #4 eliminada', '186.175.20.192', '2026-07-24 15:47:19', 1),
(203, 'LOGIN', 'Inicio de sesión exitoso', '186.175.20.192', '2026-07-24 15:57:52', 1),
(204, 'CONFIG_ACTUALIZAR', 'Configuración general actualizada', '186.175.20.192', '2026-07-24 16:00:55', 1),
(205, 'RONDA_OCULTAR', 'Ronda #3: se dejó de mostrar al ganador', '186.175.20.192', '2026-07-24 16:01:33', 1),
(206, 'GALERIA_ELIMINAR', 'Foto #17 eliminada', '186.175.20.192', '2026-07-24 17:20:07', 1),
(207, 'GALERIA_SUBIR', 'Fotos subidas: 4, con error: 0', '186.175.20.192', '2026-07-24 17:46:57', 1),
(208, 'GALERIA_SUBIR', 'Fotos subidas: 1, con error: 0', '186.175.20.192', '2026-07-24 17:50:44', 1),
(209, 'GALERIA_SUBIR', 'Fotos subidas: 1, con error: 0', '186.175.20.192', '2026-07-24 17:51:08', 1),
(210, 'GALERIA_SUBIR', 'Fotos subidas: 1, con error: 0', '186.175.20.192', '2026-07-24 17:51:59', 1),
(211, 'GALERIA_SUBIR', 'Fotos subidas: 3, con error: 0', '186.175.20.192', '2026-07-24 17:55:58', 1),
(212, 'GALERIA_SUBIR', 'Fotos subidas: 1, con error: 0', '186.175.20.192', '2026-07-24 18:00:15', 1),
(213, 'GALERIA_SUBIR', 'Fotos subidas: 1, con error: 0', '186.175.20.192', '2026-07-24 18:07:33', 1),
(214, 'GALERIA_SUBIR', 'Fotos subidas: 2, con error: 0', '186.175.20.192', '2026-07-24 18:08:06', 1),
(215, 'GALERIA_SUBIR', 'Fotos subidas: 3, con error: 0', '186.175.20.192', '2026-07-24 18:11:09', 1),
(216, 'GALERIA_SUBIR', 'Fotos subidas: 1, con error: 0', '186.175.20.192', '2026-07-24 18:12:07', 1),
(217, 'GALERIA_SUBIR', 'Fotos subidas: 1, con error: 0', '186.175.20.192', '2026-07-24 18:13:46', 1),
(218, 'GALERIA_SUBIR', 'Fotos subidas: 1, con error: 0', '186.175.20.192', '2026-07-24 18:14:11', 1),
(219, 'GALERIA_SUBIR', 'Fotos subidas: 1, con error: 0', '186.175.20.192', '2026-07-24 18:14:41', 1),
(220, 'GALERIA_ELIMINAR', 'Foto #18 eliminada', '186.175.20.192', '2026-07-24 18:51:13', 1),
(221, 'GALERIA_ELIMINAR', 'Foto #19 eliminada', '186.175.20.192', '2026-07-24 18:51:15', 1),
(222, 'GALERIA_ELIMINAR', 'Foto #20 eliminada', '186.175.20.192', '2026-07-24 18:51:16', 1),
(223, 'GALERIA_ELIMINAR', 'Foto #21 eliminada', '186.175.20.192', '2026-07-24 18:51:18', 1),
(224, 'GALERIA_ELIMINAR', 'Foto #22 eliminada', '186.175.20.192', '2026-07-24 18:51:19', 1),
(225, 'GALERIA_ELIMINAR', 'Foto #23 eliminada', '186.175.20.192', '2026-07-24 18:51:20', 1),
(226, 'GALERIA_ELIMINAR', 'Foto #24 eliminada', '186.175.20.192', '2026-07-24 18:51:21', 1),
(227, 'GALERIA_ELIMINAR', 'Foto #25 eliminada', '186.175.20.192', '2026-07-24 18:51:22', 1),
(228, 'GALERIA_ELIMINAR', 'Foto #26 eliminada', '186.175.20.192', '2026-07-24 18:51:23', 1),
(229, 'GALERIA_ELIMINAR', 'Foto #27 eliminada', '186.175.20.192', '2026-07-24 18:51:24', 1),
(230, 'GALERIA_ELIMINAR', 'Foto #28 eliminada', '186.175.20.192', '2026-07-24 18:51:25', 1),
(231, 'GALERIA_ELIMINAR', 'Foto #29 eliminada', '186.175.20.192', '2026-07-24 18:51:26', 1),
(232, 'GALERIA_ELIMINAR', 'Foto #30 eliminada', '186.175.20.192', '2026-07-24 18:51:27', 1),
(233, 'GALERIA_ELIMINAR', 'Foto #31 eliminada', '186.175.20.192', '2026-07-24 18:51:28', 1),
(234, 'GALERIA_ELIMINAR', 'Foto #32 eliminada', '186.175.20.192', '2026-07-24 18:51:29', 1),
(235, 'GALERIA_ELIMINAR', 'Foto #33 eliminada', '186.175.20.192', '2026-07-24 18:51:30', 1),
(236, 'GALERIA_ELIMINAR', 'Foto #34 eliminada', '186.175.20.192', '2026-07-24 18:51:31', 1),
(237, 'GALERIA_ELIMINAR', 'Foto #35 eliminada', '186.175.20.192', '2026-07-24 18:51:32', 1),
(238, 'GALERIA_ELIMINAR', 'Foto #36 eliminada', '186.175.20.192', '2026-07-24 18:51:33', 1),
(239, 'GALERIA_ELIMINAR', 'Foto #37 eliminada', '186.175.20.192', '2026-07-24 18:51:34', 1),
(240, 'GALERIA_ELIMINAR', 'Foto #38 eliminada', '186.175.20.192', '2026-07-24 18:51:35', 1),
(241, 'GALERIA_SUBIR', 'Fotos subidas: 1, con error: 0', '186.175.20.192', '2026-07-24 18:55:10', 1),
(242, 'GALERIA_SUBIR', 'Fotos subidas: 1, con error: 0', '186.175.20.192', '2026-07-24 18:57:21', 1),
(243, 'GALERIA_ELIMINAR', 'Foto #39 eliminada', '186.175.20.192', '2026-07-24 18:57:23', 1),
(244, 'GALERIA_ELIMINAR', 'Foto #40 eliminada', '186.175.20.192', '2026-07-24 18:58:59', 1),
(245, 'GALERIA_SUBIR', 'Fotos subidas: 20, con error: 0', '186.175.20.192', '2026-07-24 19:01:28', 1),
(246, 'GALERIA_ELIMINAR', 'Foto #41 eliminada', '186.175.20.192', '2026-07-24 19:07:27', 1),
(247, 'GALERIA_ELIMINAR', 'Foto #42 eliminada', '186.175.20.192', '2026-07-24 19:07:29', 1),
(248, 'GALERIA_ELIMINAR', 'Foto #43 eliminada', '186.175.20.192', '2026-07-24 19:07:30', 1),
(249, 'GALERIA_ELIMINAR', 'Foto #44 eliminada', '186.175.20.192', '2026-07-24 19:07:33', 1),
(250, 'GALERIA_ELIMINAR', 'Foto #45 eliminada', '186.175.20.192', '2026-07-24 19:07:34', 1),
(251, 'GALERIA_ELIMINAR', 'Foto #46 eliminada', '186.175.20.192', '2026-07-24 19:07:35', 1),
(252, 'GALERIA_ELIMINAR', 'Foto #47 eliminada', '186.175.20.192', '2026-07-24 19:07:37', 1),
(253, 'GALERIA_ELIMINAR', 'Foto #48 eliminada', '186.175.20.192', '2026-07-24 19:07:38', 1),
(254, 'GALERIA_ELIMINAR', 'Foto #49 eliminada', '186.175.20.192', '2026-07-24 19:07:39', 1),
(255, 'GALERIA_ELIMINAR', 'Foto #50 eliminada', '186.175.20.192', '2026-07-24 19:07:40', 1),
(256, 'GALERIA_ELIMINAR', 'Foto #51 eliminada', '186.175.20.192', '2026-07-24 19:07:42', 1),
(257, 'GALERIA_ELIMINAR', 'Foto #52 eliminada', '186.175.20.192', '2026-07-24 19:07:44', 1),
(258, 'GALERIA_ELIMINAR', 'Foto #53 eliminada', '186.175.20.192', '2026-07-24 19:07:46', 1),
(259, 'GALERIA_ELIMINAR', 'Foto #54 eliminada', '186.175.20.192', '2026-07-24 19:07:47', 1),
(260, 'GALERIA_ELIMINAR', 'Foto #55 eliminada', '186.175.20.192', '2026-07-24 19:07:48', 1),
(261, 'GALERIA_ELIMINAR', 'Foto #56 eliminada', '186.175.20.192', '2026-07-24 19:07:49', 1),
(262, 'GALERIA_ELIMINAR', 'Foto #57 eliminada', '186.175.20.192', '2026-07-24 19:07:50', 1),
(263, 'GALERIA_ELIMINAR', 'Foto #58 eliminada', '186.175.20.192', '2026-07-24 19:07:53', 1),
(264, 'GALERIA_ELIMINAR', 'Foto #59 eliminada', '186.175.20.192', '2026-07-24 19:07:57', 1),
(265, 'GALERIA_ELIMINAR', 'Foto #60 eliminada', '186.175.20.192', '2026-07-24 19:07:58', 1),
(266, 'GALERIA_SUBIR', 'Fotos subidas: 1, con error: 0', '186.175.20.192', '2026-07-24 19:08:06', 1),
(267, 'GALERIA_SUBIR', 'Fotos subidas: 1, con error: 0', '186.175.20.192', '2026-07-24 19:08:14', 1),
(268, 'CONFIG_ACTUALIZAR', 'Configuración general actualizada', '186.175.20.192', '2026-07-24 19:09:21', 1),
(269, 'CONFIG_ACTUALIZAR', 'Configuración general actualizada', '186.175.20.192', '2026-07-24 19:10:26', 1),
(270, 'CONFIG_ACTUALIZAR', 'Configuración general actualizada', '186.175.20.192', '2026-07-24 19:11:48', 1),
(271, 'CONFIG_ACTUALIZAR', 'Configuración general actualizada', '186.175.20.192', '2026-07-24 19:12:37', 1),
(272, 'CONFIG_ACTUALIZAR', 'Configuración general actualizada', '186.175.20.192', '2026-07-24 19:13:23', 1),
(273, 'GALERIA_ELIMINAR', 'Foto #61 eliminada', '186.175.20.192', '2026-07-24 20:44:48', 1),
(274, 'GALERIA_ELIMINAR', 'Foto #62 eliminada', '186.175.20.192', '2026-07-24 20:44:49', 1),
(275, 'GALERIA_SUBIR', 'Fotos subidas: 4, con error: 0', '186.175.20.192', '2026-07-24 20:45:20', 1),
(276, 'GALERIA_SUBIR', 'Fotos subidas: 20, con error: 0', '186.175.20.192', '2026-07-24 20:47:47', 1),
(277, 'CONFIG_ACTUALIZAR', 'Configuración general actualizada', '186.175.20.192', '2026-07-24 21:05:50', 1),
(278, 'CONFIG_ACTUALIZAR', 'Configuración general actualizada', '186.175.20.192', '2026-07-24 21:05:52', 1),
(279, 'GALERIA_SUBIR', 'Fotos subidas: 1, con error: 0', '186.175.20.192', '2026-07-24 21:09:19', 1),
(280, 'GALERIA_SUBIR', 'Fotos subidas: 1, con error: 0', '186.175.20.192', '2026-07-24 21:10:39', 1),
(281, 'GALERIA_SUBIR', 'Fotos subidas: 1, con error: 0', '186.175.20.192', '2026-07-24 21:10:54', 1),
(282, 'GALERIA_SUBIR', 'Fotos subidas: 2, con error: 0', '186.175.20.192', '2026-07-24 21:21:43', 1),
(283, 'GALERIA_SUBIR', 'Fotos subidas: 2, con error: 0', '186.175.20.192', '2026-07-24 21:24:12', 1),
(284, 'GALERIA_SUBIR', 'Fotos subidas: 1, con error: 0', '186.175.20.192', '2026-07-24 21:25:32', 1),
(285, 'LOGIN', 'Inicio de sesión exitoso', '181.74.128.117', '2026-07-25 18:25:33', 1),
(286, 'LOGIN', 'Inicio de sesión exitoso', '181.74.128.117', '2026-07-26 04:31:29', 1),
(287, 'LOGIN', 'Inicio de sesión exitoso', '181.74.128.117', '2026-07-26 06:37:04', 1),
(288, 'LOGIN', 'Inicio de sesión exitoso', '181.74.128.117', '2026-07-26 18:48:35', 1),
(289, 'LOGIN', 'Inicio de sesión exitoso', '181.74.128.117', '2026-07-29 17:47:18', 1),
(290, 'LOGIN', 'Inicio de sesión exitoso', '181.74.128.117', '2026-07-30 22:01:08', 1);

-- --------------------------------------------------------

--
-- Estructura de tabla para la tabla `participantes`
--

CREATE TABLE `participantes` (
  `id` int(11) NOT NULL,
  `nombre` varchar(255) NOT NULL,
  `identificador` varchar(100) DEFAULT NULL,
  `email` varchar(255) DEFAULT NULL,
  `telefono` varchar(50) DEFAULT NULL,
  `empresa` varchar(255) DEFAULT NULL,
  `cargo` varchar(255) DEFAULT NULL,
  `numero_participante` varchar(50) DEFAULT NULL,
  `datos_adicionales` text DEFAULT NULL,
  `estado` enum('disponible','ganador','inactivo') NOT NULL DEFAULT 'disponible',
  `ha_ganado` tinyint(1) NOT NULL DEFAULT 0,
  `import_batch_id` int(11) DEFAULT NULL,
  `created_at` timestamp NOT NULL DEFAULT current_timestamp(),
  `updated_at` timestamp NOT NULL DEFAULT current_timestamp() ON UPDATE current_timestamp()
) ENGINE=InnoDB DEFAULT CHARSET=utf8mb4 COLLATE=utf8mb4_unicode_ci;

--
-- Volcado de datos para la tabla `participantes`
--

INSERT INTO `participantes` (`id`, `nombre`, `identificador`, `email`, `telefono`, `empresa`, `cargo`, `numero_participante`, `datos_adicionales`, `estado`, `ha_ganado`, `import_batch_id`, `created_at`, `updated_at`) VALUES
(274, 'Alicia Cristina Aguirre', '', '', '', '', '', '1', NULL, 'disponible', 0, 3, '2026-07-24 15:26:38', '2026-07-24 15:26:38'),
(275, 'Miguel Ignacio Alcaino', '', '', '', '', '', '2', NULL, 'disponible', 0, 3, '2026-07-24 15:26:38', '2026-07-24 15:26:38'),
(276, 'Macarena Fernanda Álvarez', '', '', '', '', '', '3', NULL, 'disponible', 0, 3, '2026-07-24 15:26:38', '2026-07-24 15:26:38'),
(277, 'María del Pilar Arango', '', '', '', '', '', '4', NULL, 'disponible', 0, 3, '2026-07-24 15:26:38', '2026-07-24 15:26:38'),
(278, 'Víctor Gabriel Arenas', '', '', '', '', '', '5', NULL, 'disponible', 0, 3, '2026-07-24 15:26:38', '2026-07-24 15:26:38'),
(279, 'Verónica Andrea Barahona', '', '', '', '', '', '6', NULL, 'disponible', 0, 3, '2026-07-24 15:26:38', '2026-07-24 15:26:38'),
(280, 'Yanira del Carmen Barria', '', '', '', '', '', '7', NULL, 'disponible', 0, 3, '2026-07-24 15:26:38', '2026-07-24 15:26:38'),
(281, 'Bayron Alejandro Barrientos', '', '', '', '', '', '8', NULL, 'disponible', 0, 3, '2026-07-24 15:26:38', '2026-07-24 15:26:38'),
(282, 'Johannymar Nazareth Barrios', '', '', '', '', '', '9', NULL, 'disponible', 0, 3, '2026-07-24 15:26:38', '2026-07-24 15:26:38'),
(283, 'Marisol Pilar Becerra', '', '', '', '', '', '10', NULL, 'disponible', 0, 3, '2026-07-24 15:26:38', '2026-07-24 15:26:38'),
(284, 'Antonio Francisco Benavides', '', '', '', '', '', '11', NULL, 'disponible', 0, 3, '2026-07-24 15:26:38', '2026-07-24 15:26:38'),
(285, 'Daniel Ignacio Blanco', '', '', '', '', '', '12', NULL, 'disponible', 0, 3, '2026-07-24 15:26:38', '2026-07-24 15:26:38'),
(286, 'Claudia Erna Bossi', '', '', '', '', '', '13', NULL, 'disponible', 0, 3, '2026-07-24 15:26:38', '2026-07-24 15:26:38'),
(287, 'Francesco Alexander Bravo', '', '', '', '', '', '14', NULL, 'disponible', 0, 3, '2026-07-24 15:26:38', '2026-07-24 15:26:38'),
(288, 'María José Bruce', '', '', '', '', '', '15', NULL, 'disponible', 0, 3, '2026-07-24 15:26:38', '2026-07-24 15:26:38'),
(289, 'Romina Salome Bustos', '', '', '', '', '', '16', NULL, 'disponible', 0, 3, '2026-07-24 15:26:38', '2026-07-24 15:26:38'),
(290, 'Valerie Andrea Cáceres', '', '', '', '', '', '17', NULL, 'disponible', 0, 3, '2026-07-24 15:26:38', '2026-07-24 15:26:38'),
(291, 'Jorge Antonio Cáceres', '', '', '', '', '', '18', NULL, 'disponible', 0, 3, '2026-07-24 15:26:38', '2026-07-24 15:26:38'),
(292, 'Ana Isabel Campillay', '', '', '', '', '', '19', NULL, 'disponible', 0, 3, '2026-07-24 15:26:38', '2026-07-24 15:26:38'),
(293, 'Josefa Andrea Carrasco', '', '', '', '', '', '20', NULL, 'disponible', 0, 3, '2026-07-24 15:26:38', '2026-07-24 15:26:38'),
(294, 'Romina Andrea Castro', '', '', '', '', '', '21', NULL, 'disponible', 0, 3, '2026-07-24 15:26:38', '2026-07-24 15:26:38'),
(295, 'Ariel Andres Castro', '', '', '', '', '', '22', NULL, 'disponible', 0, 3, '2026-07-24 15:26:38', '2026-07-24 15:26:38'),
(296, 'Franchesca Andrea Cepeda', '', '', '', '', '', '23', NULL, 'disponible', 0, 3, '2026-07-24 15:26:38', '2026-07-24 15:26:38'),
(297, 'Rocío Estrella Collipal', '', '', '', '', '', '24', NULL, 'disponible', 0, 3, '2026-07-24 15:26:38', '2026-07-24 15:26:38'),
(298, 'Lorena Ángelica Contreras', '', '', '', '', '', '25', NULL, 'disponible', 0, 3, '2026-07-24 15:26:38', '2026-07-24 15:26:38'),
(299, 'Elizabeth Viviana Cornejo', '', '', '', '', '', '26', NULL, 'disponible', 0, 3, '2026-07-24 15:26:38', '2026-07-24 15:26:38'),
(300, 'Rosario Andrea Cristi', '', '', '', '', '', '27', NULL, 'disponible', 0, 3, '2026-07-24 15:26:38', '2026-07-24 15:26:38'),
(301, 'Ornella Karime Cubelli', '', '', '', '', '', '28', NULL, 'disponible', 0, 3, '2026-07-24 15:26:38', '2026-07-24 15:26:38'),
(302, 'Lissette Díaz', '', '', '', '', '', '29', NULL, 'disponible', 0, 3, '2026-07-24 15:26:38', '2026-07-24 15:26:38'),
(303, 'Barbara Gabriela Díaz', '', '', '', '', '', '30', NULL, 'disponible', 0, 3, '2026-07-24 15:26:38', '2026-07-24 15:26:38'),
(304, 'Alejandra Carolina Duque', '', '', '', '', '', '31', NULL, 'disponible', 0, 3, '2026-07-24 15:26:38', '2026-07-24 15:26:38'),
(305, 'Barbara Isidora Duran', '', '', '', '', '', '32', NULL, 'disponible', 0, 3, '2026-07-24 15:26:38', '2026-07-24 15:26:38'),
(306, 'Ivette Erna Elgueta', '', '', '', '', '', '33', NULL, 'disponible', 0, 3, '2026-07-24 15:26:38', '2026-07-24 15:26:38'),
(307, 'Noelia Naomi Erazo', '', '', '', '', '', '34', NULL, 'disponible', 0, 3, '2026-07-24 15:26:38', '2026-07-24 15:26:38'),
(308, 'María Eugenia Facciolo', '', '', '', '', '', '35', NULL, 'disponible', 0, 3, '2026-07-24 15:26:38', '2026-07-24 15:26:38'),
(309, 'Patricia Ángelica Farías', '', '', '', '', '', '36', NULL, 'disponible', 0, 3, '2026-07-24 15:26:38', '2026-07-24 15:26:38'),
(310, 'Karla Patricia Fernández', '', '', '', '', '', '37', NULL, 'disponible', 0, 3, '2026-07-24 15:26:38', '2026-07-24 15:26:38'),
(311, 'Giannina Fabiola Fernández', '', '', '', '', '', '38', NULL, 'disponible', 0, 3, '2026-07-24 15:26:38', '2026-07-24 15:26:38'),
(312, 'Marianela Catalina Figueroa', '', '', '', '', '', '39', NULL, 'disponible', 0, 3, '2026-07-24 15:26:38', '2026-07-24 15:26:38'),
(313, 'Valeria Katerina Flores', '', '', '', '', '', '40', NULL, 'disponible', 0, 3, '2026-07-24 15:26:38', '2026-07-24 15:26:38'),
(314, 'Camila Constanza Friz', '', '', '', '', '', '41', NULL, 'disponible', 0, 3, '2026-07-24 15:26:38', '2026-07-24 15:26:38'),
(315, 'Amalia Yaneska Fuentes', '', '', '', '', '', '42', NULL, 'disponible', 0, 3, '2026-07-24 15:26:38', '2026-07-24 15:26:38'),
(316, 'Karin Valeria Gaete', '', '', '', '', '', '43', NULL, 'disponible', 0, 3, '2026-07-24 15:26:38', '2026-07-24 15:26:38'),
(317, 'Francisco Andres Garay', '', '', '', '', '', '44', NULL, 'disponible', 0, 3, '2026-07-24 15:26:38', '2026-07-24 15:26:38'),
(318, 'Francisca Arrau García', '', '', '', '', '', '45', NULL, 'disponible', 0, 3, '2026-07-24 15:26:38', '2026-07-24 15:26:38'),
(319, 'Javier Andres García', '', '', '', '', '', '46', NULL, 'disponible', 0, 3, '2026-07-24 15:26:38', '2026-07-24 15:26:38'),
(320, 'Fabiola Alejandra González', '', '', '', '', '', '47', NULL, 'disponible', 0, 3, '2026-07-24 15:26:38', '2026-07-24 15:26:38'),
(321, 'Joyce Vanessa Guevara', '', '', '', '', '', '48', NULL, 'disponible', 0, 3, '2026-07-24 15:26:38', '2026-07-24 15:26:38'),
(322, 'Javiera Francisca Guzmán', '', '', '', '', '', '49', NULL, 'disponible', 0, 3, '2026-07-24 15:26:38', '2026-07-24 15:26:38'),
(323, 'Claudio Andres Henríquez', '', '', '', '', '', '50', NULL, 'disponible', 0, 3, '2026-07-24 15:26:38', '2026-07-24 15:26:38'),
(324, 'Nancy Ximena Hermosilla', '', '', '', '', '', '51', NULL, 'disponible', 0, 3, '2026-07-24 15:26:38', '2026-07-24 15:26:38'),
(325, 'Kevin Ignacio Hernández', '', '', '', '', '', '52', NULL, 'disponible', 0, 3, '2026-07-24 15:26:38', '2026-07-24 15:26:38'),
(326, 'Daniela Alejandra Herrera', '', '', '', '', '', '53', NULL, 'disponible', 0, 3, '2026-07-24 15:26:38', '2026-07-24 15:26:38'),
(327, 'Leonardo Sebastían Ibañez', '', '', '', '', '', '54', NULL, 'disponible', 0, 3, '2026-07-24 15:26:38', '2026-07-24 15:26:38'),
(328, 'Barbara Ibarra', '', '', '', '', '', '55', NULL, 'disponible', 0, 3, '2026-07-24 15:26:38', '2026-07-24 15:26:38'),
(329, 'Juan Cristian Irarrazabal', '', '', '', '', '', '56', NULL, 'disponible', 0, 3, '2026-07-24 15:26:38', '2026-07-24 15:26:38'),
(330, 'Yessenia Andrea Iturrieta', '', '', '', '', '', '57', NULL, 'disponible', 0, 3, '2026-07-24 15:26:38', '2026-07-24 15:26:38'),
(331, 'Karina Alejandra Jaime', '', '', '', '', '', '58', NULL, 'disponible', 0, 3, '2026-07-24 15:26:38', '2026-07-24 15:26:38'),
(332, 'Nicole Marisol Jara', '', '', '', '', '', '59', NULL, 'disponible', 0, 3, '2026-07-24 15:26:38', '2026-07-24 15:26:38'),
(333, 'Leonardo Ivan Jara', '', '', '', '', '', '60', NULL, 'disponible', 0, 3, '2026-07-24 15:26:38', '2026-07-24 15:26:38'),
(334, 'Barbara Elizabeth Lizama', '', '', '', '', '', '61', NULL, 'disponible', 0, 3, '2026-07-24 15:26:38', '2026-07-24 15:26:38'),
(335, 'Marietta Angelina López', '', '', '', '', '', '62', NULL, 'disponible', 0, 3, '2026-07-24 15:26:38', '2026-07-24 15:26:38'),
(336, 'Olga Loukachevitch', '', '', '', '', '', '63', NULL, 'disponible', 0, 3, '2026-07-24 15:26:38', '2026-07-24 15:26:38'),
(337, 'Pablo Andres Maldonado', '', '', '', '', '', '64', NULL, 'disponible', 0, 3, '2026-07-24 15:26:38', '2026-07-24 15:26:38'),
(338, 'Miguel Andres Malio', '', '', '', '', '', '65', NULL, 'disponible', 0, 3, '2026-07-24 15:26:38', '2026-07-24 15:26:38'),
(339, 'Camila Nicole Malschafsky', '', '', '', '', '', '66', NULL, 'disponible', 0, 3, '2026-07-24 15:26:38', '2026-07-24 15:26:38'),
(340, 'Francisca Belen Mancilla', '', '', '', '', '', '67', NULL, 'disponible', 0, 3, '2026-07-24 15:26:38', '2026-07-24 15:26:38'),
(341, 'Natalia Isabel Manquehual', '', '', '', '', '', '68', NULL, 'disponible', 0, 3, '2026-07-24 15:26:38', '2026-07-24 15:26:38'),
(342, 'Hans Mirko Marnich', '', '', '', '', '', '69', NULL, 'disponible', 0, 3, '2026-07-24 15:26:38', '2026-07-24 15:26:38'),
(343, 'Jocelyn Alejandra Márquez', '', '', '', '', '', '70', NULL, 'disponible', 0, 3, '2026-07-24 15:26:38', '2026-07-24 15:26:38'),
(344, 'Julio Hernan Mendoza', '', '', '', '', '', '71', NULL, 'disponible', 0, 3, '2026-07-24 15:26:38', '2026-07-24 15:26:38'),
(345, 'Marcela Andrea Merino', '', '', '', '', '', '72', NULL, 'disponible', 0, 3, '2026-07-24 15:26:38', '2026-07-24 15:26:38'),
(346, 'David Alfredo Mieres', '', '', '', '', '', '73', NULL, 'disponible', 0, 3, '2026-07-24 15:26:38', '2026-07-24 15:26:38'),
(347, 'Luis Marcelo Montero', '', '', '', '', '', '74', NULL, 'disponible', 0, 3, '2026-07-24 15:26:38', '2026-07-24 15:26:38'),
(348, 'Rodrigo Andres Morales', '', '', '', '', '', '75', NULL, 'disponible', 0, 3, '2026-07-24 15:26:38', '2026-07-24 15:26:38'),
(349, 'Ximena Beatriz Morales', '', '', '', '', '', '76', NULL, 'disponible', 0, 3, '2026-07-24 15:26:38', '2026-07-24 15:26:38'),
(350, 'Felipe Alejandro Morales', '', '', '', '', '', '77', NULL, 'disponible', 0, 3, '2026-07-24 15:26:38', '2026-07-24 15:26:38'),
(351, 'Luciana Jimena Moreno', '', '', '', '', '', '78', NULL, 'disponible', 0, 3, '2026-07-24 15:26:38', '2026-07-24 15:26:38'),
(352, 'Gricel Andrea Muñoz', '', '', '', '', '', '79', NULL, 'disponible', 0, 3, '2026-07-24 15:26:38', '2026-07-24 15:26:38'),
(353, 'Francisca Valentina Muñoz', '', '', '', '', '', '80', NULL, 'disponible', 0, 3, '2026-07-24 15:26:38', '2026-07-24 15:26:38'),
(354, 'Daniela Susana Navarro', '', '', '', '', '', '81', NULL, 'disponible', 0, 3, '2026-07-24 15:26:38', '2026-07-24 15:26:38'),
(355, 'Camila Estrella Novoa', '', '', '', '', '', '82', NULL, 'disponible', 0, 3, '2026-07-24 15:26:38', '2026-07-24 15:26:38'),
(356, 'Claudia Ximena Nuñez', '', '', '', '', '', '83', NULL, 'disponible', 0, 3, '2026-07-24 15:26:38', '2026-07-24 15:26:38'),
(357, 'María Julieta Olivares', '', '', '', '', '', '84', NULL, 'disponible', 0, 3, '2026-07-24 15:26:38', '2026-07-24 15:26:38'),
(358, 'Matias Andres Opazo', '', '', '', '', '', '85', NULL, 'disponible', 0, 3, '2026-07-24 15:26:38', '2026-07-24 15:26:38'),
(359, 'Makarena Constanza Ortiz', '', '', '', '', '', '86', NULL, 'disponible', 0, 3, '2026-07-24 15:26:38', '2026-07-24 15:26:38'),
(360, 'Cecilia Angelina Osorio', '', '', '', '', '', '87', NULL, 'disponible', 0, 3, '2026-07-24 15:26:38', '2026-07-24 15:26:38'),
(361, 'Erika Edith Pacheco', '', '', '', '', '', '88', NULL, 'disponible', 0, 3, '2026-07-24 15:26:38', '2026-07-24 15:26:38'),
(362, 'Carolina Alejandra Peña', '', '', '', '', '', '89', NULL, 'disponible', 0, 3, '2026-07-24 15:26:38', '2026-07-24 15:26:38'),
(363, 'Katty de las N. Pérez', '', '', '', '', '', '90', NULL, 'disponible', 0, 3, '2026-07-24 15:26:38', '2026-07-24 15:26:38'),
(364, 'Sarahis Pierina Pérez', '', '', '', '', '', '91', NULL, 'disponible', 0, 3, '2026-07-24 15:26:38', '2026-07-24 15:26:38'),
(365, 'Tarek Pichara', '', '', '', '', '', '92', NULL, 'disponible', 0, 3, '2026-07-24 15:26:38', '2026-07-24 15:26:38'),
(366, 'Alfredo Pinilla', '', '', '', '', '', '93', NULL, 'disponible', 0, 3, '2026-07-24 15:26:38', '2026-07-24 15:26:38'),
(367, 'Andrew Sebastian Pino', '', '', '', '', '', '94', NULL, 'disponible', 0, 3, '2026-07-24 15:26:38', '2026-07-24 15:26:38'),
(368, 'Vania Lenka Pizarro', '', '', '', '', '', '95', NULL, 'disponible', 0, 3, '2026-07-24 15:26:38', '2026-07-24 15:26:38'),
(369, 'Ruth Maria Poblete', '', '', '', '', '', '96', NULL, 'disponible', 0, 3, '2026-07-24 15:26:38', '2026-07-24 15:26:38'),
(370, 'Rodrigo Martin Pradel', '', '', '', '', '', '97', NULL, 'disponible', 0, 3, '2026-07-24 15:26:38', '2026-07-24 15:26:38'),
(371, 'Natalia Teresa Reyes', '', '', '', '', '', '98', NULL, 'disponible', 0, 3, '2026-07-24 15:26:38', '2026-07-24 15:26:38'),
(372, 'Catalina Noemi Reyes', '', '', '', '', '', '99', NULL, 'disponible', 0, 3, '2026-07-24 15:26:38', '2026-07-24 15:26:38'),
(373, 'Sandra Milena Rincon', '', '', '', '', '', '100', NULL, 'disponible', 0, 3, '2026-07-24 15:26:38', '2026-07-24 15:26:38'),
(374, 'Fernanda Constanza Ríos', '', '', '', '', '', '101', NULL, 'disponible', 0, 3, '2026-07-24 15:26:38', '2026-07-24 15:26:38'),
(375, 'Priscilla Jessica Robles', '', '', '', '', '', '102', NULL, 'disponible', 0, 3, '2026-07-24 15:26:38', '2026-07-24 15:26:38'),
(376, 'Karen Carolina Rojas', '', '', '', '', '', '103', NULL, 'disponible', 0, 3, '2026-07-24 15:26:38', '2026-07-24 15:26:38'),
(377, 'Mitzi Carolina Román', '', '', '', '', '', '104', NULL, 'disponible', 0, 3, '2026-07-24 15:26:38', '2026-07-24 15:26:38'),
(378, 'Sebastian Rubina', '', '', '', '', '', '105', NULL, 'disponible', 0, 3, '2026-07-24 15:26:38', '2026-07-24 15:26:38'),
(379, 'Carlos Andres Rubio', '', '', '', '', '', '106', NULL, 'disponible', 0, 3, '2026-07-24 15:26:38', '2026-07-24 15:26:38'),
(380, 'Nancy Susana Ruíz', '', '', '', '', '', '107', NULL, 'disponible', 0, 3, '2026-07-24 15:26:38', '2026-07-24 15:26:38'),
(381, 'Wladimir John Sánchez', '', '', '', '', '', '108', NULL, 'disponible', 0, 3, '2026-07-24 15:26:38', '2026-07-24 15:26:38'),
(382, 'Valeska Lissette Sánchez', '', '', '', '', '', '109', NULL, 'disponible', 0, 3, '2026-07-24 15:26:38', '2026-07-24 15:26:38'),
(383, 'Genny Alejandra Sánchez', '', '', '', '', '', '110', NULL, 'disponible', 0, 3, '2026-07-24 15:26:38', '2026-07-24 15:26:38'),
(384, 'Camila Fernanda Sánchez', '', '', '', '', '', '111', NULL, 'disponible', 0, 3, '2026-07-24 15:26:38', '2026-07-24 15:26:38'),
(385, 'Marco Antonio Sánchez', '', '', '', '', '', '112', NULL, 'disponible', 0, 3, '2026-07-24 15:26:38', '2026-07-24 15:26:38'),
(386, 'Barbara Mayeli Sánchez', '', '', '', '', '', '113', NULL, 'disponible', 0, 3, '2026-07-24 15:26:38', '2026-07-24 15:26:38'),
(387, 'Camila Fernanda Sanhueza', '', '', '', '', '', '114', NULL, 'disponible', 0, 3, '2026-07-24 15:26:38', '2026-07-24 15:26:38'),
(388, 'Eduardo Andres Schramm', '', '', '', '', '', '115', NULL, 'disponible', 0, 3, '2026-07-24 15:26:38', '2026-07-24 15:26:38'),
(389, 'Aivory Belen Sepúlveda', '', '', '', '', '', '116', NULL, 'disponible', 0, 3, '2026-07-24 15:26:38', '2026-07-24 15:26:38'),
(390, 'Yuri Bladimir Silva', '', '', '', '', '', '117', NULL, 'disponible', 0, 3, '2026-07-24 15:26:38', '2026-07-24 15:26:38'),
(391, 'Macarena Nataly Soto', '', '', '', '', '', '118', NULL, 'disponible', 0, 3, '2026-07-24 15:26:38', '2026-07-24 15:26:38'),
(392, 'Katherine Viviana Soto', '', '', '', '', '', '119', NULL, 'disponible', 0, 3, '2026-07-24 15:26:38', '2026-07-24 15:26:38'),
(393, 'Nicolas Gustavo Turrys', '', '', '', '', '', '120', NULL, 'disponible', 0, 3, '2026-07-24 15:26:38', '2026-07-24 15:26:38'),
(394, 'Pamela Andrea Ulloa', '', '', '', '', '', '121', NULL, 'disponible', 0, 3, '2026-07-24 15:26:38', '2026-07-24 15:26:38'),
(395, 'Paolo Cristobal Uribe', '', '', '', '', '', '122', NULL, 'disponible', 0, 3, '2026-07-24 15:26:38', '2026-07-24 15:26:38'),
(396, 'Humberto Arturo Urzúa', '', '', '', '', '', '123', NULL, 'disponible', 0, 3, '2026-07-24 15:26:38', '2026-07-24 15:26:38'),
(397, 'Rodrigo Alejandro Valderrama', '', '', '', '', '', '124', NULL, 'disponible', 0, 3, '2026-07-24 15:26:38', '2026-07-24 15:26:38'),
(398, 'Macarena del Pilar Valdés', '', '', '', '', '', '125', NULL, 'disponible', 0, 3, '2026-07-24 15:26:38', '2026-07-24 15:26:38'),
(399, 'Matias Ignacio Valenzuela', '', '', '', '', '', '126', NULL, 'disponible', 0, 3, '2026-07-24 15:26:38', '2026-07-24 15:26:38'),
(400, 'Ingrid Paola Vargas', '', '', '', '', '', '127', NULL, 'disponible', 0, 3, '2026-07-24 15:26:38', '2026-07-24 15:26:38'),
(401, 'Maria Loreto Vásquez', '', '', '', '', '', '128', NULL, 'disponible', 0, 3, '2026-07-24 15:26:38', '2026-07-24 15:26:38'),
(402, 'Fernanda Daniela Venegas', '', '', '', '', '', '129', NULL, 'disponible', 0, 3, '2026-07-24 15:26:38', '2026-07-24 15:26:38'),
(403, 'Sergio Andres Venegas', '', '', '', '', '', '130', NULL, 'disponible', 0, 3, '2026-07-24 15:26:38', '2026-07-24 15:26:38'),
(404, 'Michael Hector Vicencio', '', '', '', '', '', '131', NULL, 'disponible', 0, 3, '2026-07-24 15:26:38', '2026-07-24 15:26:38'),
(405, 'Felipe Ivan Vidal', '', '', '', '', '', '132', NULL, 'disponible', 0, 3, '2026-07-24 15:26:38', '2026-07-24 15:26:38'),
(406, 'Catalina Antonia Vilches', '', '', '', '', '', '133', NULL, 'disponible', 0, 3, '2026-07-24 15:26:38', '2026-07-24 15:26:38'),
(407, 'Ninoska Paulina Vivanco', '', '', '', '', '', '134', NULL, 'disponible', 0, 3, '2026-07-24 15:26:38', '2026-07-24 15:26:38'),
(408, 'Angelica Bernarda Yañez', '', '', '', '', '', '135', NULL, 'disponible', 0, 3, '2026-07-24 15:26:38', '2026-07-24 15:26:38'),
(409, 'Jorge Felipe Yevenes', '', '', '', '', '', '136', NULL, 'disponible', 0, 3, '2026-07-24 15:26:38', '2026-07-24 15:26:38'),
(410, 'Nuria Elizabeth Zagal', '', '', '', '', '', '137', NULL, 'disponible', 0, 3, '2026-07-24 15:26:38', '2026-07-24 15:26:38'),
(411, 'Gabriel Lafertte Cárcamo', '', '', '', '', '', '', NULL, 'disponible', 0, NULL, '2026-07-24 15:28:53', '2026-07-24 15:28:53');

-- --------------------------------------------------------

--
-- Estructura de tabla para la tabla `sorteos`
--

CREATE TABLE `sorteos` (
  `id` int(11) NOT NULL,
  `nombre_sorteo` varchar(255) NOT NULL,
  `nombre_premio` varchar(255) DEFAULT NULL,
  `descripcion_premio` text DEFAULT NULL,
  `imagen_premio` varchar(255) DEFAULT NULL,
  `cantidad_ganadores` int(11) NOT NULL DEFAULT 1,
  `observaciones` text DEFAULT NULL,
  `estado` enum('waiting','running','stopping','winner','cancelled','finished') NOT NULL DEFAULT 'waiting',
  `programado_para` datetime DEFAULT NULL,
  `started_at` datetime DEFAULT NULL,
  `stopped_at` datetime DEFAULT NULL,
  `finished_at` datetime DEFAULT NULL,
  `created_by` int(11) DEFAULT NULL,
  `created_at` timestamp NOT NULL DEFAULT current_timestamp(),
  `updated_at` timestamp NOT NULL DEFAULT current_timestamp() ON UPDATE current_timestamp()
) ENGINE=InnoDB DEFAULT CHARSET=utf8mb4 COLLATE=utf8mb4_unicode_ci;

--
-- Volcado de datos para la tabla `sorteos`
--

INSERT INTO `sorteos` (`id`, `nombre_sorteo`, `nombre_premio`, `descripcion_premio`, `imagen_premio`, `cantidad_ganadores`, `observaciones`, `estado`, `programado_para`, `started_at`, `stopped_at`, `finished_at`, `created_by`, `created_at`, `updated_at`) VALUES
(4, 'Fiesta Anual', NULL, NULL, NULL, 1, NULL, 'waiting', NULL, NULL, NULL, NULL, 1, '2026-07-24 14:58:01', '2026-07-24 16:01:33');

-- --------------------------------------------------------

--
-- Estructura de tabla para la tabla `sorteo_ganadores`
--

CREATE TABLE `sorteo_ganadores` (
  `id` int(11) NOT NULL,
  `sorteo_id` int(11) NOT NULL,
  `ronda_id` int(11) DEFAULT NULL,
  `participante_id` int(11) NOT NULL,
  `nombre_premio` varchar(255) DEFAULT NULL,
  `estado` enum('valido','anulado') NOT NULL DEFAULT 'valido',
  `selected_at` datetime DEFAULT NULL,
  `selected_by` int(11) DEFAULT NULL,
  `annulled_at` datetime DEFAULT NULL,
  `annulled_by` int(11) DEFAULT NULL,
  `annulment_reason` varchar(255) DEFAULT NULL,
  `created_at` timestamp NOT NULL DEFAULT current_timestamp(),
  `updated_at` timestamp NOT NULL DEFAULT current_timestamp() ON UPDATE current_timestamp()
) ENGINE=InnoDB DEFAULT CHARSET=utf8mb4 COLLATE=utf8mb4_unicode_ci;

-- --------------------------------------------------------

--
-- Estructura de tabla para la tabla `sorteo_rondas`
--

CREATE TABLE `sorteo_rondas` (
  `id` int(11) NOT NULL,
  `sorteo_id` int(11) NOT NULL,
  `nombre_premio` varchar(255) NOT NULL,
  `estado` enum('running','stopping','winner','cancelled','finished') NOT NULL DEFAULT 'running',
  `started_at` datetime DEFAULT NULL,
  `stopped_at` datetime DEFAULT NULL,
  `cancelled_at` datetime DEFAULT NULL,
  `created_by` int(11) DEFAULT NULL,
  `created_at` timestamp NOT NULL DEFAULT current_timestamp(),
  `updated_at` timestamp NOT NULL DEFAULT current_timestamp() ON UPDATE current_timestamp()
) ENGINE=InnoDB DEFAULT CHARSET=utf8mb4 COLLATE=utf8mb4_unicode_ci;

-- --------------------------------------------------------

--
-- Estructura de tabla para la tabla `votaciones`
--

CREATE TABLE `votaciones` (
  `id` int(11) NOT NULL,
  `codigo_publico` varchar(20) NOT NULL,
  `nombre` varchar(255) NOT NULL,
  `estado` enum('borrador','esperando','activa','pausada','finalizada') NOT NULL DEFAULT 'borrador',
  `cantidad_ganadores` int(11) NOT NULL DEFAULT 3,
  `posiciones_visibles` int(11) NOT NULL DEFAULT 5,
  `orden_participantes` enum('alfabetico','manual','aleatorio') NOT NULL DEFAULT 'alfabetico',
  `asistentes_estimados` int(11) NOT NULL DEFAULT 0,
  `mostrar_resultados_vivo` tinyint(1) NOT NULL DEFAULT 0,
  `mostrar_qr` tinyint(1) NOT NULL DEFAULT 1,
  `mostrar_resultados` tinyint(1) NOT NULL DEFAULT 0,
  `mostrar_ganadores` tinyint(1) NOT NULL DEFAULT 0,
  `ganador_revelado` int(11) NOT NULL DEFAULT 0,
  `logo` varchar(255) DEFAULT NULL,
  `fondo_tipo` enum('animacion','color','imagen','video') NOT NULL DEFAULT 'animacion',
  `fondo_archivo` varchar(255) DEFAULT NULL,
  `fondo_color` varchar(40) DEFAULT NULL,
  `texto_espera` varchar(255) DEFAULT NULL,
  `texto_activa` varchar(255) DEFAULT NULL,
  `texto_pausada` varchar(255) DEFAULT NULL,
  `texto_finalizada` varchar(255) DEFAULT NULL,
  `ronda` int(11) NOT NULL DEFAULT 1,
  `version_token` bigint(20) NOT NULL DEFAULT 0,
  `usuario_admin_id` int(11) DEFAULT NULL,
  `fecha_creacion` timestamp NOT NULL DEFAULT current_timestamp(),
  `fecha_inicio` datetime DEFAULT NULL,
  `fecha_finalizacion` datetime DEFAULT NULL,
  `updated_at` timestamp NOT NULL DEFAULT current_timestamp() ON UPDATE current_timestamp()
) ENGINE=InnoDB DEFAULT CHARSET=utf8mb4 COLLATE=utf8mb4_unicode_ci;

--
-- Volcado de datos para la tabla `votaciones`
--

INSERT INTO `votaciones` (`id`, `codigo_publico`, `nombre`, `estado`, `cantidad_ganadores`, `posiciones_visibles`, `orden_participantes`, `asistentes_estimados`, `mostrar_resultados_vivo`, `mostrar_qr`, `mostrar_resultados`, `mostrar_ganadores`, `ganador_revelado`, `logo`, `fondo_tipo`, `fondo_archivo`, `fondo_color`, `texto_espera`, `texto_activa`, `texto_pausada`, `texto_finalizada`, `ronda`, `version_token`, `usuario_admin_id`, `fecha_creacion`, `fecha_inicio`, `fecha_finalizacion`, `updated_at`) VALUES
(5, 'NH52PQTY', 'Premio Top Gun', 'finalizada', 3, 8, 'alfabetico', 0, 1, 1, 1, 0, 0, 'uploads/votaciones/c15bc05970b0b6cf.png', 'video', 'uploads/votaciones/bd762737db27df14.mp4', '', 'La Votacion esta por comenzar', 'Vota Ahora', 'Votacion pausada', 'Votación Finalizada', 1, 73, 1, '2026-07-24 15:47:39', '2026-07-24 14:30:35', '2026-07-29 13:50:24', '2026-07-29 17:50:24'),
(6, 'JYUZDNJQ', 'Premio Volver al Futuro', 'finalizada', 3, 8, 'alfabetico', 0, 1, 1, 0, 0, 0, 'uploads/votaciones/05cce21264659493.png', 'video', 'uploads/votaciones/d70d84d2a4e3fa46.mp4', '', 'La Votación esta por comenzar', 'Vota Ahora', 'Votación pausada', 'Votación Finalizada', 1, 73, 1, '2026-07-24 15:49:36', '2026-07-24 14:30:39', '2026-07-29 13:49:58', '2026-07-29 17:49:58'),
(7, 'AA5DVXBY', 'Premio Miami Vice Style', 'finalizada', 3, 8, 'alfabetico', 0, 1, 1, 0, 0, 0, 'uploads/votaciones/2e8ae1a647650261.png', 'video', 'uploads/votaciones/ea1280f5aef996bc.mp4', '', 'La Votación esta por comenzar', 'Vota Ahora', 'Votación pausada', 'Votación Finalizada', 1, 76, 1, '2026-07-24 15:51:16', '2026-07-24 14:30:43', '2026-07-29 13:49:32', '2026-07-29 17:49:32'),
(8, 'KUBMLZCG', 'Premio Los Cazafantasmas', 'finalizada', 3, 8, 'alfabetico', 0, 1, 1, 0, 0, 0, 'uploads/votaciones/25b71c45405ae9cc.png', 'video', 'uploads/votaciones/1282be2375dc4a71.mp4', '', 'La Votación esta por comenzar', 'Vota Ahora', 'Votación pausada', 'Votación Finalizada', 1, 88, 1, '2026-07-24 15:52:51', '2026-07-24 14:30:47', '2026-07-29 13:49:20', '2026-07-29 17:49:20'),
(9, 'DMW9C2TU', 'Premio Footloose', 'finalizada', 3, 8, 'alfabetico', 0, 1, 1, 1, 0, 0, 'uploads/votaciones/9efffe8cfc1b045b.png', 'video', 'uploads/votaciones/f6d9c5f91c8ad725.mp4', '', 'La Votación esta por comenzar', 'Vota Ahora', 'Votación pausada', 'Votación Finalizada', 1, 95, 1, '2026-07-24 15:54:11', '2026-07-24 14:30:54', '2026-07-29 13:48:40', '2026-07-29 17:48:52');

-- --------------------------------------------------------

--
-- Estructura de tabla para la tabla `votacion_configuracion`
--

CREATE TABLE `votacion_configuracion` (
  `id` int(11) NOT NULL,
  `votacion_id` int(11) NOT NULL,
  `clave` varchar(80) NOT NULL,
  `valor` text DEFAULT NULL
) ENGINE=InnoDB DEFAULT CHARSET=utf8mb4 COLLATE=utf8mb4_unicode_ci;

-- --------------------------------------------------------

--
-- Estructura de tabla para la tabla `votacion_historial`
--

CREATE TABLE `votacion_historial` (
  `id` int(11) NOT NULL,
  `votacion_id` int(11) DEFAULT NULL,
  `accion` varchar(60) NOT NULL,
  `usuario_admin_id` int(11) DEFAULT NULL,
  `descripcion` varchar(500) DEFAULT NULL,
  `fecha_hora` timestamp NOT NULL DEFAULT current_timestamp()
) ENGINE=InnoDB DEFAULT CHARSET=utf8mb4 COLLATE=utf8mb4_unicode_ci;

--
-- Volcado de datos para la tabla `votacion_historial`
--

INSERT INTO `votacion_historial` (`id`, `votacion_id`, `accion`, `usuario_admin_id`, `descripcion`, `fecha_hora`) VALUES
(43, 5, 'CREAR', 1, 'Votación creada: Premio Top Gun', '2026-07-24 15:47:39'),
(44, 5, 'EDITAR', 1, 'Configuración actualizada', '2026-07-24 15:49:16'),
(45, 6, 'CREAR', 1, 'Votación creada: Premio Volver al Futuro', '2026-07-24 15:49:36'),
(46, 6, 'EDITAR', 1, 'Configuración actualizada', '2026-07-24 15:50:44'),
(47, 7, 'CREAR', 1, 'Votación creada: Premio Miami Vice Style', '2026-07-24 15:51:16'),
(48, 7, 'EDITAR', 1, 'Configuración actualizada', '2026-07-24 15:52:13'),
(49, 8, 'CREAR', 1, 'Votación creada: Premio Los Cazafantasmas', '2026-07-24 15:52:51'),
(50, 8, 'EDITAR', 1, 'Configuración actualizada', '2026-07-24 15:53:44'),
(51, 9, 'CREAR', 1, 'Votación creada: Premio Footloose', '2026-07-24 15:54:11'),
(52, 9, 'EDITAR', 1, 'Configuración actualizada', '2026-07-24 15:55:03'),
(53, 5, 'EDITAR', 1, 'Configuración actualizada', '2026-07-24 16:02:27'),
(54, 5, 'EDITAR', 1, 'Configuración actualizada', '2026-07-24 16:03:12'),
(55, 6, 'EDITAR', 1, 'Configuración actualizada', '2026-07-24 16:04:16'),
(56, 7, 'EDITAR', 1, 'Configuración actualizada', '2026-07-24 16:05:23'),
(57, 8, 'EDITAR', 1, 'Configuración actualizada', '2026-07-24 16:12:24'),
(58, 9, 'EDITAR', 1, 'Configuración actualizada', '2026-07-24 16:13:39'),
(59, 9, 'EDITAR', 1, 'Configuración actualizada', '2026-07-24 16:14:32'),
(60, 9, 'EDITAR', 1, 'Configuración actualizada', '2026-07-24 16:14:52'),
(61, 9, 'EDITAR', 1, 'Configuración actualizada', '2026-07-24 16:15:25'),
(62, 5, 'ACTIVA', 1, 'Estado → activa', '2026-07-24 18:30:35'),
(63, 6, 'ACTIVA', 1, 'Estado → activa', '2026-07-24 18:30:39'),
(64, 7, 'ACTIVA', 1, 'Estado → activa', '2026-07-24 18:30:43'),
(65, 8, 'ACTIVA', 1, 'Estado → activa', '2026-07-24 18:30:47'),
(66, 9, 'ACTIVA', 1, 'Estado → activa', '2026-07-24 18:30:54'),
(67, 5, 'FINALIZADA', 1, 'Estado → finalizada', '2026-07-24 19:19:38'),
(68, 5, 'FINALIZADA', 1, 'Estado → finalizada', '2026-07-24 19:20:24'),
(69, 5, 'FINALIZADA', 1, 'Estado → finalizada', '2026-07-24 19:20:42'),
(70, 7, 'FINALIZADA', 1, 'Estado → finalizada', '2026-07-24 19:21:14'),
(71, 8, 'FINALIZADA', 1, 'Estado → finalizada', '2026-07-24 19:22:04'),
(72, 8, 'PAUSADA', 1, 'Estado → pausada', '2026-07-24 19:23:07'),
(73, 9, 'PAUSADA', 1, 'Estado → pausada', '2026-07-24 19:23:19'),
(74, 7, 'ACTIVA', 1, 'Estado → activa', '2026-07-24 19:23:50'),
(75, 5, 'ACTIVA', 1, 'Estado → activa', '2026-07-24 19:24:12'),
(76, 8, 'ACTIVA', 1, 'Estado → activa', '2026-07-24 19:24:20'),
(77, 9, 'ACTIVA', 1, 'Estado → activa', '2026-07-24 19:24:27'),
(78, 5, 'EDITAR', 1, 'Configuración actualizada', '2026-07-24 19:32:38'),
(79, 5, 'EDITAR', 1, 'Configuración actualizada', '2026-07-24 19:32:47'),
(80, 5, 'EDITAR', 1, 'Configuración actualizada', '2026-07-24 19:32:56'),
(81, 6, 'EDITAR', 1, 'Configuración actualizada', '2026-07-24 19:33:08'),
(82, 7, 'EDITAR', 1, 'Configuración actualizada', '2026-07-24 19:33:26'),
(83, 8, 'EDITAR', 1, 'Configuración actualizada', '2026-07-24 19:33:37'),
(84, 9, 'EDITAR', 1, 'Configuración actualizada', '2026-07-24 19:33:47'),
(85, 5, 'GANADORES', 1, 'dir=all revelados=3', '2026-07-24 20:38:11'),
(86, 5, 'FINALIZADA', 1, 'Estado → finalizada', '2026-07-24 20:38:17'),
(87, 5, 'TOGGLE', 1, 'mostrar_resultados = 1', '2026-07-24 20:38:19'),
(88, 5, 'GANADORES', 1, 'dir=all revelados=3', '2026-07-24 20:38:22'),
(89, 6, 'FINALIZADA', 1, 'Estado → finalizada', '2026-07-24 20:40:05'),
(90, 6, 'GANADORES', 1, 'dir=all revelados=3', '2026-07-24 20:40:07'),
(91, 7, 'FINALIZADA', 1, 'Estado → finalizada', '2026-07-24 20:41:54'),
(92, 7, 'GANADORES', 1, 'dir=all revelados=3', '2026-07-24 20:41:57'),
(93, 8, 'FINALIZADA', 1, 'Estado → finalizada', '2026-07-24 20:43:17'),
(94, 8, 'GANADORES', 1, 'dir=all revelados=3', '2026-07-24 20:43:20'),
(95, 9, 'FINALIZADA', 1, 'Estado → finalizada', '2026-07-24 20:44:34'),
(96, 9, 'GANADORES', 1, 'dir=all revelados=3', '2026-07-24 20:44:37'),
(97, 9, 'FINALIZADA', 1, 'Estado → finalizada', '2026-07-29 17:48:40'),
(98, 9, 'TOGGLE', 1, 'mostrar_resultados = 1', '2026-07-29 17:48:52'),
(99, 8, 'FINALIZADA', 1, 'Estado → finalizada', '2026-07-29 17:49:20'),
(100, 7, 'FINALIZADA', 1, 'Estado → finalizada', '2026-07-29 17:49:32'),
(101, 6, 'FINALIZADA', 1, 'Estado → finalizada', '2026-07-29 17:49:58'),
(102, 5, 'FINALIZADA', 1, 'Estado → finalizada', '2026-07-29 17:50:24');

-- --------------------------------------------------------

--
-- Estructura de tabla para la tabla `votacion_participantes`
--

CREATE TABLE `votacion_participantes` (
  `id` int(11) NOT NULL,
  `votacion_id` int(11) NOT NULL,
  `participante_id` int(11) NOT NULL,
  `orden` int(11) NOT NULL DEFAULT 0,
  `activo` tinyint(1) NOT NULL DEFAULT 1
) ENGINE=InnoDB DEFAULT CHARSET=utf8mb4 COLLATE=utf8mb4_unicode_ci;

--
-- Volcado de datos para la tabla `votacion_participantes`
--

INSERT INTO `votacion_participantes` (`id`, `votacion_id`, `participante_id`, `orden`, `activo`) VALUES
(681, 2, 115, 0, 1),
(682, 2, 31, 1, 1),
(683, 2, 93, 2, 1),
(684, 2, 1, 3, 1),
(685, 2, 42, 4, 1),
(686, 2, 19, 5, 1),
(687, 2, 94, 6, 1),
(688, 2, 134, 7, 1),
(689, 2, 11, 8, 1),
(690, 2, 22, 9, 1),
(691, 2, 55, 10, 1),
(692, 2, 61, 11, 1),
(693, 2, 30, 12, 1),
(694, 2, 32, 13, 1),
(695, 2, 113, 14, 1),
(696, 2, 8, 15, 1),
(697, 2, 41, 16, 1),
(698, 2, 82, 17, 1),
(699, 2, 111, 18, 1),
(700, 2, 66, 19, 1),
(701, 2, 106, 20, 1),
(702, 2, 89, 21, 1),
(703, 2, 132, 22, 1),
(704, 2, 99, 23, 1),
(705, 2, 87, 24, 1),
(706, 2, 13, 25, 1),
(707, 2, 83, 26, 1),
(708, 2, 50, 27, 1),
(709, 2, 12, 28, 1),
(710, 2, 53, 29, 1),
(711, 2, 81, 30, 1),
(712, 2, 73, 31, 1),
(713, 2, 114, 32, 1),
(714, 2, 26, 33, 1),
(715, 2, 88, 34, 1),
(716, 2, 47, 35, 1),
(717, 2, 77, 36, 1),
(718, 2, 131, 37, 1),
(719, 2, 101, 38, 1),
(720, 2, 128, 39, 1),
(721, 2, 14, 40, 1),
(722, 2, 23, 41, 1),
(723, 2, 45, 42, 1),
(724, 2, 67, 43, 1),
(725, 2, 80, 44, 1),
(726, 2, 44, 45, 1),
(727, 2, 110, 46, 1),
(728, 2, 38, 47, 1),
(729, 2, 79, 48, 1),
(730, 2, 69, 49, 1),
(731, 2, 122, 50, 1),
(732, 2, 126, 51, 1),
(733, 2, 33, 52, 1),
(734, 2, 46, 53, 1),
(735, 2, 49, 54, 1),
(736, 2, 70, 55, 1),
(737, 2, 9, 56, 1),
(738, 2, 18, 57, 1),
(739, 2, 135, 58, 1),
(740, 2, 20, 59, 1),
(741, 2, 48, 60, 1),
(742, 2, 56, 61, 1),
(743, 2, 71, 62, 1),
(744, 2, 103, 63, 1),
(745, 2, 43, 64, 1),
(746, 2, 58, 65, 1),
(747, 2, 37, 66, 1),
(748, 2, 118, 67, 1),
(749, 2, 90, 68, 1),
(750, 2, 52, 69, 1),
(751, 2, 60, 70, 1),
(752, 2, 54, 71, 1),
(753, 2, 29, 72, 1),
(754, 2, 25, 73, 1),
(755, 2, 78, 74, 1),
(756, 2, 74, 75, 1),
(757, 2, 124, 76, 1),
(758, 2, 3, 77, 1),
(759, 2, 117, 78, 1),
(760, 2, 86, 79, 1),
(761, 2, 72, 80, 1),
(762, 2, 112, 81, 1),
(763, 2, 4, 82, 1),
(764, 2, 35, 83, 1),
(765, 2, 15, 84, 1),
(766, 2, 84, 85, 1),
(767, 2, 127, 86, 1),
(768, 2, 39, 87, 1),
(769, 2, 62, 88, 1),
(770, 2, 10, 89, 1),
(771, 2, 85, 90, 1),
(772, 2, 125, 91, 1),
(773, 2, 130, 92, 1),
(774, 2, 65, 93, 1),
(775, 2, 2, 94, 1),
(776, 2, 104, 95, 1),
(777, 2, 107, 96, 1),
(778, 2, 51, 97, 1),
(779, 2, 68, 98, 1),
(780, 2, 98, 99, 1),
(781, 2, 119, 100, 1),
(782, 2, 59, 101, 1),
(783, 2, 133, 102, 1),
(784, 2, 34, 103, 1),
(785, 2, 136, 104, 1),
(786, 2, 63, 105, 1),
(787, 2, 28, 106, 1),
(788, 2, 64, 107, 1),
(789, 2, 120, 108, 1),
(790, 2, 121, 109, 1),
(791, 2, 36, 110, 1),
(792, 2, 102, 111, 1),
(793, 2, 24, 112, 1),
(794, 2, 123, 113, 1),
(795, 2, 75, 114, 1),
(796, 2, 97, 115, 1),
(797, 2, 21, 116, 1),
(798, 2, 16, 117, 1),
(799, 2, 27, 118, 1),
(800, 2, 96, 119, 1),
(801, 2, 100, 120, 1),
(802, 2, 91, 121, 1),
(803, 2, 105, 122, 1),
(804, 2, 129, 123, 1),
(805, 2, 92, 124, 1),
(806, 2, 40, 125, 1),
(807, 2, 17, 126, 1),
(808, 2, 109, 127, 1),
(809, 2, 95, 128, 1),
(810, 2, 6, 129, 1),
(811, 2, 5, 130, 1),
(812, 2, 108, 131, 1),
(813, 2, 76, 132, 1),
(814, 2, 7, 133, 1),
(815, 2, 57, 134, 1),
(816, 2, 116, 135, 1),
(817, 3, 115, 0, 1),
(818, 3, 31, 1, 1),
(819, 3, 93, 2, 1),
(820, 3, 1, 3, 1),
(821, 3, 42, 4, 1),
(822, 3, 19, 5, 1),
(823, 3, 94, 6, 1),
(824, 3, 134, 7, 1),
(825, 3, 11, 8, 1),
(826, 3, 22, 9, 1),
(827, 3, 55, 10, 1),
(828, 3, 61, 11, 1),
(829, 3, 30, 12, 1),
(830, 3, 32, 13, 1),
(831, 3, 113, 14, 1),
(832, 3, 8, 15, 1),
(833, 3, 41, 16, 1),
(834, 3, 82, 17, 1),
(835, 3, 111, 18, 1),
(836, 3, 66, 19, 1),
(837, 3, 106, 20, 1),
(838, 3, 89, 21, 1),
(839, 3, 132, 22, 1),
(840, 3, 99, 23, 1),
(841, 3, 87, 24, 1),
(842, 3, 13, 25, 1),
(843, 3, 83, 26, 1),
(844, 3, 50, 27, 1),
(845, 3, 12, 28, 1),
(846, 3, 53, 29, 1),
(847, 3, 81, 30, 1),
(848, 3, 73, 31, 1),
(849, 3, 114, 32, 1),
(850, 3, 26, 33, 1),
(851, 3, 88, 34, 1),
(852, 3, 47, 35, 1),
(853, 3, 77, 36, 1),
(854, 3, 131, 37, 1),
(855, 3, 101, 38, 1),
(856, 3, 128, 39, 1),
(857, 3, 14, 40, 1),
(858, 3, 23, 41, 1),
(859, 3, 45, 42, 1),
(860, 3, 67, 43, 1),
(861, 3, 80, 44, 1),
(862, 3, 44, 45, 1),
(863, 3, 110, 46, 1),
(864, 3, 38, 47, 1),
(865, 3, 79, 48, 1),
(866, 3, 69, 49, 1),
(867, 3, 122, 50, 1),
(868, 3, 126, 51, 1),
(869, 3, 33, 52, 1),
(870, 3, 46, 53, 1),
(871, 3, 49, 54, 1),
(872, 3, 70, 55, 1),
(873, 3, 9, 56, 1),
(874, 3, 18, 57, 1),
(875, 3, 135, 58, 1),
(876, 3, 20, 59, 1),
(877, 3, 48, 60, 1),
(878, 3, 56, 61, 1),
(879, 3, 71, 62, 1),
(880, 3, 103, 63, 1),
(881, 3, 43, 64, 1),
(882, 3, 58, 65, 1),
(883, 3, 37, 66, 1),
(884, 3, 118, 67, 1),
(885, 3, 90, 68, 1),
(886, 3, 52, 69, 1),
(887, 3, 60, 70, 1),
(888, 3, 54, 71, 1),
(889, 3, 29, 72, 1),
(890, 3, 25, 73, 1),
(891, 3, 78, 74, 1),
(892, 3, 74, 75, 1),
(893, 3, 124, 76, 1),
(894, 3, 3, 77, 1),
(895, 3, 117, 78, 1),
(896, 3, 86, 79, 1),
(897, 3, 72, 80, 1),
(898, 3, 112, 81, 1),
(899, 3, 4, 82, 1),
(900, 3, 35, 83, 1),
(901, 3, 15, 84, 1),
(902, 3, 84, 85, 1),
(903, 3, 127, 86, 1),
(904, 3, 39, 87, 1),
(905, 3, 62, 88, 1),
(906, 3, 10, 89, 1),
(907, 3, 85, 90, 1),
(908, 3, 125, 91, 1),
(909, 3, 130, 92, 1),
(910, 3, 65, 93, 1),
(911, 3, 2, 94, 1),
(912, 3, 104, 95, 1),
(913, 3, 107, 96, 1),
(914, 3, 51, 97, 1),
(915, 3, 68, 98, 1),
(916, 3, 98, 99, 1),
(917, 3, 119, 100, 1),
(918, 3, 59, 101, 1),
(919, 3, 133, 102, 1),
(920, 3, 34, 103, 1),
(921, 3, 136, 104, 1),
(922, 3, 63, 105, 1),
(923, 3, 28, 106, 1),
(924, 3, 64, 107, 1),
(925, 3, 120, 108, 1),
(926, 3, 121, 109, 1),
(927, 3, 36, 110, 1),
(928, 3, 102, 111, 1),
(929, 3, 24, 112, 1),
(930, 3, 123, 113, 1),
(931, 3, 75, 114, 1),
(932, 3, 97, 115, 1),
(933, 3, 21, 116, 1),
(934, 3, 16, 117, 1),
(935, 3, 27, 118, 1),
(936, 3, 96, 119, 1),
(937, 3, 100, 120, 1),
(938, 3, 91, 121, 1),
(939, 3, 105, 122, 1),
(940, 3, 129, 123, 1),
(941, 3, 92, 124, 1),
(942, 3, 40, 125, 1),
(943, 3, 17, 126, 1),
(944, 3, 109, 127, 1),
(945, 3, 95, 128, 1),
(946, 3, 6, 129, 1),
(947, 3, 5, 130, 1),
(948, 3, 108, 131, 1),
(949, 3, 76, 132, 1),
(950, 3, 7, 133, 1),
(951, 3, 57, 134, 1),
(952, 3, 116, 135, 1),
(3298, 5, 389, 0, 1),
(3299, 5, 304, 1, 1),
(3300, 5, 366, 2, 1),
(3301, 5, 274, 3, 1),
(3302, 5, 315, 4, 1),
(3303, 5, 292, 5, 1),
(3304, 5, 367, 6, 1),
(3305, 5, 408, 7, 1),
(3306, 5, 284, 8, 1),
(3307, 5, 295, 9, 1),
(3308, 5, 334, 10, 1),
(3309, 5, 303, 11, 1),
(3310, 5, 328, 12, 1),
(3311, 5, 305, 13, 1),
(3312, 5, 386, 14, 1),
(3313, 5, 281, 15, 1),
(3314, 5, 314, 16, 1),
(3315, 5, 355, 17, 1),
(3316, 5, 384, 18, 1),
(3317, 5, 387, 19, 1),
(3318, 5, 339, 20, 1),
(3319, 5, 379, 21, 1),
(3320, 5, 362, 22, 1),
(3321, 5, 406, 23, 1),
(3322, 5, 372, 24, 1),
(3323, 5, 360, 25, 1),
(3324, 5, 286, 26, 1),
(3325, 5, 356, 27, 1),
(3326, 5, 323, 28, 1),
(3327, 5, 285, 29, 1),
(3328, 5, 326, 30, 1),
(3329, 5, 354, 31, 1),
(3330, 5, 346, 32, 1),
(3331, 5, 388, 33, 1),
(3332, 5, 299, 34, 1),
(3333, 5, 361, 35, 1),
(3334, 5, 320, 36, 1),
(3335, 5, 350, 37, 1),
(3336, 5, 405, 38, 1),
(3337, 5, 374, 39, 1),
(3338, 5, 402, 40, 1),
(3339, 5, 287, 41, 1),
(3340, 5, 296, 42, 1),
(3341, 5, 318, 43, 1),
(3342, 5, 340, 44, 1),
(3343, 5, 353, 45, 1),
(3344, 5, 317, 46, 1),
(3345, 5, 411, 47, 1),
(3346, 5, 383, 48, 1),
(3347, 5, 311, 49, 1),
(3348, 5, 352, 50, 1),
(3349, 5, 342, 51, 1),
(3350, 5, 396, 52, 1),
(3351, 5, 400, 53, 1),
(3352, 5, 306, 54, 1),
(3353, 5, 319, 55, 1),
(3354, 5, 322, 56, 1),
(3355, 5, 343, 57, 1),
(3356, 5, 282, 58, 1),
(3357, 5, 291, 59, 1),
(3358, 5, 409, 60, 1),
(3359, 5, 293, 61, 1),
(3360, 5, 321, 62, 1),
(3361, 5, 329, 63, 1),
(3362, 5, 344, 64, 1),
(3363, 5, 376, 65, 1),
(3364, 5, 316, 66, 1),
(3365, 5, 331, 67, 1),
(3366, 5, 310, 68, 1),
(3367, 5, 392, 69, 1),
(3368, 5, 363, 70, 1),
(3369, 5, 325, 71, 1),
(3370, 5, 333, 72, 1),
(3371, 5, 327, 73, 1),
(3372, 5, 302, 74, 1),
(3373, 5, 298, 75, 1),
(3374, 5, 351, 76, 1),
(3375, 5, 347, 77, 1),
(3376, 5, 398, 78, 1),
(3377, 5, 276, 79, 1),
(3378, 5, 391, 80, 1),
(3379, 5, 359, 81, 1),
(3380, 5, 345, 82, 1),
(3381, 5, 385, 83, 1),
(3382, 5, 277, 84, 1),
(3383, 5, 308, 85, 1),
(3384, 5, 288, 86, 1),
(3385, 5, 357, 87, 1),
(3386, 5, 401, 88, 1),
(3387, 5, 312, 89, 1),
(3388, 5, 335, 90, 1),
(3389, 5, 283, 91, 1),
(3390, 5, 358, 92, 1),
(3391, 5, 399, 93, 1),
(3392, 5, 404, 94, 1),
(3393, 5, 338, 95, 1),
(3394, 5, 275, 96, 1),
(3395, 5, 377, 97, 1),
(3396, 5, 380, 98, 1),
(3397, 5, 324, 99, 1),
(3398, 5, 341, 100, 1),
(3399, 5, 371, 101, 1),
(3400, 5, 393, 102, 1),
(3401, 5, 332, 103, 1),
(3402, 5, 407, 104, 1),
(3403, 5, 307, 105, 1),
(3404, 5, 410, 106, 1),
(3405, 5, 336, 107, 1),
(3406, 5, 301, 108, 1),
(3407, 5, 337, 109, 1),
(3408, 5, 394, 110, 1),
(3409, 5, 395, 111, 1),
(3410, 5, 309, 112, 1),
(3411, 5, 375, 113, 1),
(3412, 5, 297, 114, 1),
(3413, 5, 397, 115, 1),
(3414, 5, 348, 116, 1),
(3415, 5, 370, 117, 1),
(3416, 5, 294, 118, 1),
(3417, 5, 289, 119, 1),
(3418, 5, 300, 120, 1),
(3419, 5, 369, 121, 1),
(3420, 5, 373, 122, 1),
(3421, 5, 364, 123, 1),
(3422, 5, 378, 124, 1),
(3423, 5, 403, 125, 1),
(3424, 5, 365, 126, 1),
(3425, 5, 313, 127, 1),
(3426, 5, 290, 128, 1),
(3427, 5, 382, 129, 1),
(3428, 5, 368, 130, 1),
(3429, 5, 279, 131, 1),
(3430, 5, 278, 132, 1),
(3431, 5, 381, 133, 1),
(3432, 5, 349, 134, 1),
(3433, 5, 280, 135, 1),
(3434, 5, 330, 136, 1),
(3435, 5, 390, 137, 1),
(3436, 6, 389, 0, 1),
(3437, 6, 304, 1, 1),
(3438, 6, 366, 2, 1),
(3439, 6, 274, 3, 1),
(3440, 6, 315, 4, 1),
(3441, 6, 292, 5, 1),
(3442, 6, 367, 6, 1),
(3443, 6, 408, 7, 1),
(3444, 6, 284, 8, 1),
(3445, 6, 295, 9, 1),
(3446, 6, 334, 10, 1),
(3447, 6, 303, 11, 1),
(3448, 6, 328, 12, 1),
(3449, 6, 305, 13, 1),
(3450, 6, 386, 14, 1),
(3451, 6, 281, 15, 1),
(3452, 6, 314, 16, 1),
(3453, 6, 355, 17, 1),
(3454, 6, 384, 18, 1),
(3455, 6, 387, 19, 1),
(3456, 6, 339, 20, 1),
(3457, 6, 379, 21, 1),
(3458, 6, 362, 22, 1),
(3459, 6, 406, 23, 1),
(3460, 6, 372, 24, 1),
(3461, 6, 360, 25, 1),
(3462, 6, 286, 26, 1),
(3463, 6, 356, 27, 1),
(3464, 6, 323, 28, 1),
(3465, 6, 285, 29, 1),
(3466, 6, 326, 30, 1),
(3467, 6, 354, 31, 1),
(3468, 6, 346, 32, 1),
(3469, 6, 388, 33, 1),
(3470, 6, 299, 34, 1),
(3471, 6, 361, 35, 1),
(3472, 6, 320, 36, 1),
(3473, 6, 350, 37, 1),
(3474, 6, 405, 38, 1),
(3475, 6, 374, 39, 1),
(3476, 6, 402, 40, 1),
(3477, 6, 287, 41, 1),
(3478, 6, 296, 42, 1),
(3479, 6, 318, 43, 1),
(3480, 6, 340, 44, 1),
(3481, 6, 353, 45, 1),
(3482, 6, 317, 46, 1),
(3483, 6, 411, 47, 1),
(3484, 6, 383, 48, 1),
(3485, 6, 311, 49, 1),
(3486, 6, 352, 50, 1),
(3487, 6, 342, 51, 1),
(3488, 6, 396, 52, 1),
(3489, 6, 400, 53, 1),
(3490, 6, 306, 54, 1),
(3491, 6, 319, 55, 1),
(3492, 6, 322, 56, 1),
(3493, 6, 343, 57, 1),
(3494, 6, 282, 58, 1),
(3495, 6, 291, 59, 1),
(3496, 6, 409, 60, 1),
(3497, 6, 293, 61, 1),
(3498, 6, 321, 62, 1),
(3499, 6, 329, 63, 1),
(3500, 6, 344, 64, 1),
(3501, 6, 376, 65, 1),
(3502, 6, 316, 66, 1),
(3503, 6, 331, 67, 1),
(3504, 6, 310, 68, 1),
(3505, 6, 392, 69, 1),
(3506, 6, 363, 70, 1),
(3507, 6, 325, 71, 1),
(3508, 6, 333, 72, 1),
(3509, 6, 327, 73, 1),
(3510, 6, 302, 74, 1),
(3511, 6, 298, 75, 1),
(3512, 6, 351, 76, 1),
(3513, 6, 347, 77, 1),
(3514, 6, 398, 78, 1),
(3515, 6, 276, 79, 1),
(3516, 6, 391, 80, 1),
(3517, 6, 359, 81, 1),
(3518, 6, 345, 82, 1),
(3519, 6, 385, 83, 1),
(3520, 6, 277, 84, 1),
(3521, 6, 308, 85, 1),
(3522, 6, 288, 86, 1),
(3523, 6, 357, 87, 1),
(3524, 6, 401, 88, 1),
(3525, 6, 312, 89, 1),
(3526, 6, 335, 90, 1),
(3527, 6, 283, 91, 1),
(3528, 6, 358, 92, 1),
(3529, 6, 399, 93, 1),
(3530, 6, 404, 94, 1),
(3531, 6, 338, 95, 1),
(3532, 6, 275, 96, 1),
(3533, 6, 377, 97, 1),
(3534, 6, 380, 98, 1),
(3535, 6, 324, 99, 1),
(3536, 6, 341, 100, 1),
(3537, 6, 371, 101, 1),
(3538, 6, 393, 102, 1),
(3539, 6, 332, 103, 1),
(3540, 6, 407, 104, 1),
(3541, 6, 307, 105, 1),
(3542, 6, 410, 106, 1),
(3543, 6, 336, 107, 1),
(3544, 6, 301, 108, 1),
(3545, 6, 337, 109, 1),
(3546, 6, 394, 110, 1),
(3547, 6, 395, 111, 1),
(3548, 6, 309, 112, 1),
(3549, 6, 375, 113, 1),
(3550, 6, 297, 114, 1),
(3551, 6, 397, 115, 1),
(3552, 6, 348, 116, 1),
(3553, 6, 370, 117, 1),
(3554, 6, 294, 118, 1),
(3555, 6, 289, 119, 1),
(3556, 6, 300, 120, 1),
(3557, 6, 369, 121, 1),
(3558, 6, 373, 122, 1),
(3559, 6, 364, 123, 1),
(3560, 6, 378, 124, 1),
(3561, 6, 403, 125, 1),
(3562, 6, 365, 126, 1),
(3563, 6, 313, 127, 1),
(3564, 6, 290, 128, 1),
(3565, 6, 382, 129, 1),
(3566, 6, 368, 130, 1),
(3567, 6, 279, 131, 1),
(3568, 6, 278, 132, 1),
(3569, 6, 381, 133, 1),
(3570, 6, 349, 134, 1),
(3571, 6, 280, 135, 1),
(3572, 6, 330, 136, 1),
(3573, 6, 390, 137, 1),
(3574, 7, 389, 0, 1),
(3575, 7, 304, 1, 1),
(3576, 7, 366, 2, 1),
(3577, 7, 274, 3, 1),
(3578, 7, 315, 4, 1),
(3579, 7, 292, 5, 1),
(3580, 7, 367, 6, 1),
(3581, 7, 408, 7, 1),
(3582, 7, 284, 8, 1),
(3583, 7, 295, 9, 1),
(3584, 7, 334, 10, 1),
(3585, 7, 303, 11, 1),
(3586, 7, 328, 12, 1),
(3587, 7, 305, 13, 1),
(3588, 7, 386, 14, 1),
(3589, 7, 281, 15, 1),
(3590, 7, 314, 16, 1),
(3591, 7, 355, 17, 1),
(3592, 7, 384, 18, 1),
(3593, 7, 387, 19, 1),
(3594, 7, 339, 20, 1),
(3595, 7, 379, 21, 1),
(3596, 7, 362, 22, 1),
(3597, 7, 406, 23, 1),
(3598, 7, 372, 24, 1),
(3599, 7, 360, 25, 1),
(3600, 7, 286, 26, 1),
(3601, 7, 356, 27, 1),
(3602, 7, 323, 28, 1),
(3603, 7, 285, 29, 1),
(3604, 7, 326, 30, 1),
(3605, 7, 354, 31, 1),
(3606, 7, 346, 32, 1),
(3607, 7, 388, 33, 1),
(3608, 7, 299, 34, 1),
(3609, 7, 361, 35, 1),
(3610, 7, 320, 36, 1),
(3611, 7, 350, 37, 1),
(3612, 7, 405, 38, 1),
(3613, 7, 374, 39, 1),
(3614, 7, 402, 40, 1),
(3615, 7, 287, 41, 1),
(3616, 7, 296, 42, 1),
(3617, 7, 318, 43, 1),
(3618, 7, 340, 44, 1),
(3619, 7, 353, 45, 1),
(3620, 7, 317, 46, 1),
(3621, 7, 411, 47, 1),
(3622, 7, 383, 48, 1),
(3623, 7, 311, 49, 1),
(3624, 7, 352, 50, 1),
(3625, 7, 342, 51, 1),
(3626, 7, 396, 52, 1),
(3627, 7, 400, 53, 1),
(3628, 7, 306, 54, 1),
(3629, 7, 319, 55, 1),
(3630, 7, 322, 56, 1),
(3631, 7, 343, 57, 1),
(3632, 7, 282, 58, 1),
(3633, 7, 291, 59, 1),
(3634, 7, 409, 60, 1),
(3635, 7, 293, 61, 1),
(3636, 7, 321, 62, 1),
(3637, 7, 329, 63, 1),
(3638, 7, 344, 64, 1),
(3639, 7, 376, 65, 1),
(3640, 7, 316, 66, 1),
(3641, 7, 331, 67, 1),
(3642, 7, 310, 68, 1),
(3643, 7, 392, 69, 1),
(3644, 7, 363, 70, 1),
(3645, 7, 325, 71, 1),
(3646, 7, 333, 72, 1),
(3647, 7, 327, 73, 1),
(3648, 7, 302, 74, 1),
(3649, 7, 298, 75, 1),
(3650, 7, 351, 76, 1),
(3651, 7, 347, 77, 1),
(3652, 7, 398, 78, 1),
(3653, 7, 276, 79, 1),
(3654, 7, 391, 80, 1),
(3655, 7, 359, 81, 1),
(3656, 7, 345, 82, 1),
(3657, 7, 385, 83, 1),
(3658, 7, 277, 84, 1),
(3659, 7, 308, 85, 1),
(3660, 7, 288, 86, 1),
(3661, 7, 357, 87, 1),
(3662, 7, 401, 88, 1),
(3663, 7, 312, 89, 1),
(3664, 7, 335, 90, 1),
(3665, 7, 283, 91, 1),
(3666, 7, 358, 92, 1),
(3667, 7, 399, 93, 1),
(3668, 7, 404, 94, 1),
(3669, 7, 338, 95, 1),
(3670, 7, 275, 96, 1),
(3671, 7, 377, 97, 1),
(3672, 7, 380, 98, 1),
(3673, 7, 324, 99, 1),
(3674, 7, 341, 100, 1),
(3675, 7, 371, 101, 1),
(3676, 7, 393, 102, 1),
(3677, 7, 332, 103, 1),
(3678, 7, 407, 104, 1),
(3679, 7, 307, 105, 1),
(3680, 7, 410, 106, 1),
(3681, 7, 336, 107, 1),
(3682, 7, 301, 108, 1),
(3683, 7, 337, 109, 1),
(3684, 7, 394, 110, 1),
(3685, 7, 395, 111, 1),
(3686, 7, 309, 112, 1),
(3687, 7, 375, 113, 1),
(3688, 7, 297, 114, 1),
(3689, 7, 397, 115, 1),
(3690, 7, 348, 116, 1),
(3691, 7, 370, 117, 1),
(3692, 7, 294, 118, 1),
(3693, 7, 289, 119, 1),
(3694, 7, 300, 120, 1),
(3695, 7, 369, 121, 1),
(3696, 7, 373, 122, 1),
(3697, 7, 364, 123, 1),
(3698, 7, 378, 124, 1),
(3699, 7, 403, 125, 1),
(3700, 7, 365, 126, 1),
(3701, 7, 313, 127, 1),
(3702, 7, 290, 128, 1),
(3703, 7, 382, 129, 1),
(3704, 7, 368, 130, 1),
(3705, 7, 279, 131, 1),
(3706, 7, 278, 132, 1),
(3707, 7, 381, 133, 1),
(3708, 7, 349, 134, 1),
(3709, 7, 280, 135, 1),
(3710, 7, 330, 136, 1),
(3711, 7, 390, 137, 1),
(3712, 8, 389, 0, 1),
(3713, 8, 304, 1, 1),
(3714, 8, 366, 2, 1),
(3715, 8, 274, 3, 1),
(3716, 8, 315, 4, 1),
(3717, 8, 292, 5, 1),
(3718, 8, 367, 6, 1),
(3719, 8, 408, 7, 1),
(3720, 8, 284, 8, 1),
(3721, 8, 295, 9, 1),
(3722, 8, 334, 10, 1),
(3723, 8, 303, 11, 1),
(3724, 8, 328, 12, 1),
(3725, 8, 305, 13, 1),
(3726, 8, 386, 14, 1),
(3727, 8, 281, 15, 1),
(3728, 8, 314, 16, 1),
(3729, 8, 355, 17, 1),
(3730, 8, 384, 18, 1),
(3731, 8, 387, 19, 1),
(3732, 8, 339, 20, 1),
(3733, 8, 379, 21, 1),
(3734, 8, 362, 22, 1),
(3735, 8, 406, 23, 1),
(3736, 8, 372, 24, 1),
(3737, 8, 360, 25, 1),
(3738, 8, 286, 26, 1),
(3739, 8, 356, 27, 1),
(3740, 8, 323, 28, 1),
(3741, 8, 285, 29, 1),
(3742, 8, 326, 30, 1),
(3743, 8, 354, 31, 1),
(3744, 8, 346, 32, 1),
(3745, 8, 388, 33, 1),
(3746, 8, 299, 34, 1),
(3747, 8, 361, 35, 1),
(3748, 8, 320, 36, 1),
(3749, 8, 350, 37, 1),
(3750, 8, 405, 38, 1),
(3751, 8, 374, 39, 1),
(3752, 8, 402, 40, 1),
(3753, 8, 287, 41, 1),
(3754, 8, 296, 42, 1),
(3755, 8, 318, 43, 1),
(3756, 8, 340, 44, 1),
(3757, 8, 353, 45, 1),
(3758, 8, 317, 46, 1),
(3759, 8, 411, 47, 1),
(3760, 8, 383, 48, 1),
(3761, 8, 311, 49, 1),
(3762, 8, 352, 50, 1),
(3763, 8, 342, 51, 1),
(3764, 8, 396, 52, 1),
(3765, 8, 400, 53, 1),
(3766, 8, 306, 54, 1),
(3767, 8, 319, 55, 1),
(3768, 8, 322, 56, 1),
(3769, 8, 343, 57, 1),
(3770, 8, 282, 58, 1),
(3771, 8, 291, 59, 1),
(3772, 8, 409, 60, 1),
(3773, 8, 293, 61, 1),
(3774, 8, 321, 62, 1),
(3775, 8, 329, 63, 1),
(3776, 8, 344, 64, 1),
(3777, 8, 376, 65, 1),
(3778, 8, 316, 66, 1),
(3779, 8, 331, 67, 1),
(3780, 8, 310, 68, 1),
(3781, 8, 392, 69, 1),
(3782, 8, 363, 70, 1),
(3783, 8, 325, 71, 1),
(3784, 8, 333, 72, 1),
(3785, 8, 327, 73, 1),
(3786, 8, 302, 74, 1),
(3787, 8, 298, 75, 1),
(3788, 8, 351, 76, 1),
(3789, 8, 347, 77, 1),
(3790, 8, 398, 78, 1),
(3791, 8, 276, 79, 1),
(3792, 8, 391, 80, 1),
(3793, 8, 359, 81, 1),
(3794, 8, 345, 82, 1),
(3795, 8, 385, 83, 1),
(3796, 8, 277, 84, 1),
(3797, 8, 308, 85, 1),
(3798, 8, 288, 86, 1),
(3799, 8, 357, 87, 1),
(3800, 8, 401, 88, 1),
(3801, 8, 312, 89, 1),
(3802, 8, 335, 90, 1),
(3803, 8, 283, 91, 1),
(3804, 8, 358, 92, 1),
(3805, 8, 399, 93, 1),
(3806, 8, 404, 94, 1),
(3807, 8, 338, 95, 1),
(3808, 8, 275, 96, 1),
(3809, 8, 377, 97, 1),
(3810, 8, 380, 98, 1),
(3811, 8, 324, 99, 1),
(3812, 8, 341, 100, 1),
(3813, 8, 371, 101, 1),
(3814, 8, 393, 102, 1),
(3815, 8, 332, 103, 1),
(3816, 8, 407, 104, 1),
(3817, 8, 307, 105, 1),
(3818, 8, 410, 106, 1),
(3819, 8, 336, 107, 1),
(3820, 8, 301, 108, 1),
(3821, 8, 337, 109, 1),
(3822, 8, 394, 110, 1),
(3823, 8, 395, 111, 1),
(3824, 8, 309, 112, 1),
(3825, 8, 375, 113, 1),
(3826, 8, 297, 114, 1),
(3827, 8, 397, 115, 1),
(3828, 8, 348, 116, 1),
(3829, 8, 370, 117, 1),
(3830, 8, 294, 118, 1),
(3831, 8, 289, 119, 1),
(3832, 8, 300, 120, 1),
(3833, 8, 369, 121, 1),
(3834, 8, 373, 122, 1),
(3835, 8, 364, 123, 1),
(3836, 8, 378, 124, 1),
(3837, 8, 403, 125, 1),
(3838, 8, 365, 126, 1),
(3839, 8, 313, 127, 1),
(3840, 8, 290, 128, 1),
(3841, 8, 382, 129, 1),
(3842, 8, 368, 130, 1),
(3843, 8, 279, 131, 1),
(3844, 8, 278, 132, 1),
(3845, 8, 381, 133, 1),
(3846, 8, 349, 134, 1),
(3847, 8, 280, 135, 1),
(3848, 8, 330, 136, 1),
(3849, 8, 390, 137, 1),
(3850, 9, 389, 0, 1),
(3851, 9, 304, 1, 1),
(3852, 9, 366, 2, 1),
(3853, 9, 274, 3, 1),
(3854, 9, 315, 4, 1),
(3855, 9, 292, 5, 1),
(3856, 9, 367, 6, 1),
(3857, 9, 408, 7, 1),
(3858, 9, 284, 8, 1),
(3859, 9, 295, 9, 1),
(3860, 9, 334, 10, 1),
(3861, 9, 303, 11, 1),
(3862, 9, 328, 12, 1),
(3863, 9, 305, 13, 1),
(3864, 9, 386, 14, 1),
(3865, 9, 281, 15, 1),
(3866, 9, 314, 16, 1),
(3867, 9, 355, 17, 1),
(3868, 9, 384, 18, 1),
(3869, 9, 387, 19, 1),
(3870, 9, 339, 20, 1),
(3871, 9, 379, 21, 1),
(3872, 9, 362, 22, 1),
(3873, 9, 406, 23, 1),
(3874, 9, 372, 24, 1),
(3875, 9, 360, 25, 1),
(3876, 9, 286, 26, 1),
(3877, 9, 356, 27, 1),
(3878, 9, 323, 28, 1),
(3879, 9, 285, 29, 1),
(3880, 9, 326, 30, 1),
(3881, 9, 354, 31, 1),
(3882, 9, 346, 32, 1),
(3883, 9, 388, 33, 1),
(3884, 9, 299, 34, 1),
(3885, 9, 361, 35, 1),
(3886, 9, 320, 36, 1),
(3887, 9, 350, 37, 1),
(3888, 9, 405, 38, 1),
(3889, 9, 374, 39, 1),
(3890, 9, 402, 40, 1),
(3891, 9, 287, 41, 1),
(3892, 9, 296, 42, 1),
(3893, 9, 318, 43, 1),
(3894, 9, 340, 44, 1),
(3895, 9, 353, 45, 1),
(3896, 9, 317, 46, 1),
(3897, 9, 411, 47, 1),
(3898, 9, 383, 48, 1),
(3899, 9, 311, 49, 1),
(3900, 9, 352, 50, 1),
(3901, 9, 342, 51, 1),
(3902, 9, 396, 52, 1),
(3903, 9, 400, 53, 1),
(3904, 9, 306, 54, 1),
(3905, 9, 319, 55, 1),
(3906, 9, 322, 56, 1),
(3907, 9, 343, 57, 1),
(3908, 9, 282, 58, 1),
(3909, 9, 291, 59, 1),
(3910, 9, 409, 60, 1),
(3911, 9, 293, 61, 1),
(3912, 9, 321, 62, 1),
(3913, 9, 329, 63, 1),
(3914, 9, 344, 64, 1),
(3915, 9, 376, 65, 1),
(3916, 9, 316, 66, 1),
(3917, 9, 331, 67, 1),
(3918, 9, 310, 68, 1),
(3919, 9, 392, 69, 1),
(3920, 9, 363, 70, 1),
(3921, 9, 325, 71, 1),
(3922, 9, 333, 72, 1),
(3923, 9, 327, 73, 1),
(3924, 9, 302, 74, 1),
(3925, 9, 298, 75, 1),
(3926, 9, 351, 76, 1),
(3927, 9, 347, 77, 1),
(3928, 9, 398, 78, 1),
(3929, 9, 276, 79, 1),
(3930, 9, 391, 80, 1),
(3931, 9, 359, 81, 1),
(3932, 9, 345, 82, 1),
(3933, 9, 385, 83, 1),
(3934, 9, 277, 84, 1),
(3935, 9, 308, 85, 1),
(3936, 9, 288, 86, 1),
(3937, 9, 357, 87, 1),
(3938, 9, 401, 88, 1),
(3939, 9, 312, 89, 1),
(3940, 9, 335, 90, 1),
(3941, 9, 283, 91, 1),
(3942, 9, 358, 92, 1),
(3943, 9, 399, 93, 1),
(3944, 9, 404, 94, 1),
(3945, 9, 338, 95, 1),
(3946, 9, 275, 96, 1),
(3947, 9, 377, 97, 1),
(3948, 9, 380, 98, 1),
(3949, 9, 324, 99, 1),
(3950, 9, 341, 100, 1),
(3951, 9, 371, 101, 1),
(3952, 9, 393, 102, 1),
(3953, 9, 332, 103, 1),
(3954, 9, 407, 104, 1),
(3955, 9, 307, 105, 1),
(3956, 9, 410, 106, 1),
(3957, 9, 336, 107, 1),
(3958, 9, 301, 108, 1),
(3959, 9, 337, 109, 1),
(3960, 9, 394, 110, 1),
(3961, 9, 395, 111, 1),
(3962, 9, 309, 112, 1),
(3963, 9, 375, 113, 1),
(3964, 9, 297, 114, 1),
(3965, 9, 397, 115, 1),
(3966, 9, 348, 116, 1),
(3967, 9, 370, 117, 1),
(3968, 9, 294, 118, 1),
(3969, 9, 289, 119, 1),
(3970, 9, 300, 120, 1),
(3971, 9, 369, 121, 1),
(3972, 9, 373, 122, 1),
(3973, 9, 364, 123, 1),
(3974, 9, 378, 124, 1),
(3975, 9, 403, 125, 1),
(3976, 9, 365, 126, 1),
(3977, 9, 313, 127, 1),
(3978, 9, 290, 128, 1),
(3979, 9, 382, 129, 1),
(3980, 9, 368, 130, 1),
(3981, 9, 279, 131, 1),
(3982, 9, 278, 132, 1),
(3983, 9, 381, 133, 1),
(3984, 9, 349, 134, 1),
(3985, 9, 280, 135, 1),
(3986, 9, 330, 136, 1),
(3987, 9, 390, 137, 1);

-- --------------------------------------------------------

--
-- Estructura de tabla para la tabla `votacion_votos`
--

CREATE TABLE `votacion_votos` (
  `id` int(11) NOT NULL,
  `votacion_id` int(11) NOT NULL,
  `ronda` int(11) NOT NULL DEFAULT 1,
  `participante_id` int(11) NOT NULL,
  `navegador_hash` char(64) NOT NULL,
  `token_hash` char(64) DEFAULT NULL,
  `ip_hash` char(64) DEFAULT NULL,
  `user_agent_hash` char(64) DEFAULT NULL,
  `fecha_hora` timestamp NOT NULL DEFAULT current_timestamp(),
  `estado` enum('valido','archivado','anulado') NOT NULL DEFAULT 'valido'
) ENGINE=InnoDB DEFAULT CHARSET=utf8mb4 COLLATE=utf8mb4_unicode_ci;

--
-- Volcado de datos para la tabla `votacion_votos`
--

INSERT INTO `votacion_votos` (`id`, `votacion_id`, `ronda`, `participante_id`, `navegador_hash`, `token_hash`, `ip_hash`, `user_agent_hash`, `fecha_hora`, `estado`) VALUES
(11, 5, 1, 301, '4cf28eb7b0c278d04f2afdd72c06963f861a68fbb0dbc2bb34eb088ec9287489', '72848899ec7ed9349f492ed9864e11848f14d48b915a467fc7fbaaab05cbacb9', 'a458075c9ffcb3053e596f5bcff11db179b2a2e76b99beedfb73603b8c26ba86', '6cb42bace9e01e2008e4e694fccb7956c4860e57227f182a2cb6856dbea4c221', '2026-07-24 18:31:50', 'valido'),
(12, 5, 1, 312, '104c28939abb12a5b74d6b8186da127d8a37580fe6b85fce98b9b17086bb6215', '67701017ea0320f97e5b4039a2dbaf65e13eeac9eb610952e3618e42971f8d46', '6630e3b59a326d161f12ac821b2fb6b442d57aca554adfbef641f8533452ab2a', '6cb42bace9e01e2008e4e694fccb7956c4860e57227f182a2cb6856dbea4c221', '2026-07-24 18:31:58', 'valido'),
(13, 9, 1, 366, '8d3f4fc2f13f452b91b68c93a96ad71e6f267d212d2a4e8421d5b1c2c0565291', '6125d9761aca388e5c2e23cee3a93d36687accfd16a9e01a755eecc33fc63838', 'fc9e73bed60f954dec6fee42f2e94d23047aef6a3ed42a30d9318cdb394844fc', '42fdc2af0d6966813cc03a7acb947b36a17016aba6d04df3fcf590d9c1aa3413', '2026-07-24 18:32:04', 'valido'),
(14, 5, 1, 366, '194064c90f28526033c3031aa5100ebd5af327dcb57eacc9243ded7696b8ce8d', 'f9a5744497a36d3db33cf5cd68b80448f141d64aaa4cd227b84080675c83342f', 'a458075c9ffcb3053e596f5bcff11db179b2a2e76b99beedfb73603b8c26ba86', '4cdfb907c1a64dc699ca74d49401a710b9a9bb6cc25245a7f3dcff9632804217', '2026-07-24 18:32:34', 'valido'),
(15, 8, 1, 366, 'db67cc58646638d04eaebbc4f989b0ac70159c7d36219c9ae342f58873d9247d', '4e4c96d245348950d089c3950f241b93c1dfebffceabfb99f7c9ad505f3defca', 'cdf7f4885cd3e3279a9fde18b4e224a0518822c1425f12fe1945dc6c04c258ed', '42fdc2af0d6966813cc03a7acb947b36a17016aba6d04df3fcf590d9c1aa3413', '2026-07-24 18:32:35', 'valido'),
(16, 9, 1, 306, 'da234cea4f0d4f5bd41ec3c99d431485ef9dd24beec28c05d0a3864d46aa0f1b', '29765ca431c1f415720fcf07ba0b6d48ac9fdf53f39bd751d066be6ac551547e', '6ece9ae85e9bcf46b1b7d6544c3bb0ed16100698b59d04de71b45ee17a5c1df2', '61445c1e9b71032136f867b0aa89090b09bbea6dc9bd34ec93b829fafebcf3ca', '2026-07-24 18:32:41', 'valido'),
(17, 7, 1, 366, 'd0c971c1be87203749e5ab41692c6372dfc46d74d064a14db7866563b959290d', '3ecddb92253b8a04fca30a532c5066413f064821bd239a0b3a682bb609cc8905', '6ece9ae85e9bcf46b1b7d6544c3bb0ed16100698b59d04de71b45ee17a5c1df2', '61445c1e9b71032136f867b0aa89090b09bbea6dc9bd34ec93b829fafebcf3ca', '2026-07-24 18:33:11', 'valido'),
(18, 5, 1, 334, '634d28e4a26975041780164a344b5a029d087d7d756944f78dd02fd090eec672', 'a6a4b61137befafa69c947f4f332cff32d902e79c0f22881e94f0c43ccad2fac', 'fb32239e5003b93cd8aab606ee94691f42c4c251497abce838e9e0dd3963256e', 'ff879cf7a75f25c8ca6e949b689dace855bbe1f46785ee637881f375ed885332', '2026-07-24 18:33:32', 'valido'),
(19, 8, 1, 370, '55a20502f67227adfc3cdc9d1cd31322b0f3ebb6411d7f3149c714561ad8ade1', '8a524a8cd73ec21c3d832502e6cc3e88ebc7c3d03471de44d36dc3bf2ecc5fd3', '17a7bb0da21890db9e8b090c394fc6566c739f8a41f82a49c1c56c875da0dd8d', '6cb42bace9e01e2008e4e694fccb7956c4860e57227f182a2cb6856dbea4c221', '2026-07-24 18:33:48', 'valido'),
(20, 6, 1, 385, '0e4af7f452619f7715906641abb98ce93f3394856876b93cdbf8269e875bd245', '3d540d21f1bef1d3a20cc93227b7a0a109bdac9f47662d46b2dd21bf1725119c', '6ece9ae85e9bcf46b1b7d6544c3bb0ed16100698b59d04de71b45ee17a5c1df2', '61445c1e9b71032136f867b0aa89090b09bbea6dc9bd34ec93b829fafebcf3ca', '2026-07-24 18:34:02', 'valido'),
(21, 5, 1, 366, 'ffdee880bce6f4e1a1a5e46323eaf7c5f9f6e16e3667157ec41fb3879f9ca31c', '21a4fed191b471a0dc8088dbdfcd13bc1e80896a4d3aaf8095c4fc640da5a373', '44db5572755aea3bc73120822a129f512e6652df089bf11a019085b30c8e97f6', '42fdc2af0d6966813cc03a7acb947b36a17016aba6d04df3fcf590d9c1aa3413', '2026-07-24 18:34:04', 'valido'),
(22, 5, 1, 284, 'bdb2f9e16475883879de4d2639c867204a84f0e5c565e988a7d23bb73489108c', '5bdfc93e100337b4e04a2f3b7b4411a4e7236952bcb6074df20ab3d23bee692a', '8dc1332afde750f8ccc3e11bcd9908532b1952abcb0095b14a486f51f76b2a80', '6cb42bace9e01e2008e4e694fccb7956c4860e57227f182a2cb6856dbea4c221', '2026-07-24 18:34:05', 'valido'),
(23, 9, 1, 408, 'd24a19b3189171a535758c9313b0d50791fbda4932d1349be9a01aba1d85ae35', 'bfe9d2197dc8984a42a798570f5ec5b733098ae76c0a5a7624670b0992a9edae', 'a458075c9ffcb3053e596f5bcff11db179b2a2e76b99beedfb73603b8c26ba86', '42fdc2af0d6966813cc03a7acb947b36a17016aba6d04df3fcf590d9c1aa3413', '2026-07-24 18:34:47', 'valido'),
(24, 5, 1, 288, '6b6fbb0dce741c7286c728de07a69b94caa68afaa385b88d273df2c3ae8e6b39', '2b3ed1bfc1ef4dbb6726256a3d0765746bd1c2eac44ee7072808393966057532', '64264463f4fa1e7bdc0bb573e8365a14448fce6bc25a010ede5aa17cfd95bfdd', '6cb42bace9e01e2008e4e694fccb7956c4860e57227f182a2cb6856dbea4c221', '2026-07-24 18:35:00', 'valido'),
(25, 5, 1, 337, 'e16d4363eac2fe7a63d8bfe36e589b9add2c5d652ae4854738aed8b0e81763ad', 'c22634197952ac1a054dc24c069318c7b787250d632d4ef9d76f59bdfc7db718', '6ece9ae85e9bcf46b1b7d6544c3bb0ed16100698b59d04de71b45ee17a5c1df2', '61445c1e9b71032136f867b0aa89090b09bbea6dc9bd34ec93b829fafebcf3ca', '2026-07-24 18:35:05', 'valido'),
(26, 7, 1, 306, '4d44239a52d018f6e02d1c6b39895ca8b26c8cc70326efeb608ff2d6acf77f9a', 'ebee5a98d7094d0399a06da3babb63982f0adb90e34ddd897bf6120689cb76d2', '0366febf443c285922829de4f7d549ff62b1facda3bae050ddcad9ab2dd04c91', '42fdc2af0d6966813cc03a7acb947b36a17016aba6d04df3fcf590d9c1aa3413', '2026-07-24 18:35:18', 'valido'),
(27, 5, 1, 383, '9c2044611b147033e1dbade7f0270168703fb5d66f116854481bf2904c23f7b1', 'f92ca908cb70a625a99ddc7a0a15dcc046906ccae3923aa5d7c70757b075c6e2', '931de007bd4073ce1f13dd3ef333195bd9854bf0f2e8a1a5d34c3d9fb7f9f2f2', '42fdc2af0d6966813cc03a7acb947b36a17016aba6d04df3fcf590d9c1aa3413', '2026-07-24 18:36:26', 'valido'),
(28, 5, 1, 381, '228673336f785332cff16ef476bc5925c94cb961f34aedb8dafe8b5878d63a99', '2c014e801dc6ad584284253a4d1cfabb07274b62033e4e5ffffdbb8d5a745723', 'a458075c9ffcb3053e596f5bcff11db179b2a2e76b99beedfb73603b8c26ba86', '42fdc2af0d6966813cc03a7acb947b36a17016aba6d04df3fcf590d9c1aa3413', '2026-07-24 18:36:40', 'valido'),
(29, 5, 1, 366, '5f2ad3b6dfde7056e0b4e4f103194f75dbd8068c6c69bc0623d77a61b7ab9d10', '4d8c55dbcdad742cbca221a5fb6646578d7c4062727b3883f0be7944eb9beec8', '2b6864b35d896ed7ef3170edf955ae6b781cb0daa3f86cb242432fe2dbb1176c', '6cb42bace9e01e2008e4e694fccb7956c4860e57227f182a2cb6856dbea4c221', '2026-07-24 18:39:47', 'valido'),
(30, 5, 1, 342, '3d0b8bbac3badc7c76ee3b86e753f673ca520315fb5bba267de19bcfa59f3402', 'f59a46e8dae249bf6f8eddb74976929da23e04df4c758cd777a63e7f3e29515a', 'bc1cfec9e0beb005038a6f13c80d5babfb6a6b03b5b6f7a7accdc8a1cc947e55', '4cdfb907c1a64dc699ca74d49401a710b9a9bb6cc25245a7f3dcff9632804217', '2026-07-24 18:51:34', 'valido'),
(31, 5, 1, 405, 'e1a6ab6c3bd9dfe43eaf029a1e88767b08d0b60f5426ba50087e59dfa5277ea4', '48cebf1f7b9f463476486bc348487d5977485760838c80a4f4639ad5d9173452', 'fb444c70c6891cea220e6baa8345d303b1a206c69e34ab924cbeb302ecf56bdc', '16721f2676cacb23b32e785121b9252dd23a81a736584226d0a164ed5177b15f', '2026-07-24 19:07:23', 'valido'),
(32, 5, 1, 366, 'ebf9779cd9c3ca4fe6c604fac24ea0093c96bc7413e22ef1320d23fbb1bdb938', 'c6a698df1cd4d3a336e3ce340c0ab23a25cbb9650bb458b583d929e9145adfda', 'fc9e73bed60f954dec6fee42f2e94d23047aef6a3ed42a30d9318cdb394844fc', '42fdc2af0d6966813cc03a7acb947b36a17016aba6d04df3fcf590d9c1aa3413', '2026-07-24 19:18:53', 'valido'),
(33, 5, 1, 366, 'ac77221b46fe5864686bc553c9fc4af5df3630eeb089eec481159d7769d3918e', '3dff0f20f16f8d2ce5cec59ac0424a7ddc9c05bf48ad4ab46861d90e612cafdb', '2cf498505b8023b1e9a28ca4879901e3ba702d9b7872c598767b95ed6db698e3', '6cb42bace9e01e2008e4e694fccb7956c4860e57227f182a2cb6856dbea4c221', '2026-07-24 19:18:56', 'valido'),
(34, 5, 1, 340, '821f34f6d6ab96cbda7fce67f8961bf72a8aefa6a709fd4ec66bdafb05fcf967', '2e83e8a7383d48cb8beb8070ae63a2a6c94926183500daf51fbf7ca6eb9646b3', '75923744498876d7f6720caa314718cbea033816ec65689c0c8e70ded54d3361', '6cb42bace9e01e2008e4e694fccb7956c4860e57227f182a2cb6856dbea4c221', '2026-07-24 19:19:04', 'valido'),
(35, 5, 1, 395, '46abc7f9e61c0ec2b7662b6cfd6c251f1474960015637a6aea7367adee2c8eda', '011f53c0345273ccd04ff43cc4f340e1d5f626bcd7ab1ad8f5a510ff7f608266', '510af596c6451154b6aa3244f623f7329c1ae7b8f8c0ac8f90fda723348bf699', '42fdc2af0d6966813cc03a7acb947b36a17016aba6d04df3fcf590d9c1aa3413', '2026-07-24 19:19:06', 'valido'),
(36, 5, 1, 355, 'dccf6cf7506762f54da5a5a48f9db80aa37e1030c163c720692ef6faf6c66a3d', '7f4c63e8c7e188a5d02632e90180a810fbfa57bc057a607b3acdc2d492f38f61', '12c75f5f9be9e2bab6e4dec74d86a4fd50f282fdee53c9cf9f39d5939e109678', '4cdfb907c1a64dc699ca74d49401a710b9a9bb6cc25245a7f3dcff9632804217', '2026-07-24 19:19:06', 'valido'),
(37, 5, 1, 366, '8b75f85d82e14de390fecdd520f24771d14d71247ebc4ea8cc53cd707e3b359d', '31265a01e90cc42821c209a3052f870f73de9decef96aecf73b8ad0108e206bd', 'cdf7f4885cd3e3279a9fde18b4e224a0518822c1425f12fe1945dc6c04c258ed', '42fdc2af0d6966813cc03a7acb947b36a17016aba6d04df3fcf590d9c1aa3413', '2026-07-24 19:19:07', 'valido'),
(38, 5, 1, 334, 'd84072e71e67363584ed4948cd6ddf8a0b6fe321f3435c81822e28959458a6d0', '5beb26478ced95b5e33c87cfeeff064ec096871ba56b026bb513c35635eec67f', '6d89dfebf1b9d9c1fbc99ff154d86a547485fc8c8054cb1d8e289572ee228d87', '42fdc2af0d6966813cc03a7acb947b36a17016aba6d04df3fcf590d9c1aa3413', '2026-07-24 19:19:09', 'valido'),
(39, 5, 1, 370, '54a00d7d0c8944f7360f39657397bb95631bc3706109fca02be415c13e34d06f', '7d08649955ffeaf13a899d06d863f69330dbd6e8bd4f3d146850fedf06bd9d90', '6e084740e9260bac18339d273c3d0f7e2df711c480bbee76882ef93be4251063', '6cb42bace9e01e2008e4e694fccb7956c4860e57227f182a2cb6856dbea4c221', '2026-07-24 19:19:09', 'valido'),
(40, 5, 1, 388, 'f0846d5e77088ece3b0969a0483d252c3bb911885f1252a1b54523d60adbf45d', '1d23669952badfa2837dca29f5ded876a93fab7213477d04a9eea750786e49d7', 'a0a407307e6d4a88e364634906450b736719917c642bd46ab8764ba436ec22d6', '42fdc2af0d6966813cc03a7acb947b36a17016aba6d04df3fcf590d9c1aa3413', '2026-07-24 19:19:16', 'valido'),
(41, 5, 1, 384, '7a344852c0c86f745447c8d054bbef6a6d2490bf2807a0e436aa6745ef1d925e', '05b9c869961e8c6eeb2382e4019b80e1e41e752148911b9dea483fcac3a5891e', '76461d779c3cf6c3315d9c53ed4f16486e0c226ce7b2312b108f570c3a8d3e5d', 'edb2ad5eee432d4833b53009640375574e2ed8f25fe5597f22bd987b2daaada8', '2026-07-24 19:19:17', 'valido'),
(42, 5, 1, 386, '3762390a65c6279dbfd22f986a4d2dd82675c9be6cfcd7f8a64e0848b9e2c3c7', '37fb93adc5d6cefa4885383c2e037979d40b4cdff4c9af01fd37a01eb20faabd', 'c4fb1a0ec9bf4093f4d48ba8f62a2275aa1182a052a2915909a1c6ececb7c269', '6cb42bace9e01e2008e4e694fccb7956c4860e57227f182a2cb6856dbea4c221', '2026-07-24 19:19:18', 'valido'),
(43, 5, 1, 398, 'cb1efde4a36df9ff3889971796e2d22493b89d92d4f30750d2794ff1ba43d30f', '4d4c8b956e61bf52c3bee439ef851765044655edfc4960dfccaef4402dc320f4', '8848ff8de52e7115576847a59e35aed883c581e1d30ab3e1d889fa279bc8c3a5', 'ff112c7cba635e17e27ee1b52407b9bb982839004a78907ab1a4f4a9414554e0', '2026-07-24 19:19:20', 'valido'),
(44, 5, 1, 284, 'd4eb33fb5554e3aeb42ddf4eefe578f853dbb00dd91a0a31343abd0a3cec6e28', '15168fea4eb8b4cb7738ece8df04b29bf15ffdbfeac127d3b6911eae05a7f2d1', 'c7feb8b78487825fe18788355ecaf68463f6ebdf7af87fe8a68fbd34b91b12a7', '6cb42bace9e01e2008e4e694fccb7956c4860e57227f182a2cb6856dbea4c221', '2026-07-24 19:19:20', 'valido'),
(45, 5, 1, 295, 'ab9f38dcf2bc1f43757f236bb681cbd42cabd22868d49fe0fb616cd502402ccd', 'dc99a8c8b18281ecc8b4e794d1a99f7df772f501cb9fc834d22789957c091854', 'a458075c9ffcb3053e596f5bcff11db179b2a2e76b99beedfb73603b8c26ba86', '42fdc2af0d6966813cc03a7acb947b36a17016aba6d04df3fcf590d9c1aa3413', '2026-07-24 19:19:21', 'valido'),
(46, 5, 1, 285, '8d2fa1eb6b1deaf5be5e4d8e955356223d9dc9625210a594d08041016f4202b1', '43c7ec2e41818c3f6051d5d0b452a133a70b4c1ca541569a51b860f9ebe03be1', '8b4b68ab304a299add3c054d5f2803bdefe6d5166b3428db9ccc34607f5d5f9e', '42fdc2af0d6966813cc03a7acb947b36a17016aba6d04df3fcf590d9c1aa3413', '2026-07-24 19:19:26', 'valido'),
(47, 5, 1, 274, 'fd3f7661421873dce52dfb0848acb5e9c89dadb0768d75bb97b5a1415f1a73f4', '4e8470216f8e8e64c4739ced3bd22ab9f6c2d31d0f73748cb5867032dab8f20c', 'f2efeee6bf4a51d010ea65cdb826feb792f456834ae9560eb995fa65b00ffd7a', '6cb42bace9e01e2008e4e694fccb7956c4860e57227f182a2cb6856dbea4c221', '2026-07-24 19:19:29', 'valido'),
(48, 5, 1, 391, '5e4e4ca2bd326885ff686e7d059c753bf04ac6da5de51ab6514ae5b0e304f496', 'a815ac3a3e63b78cc4624f3fb465c968115aa74012004f9a67196a6c52ee477c', '66db867b9e275835ab85c75e1966beb686c0bded04614d9b88958947b1738ffa', '6cb42bace9e01e2008e4e694fccb7956c4860e57227f182a2cb6856dbea4c221', '2026-07-24 19:19:33', 'valido'),
(49, 5, 1, 391, 'a5d50c85a573b629088f40c5edc1164bf4870c32a49c17129ebb07dd56bf2df7', 'a825de9328359199e5bb4ac6ea253330629cc4fb8f5aa5dc026b6c00f7ec8ab3', 'ddef12d83b4381f5bd9acf89ef4c6ce406b5c52d74053878e2513583de5d59aa', '42fdc2af0d6966813cc03a7acb947b36a17016aba6d04df3fcf590d9c1aa3413', '2026-07-24 19:19:35', 'valido'),
(50, 5, 1, 366, '0e01eda7467b07a697469ecec8ca6e1ff0277246643855d7d42a527e031f5229', 'ed1068e8266a7f2901e83d8b858ea34b4f993e161479f7722957dc7e9e8a553e', '10c06eaf4ea9c880b2b3f7f234a646f524972c7389d717eaf8f6049c3a6bb7ad', '42fdc2af0d6966813cc03a7acb947b36a17016aba6d04df3fcf590d9c1aa3413', '2026-07-24 19:19:35', 'valido'),
(51, 6, 1, 365, '5670ae282cf2243f5e3a30e316124c584dc84a5991c85eee470adbdd84933ce9', '75b866750456c711497059e7d27c06c49ae33b3c1bea8d6718a20f055c570ae5', '76461d779c3cf6c3315d9c53ed4f16486e0c226ce7b2312b108f570c3a8d3e5d', 'edb2ad5eee432d4833b53009640375574e2ed8f25fe5597f22bd987b2daaada8', '2026-07-24 19:19:52', 'valido'),
(52, 6, 1, 404, '130bb27c3631bedd542480c501fe2f8ebf2c2914476ce34dda4ea31127151487', '885e9c1a82c0cfb788f2654949301a60e8d0cbdb4767153450fb83fef3da4a8f', '64264463f4fa1e7bdc0bb573e8365a14448fce6bc25a010ede5aa17cfd95bfdd', '6cb42bace9e01e2008e4e694fccb7956c4860e57227f182a2cb6856dbea4c221', '2026-07-24 19:19:52', 'valido'),
(53, 6, 1, 403, 'a9592cbfe9c5220e6976fda448c8f78904fea42c01b8d389fe7f880332ae554f', 'ca957d46a639dd9e21e5bdb448f7fb4f5cc8f064d3037cd08cd82c52fe4e3a5a', '12c75f5f9be9e2bab6e4dec74d86a4fd50f282fdee53c9cf9f39d5939e109678', '4cdfb907c1a64dc699ca74d49401a710b9a9bb6cc25245a7f3dcff9632804217', '2026-07-24 19:20:01', 'valido'),
(54, 6, 1, 302, '90361e8e0d472fbd861c64cb064ae5edb0c7b3c4a8d80ee99a379d491c778dc2', 'e708d94bda4421c8943befbdc50b39c70ece267739ad3b4febb6260ab89c0379', 'a458075c9ffcb3053e596f5bcff11db179b2a2e76b99beedfb73603b8c26ba86', '4cdfb907c1a64dc699ca74d49401a710b9a9bb6cc25245a7f3dcff9632804217', '2026-07-24 19:20:03', 'valido'),
(55, 6, 1, 404, 'c3d568a4856cd549ecea21903105cc46650f62fe6e70bbb2ecc9a7baec92a00a', '4da211a93aac705c5e2e050c28ee358ade3403d2f52d6e6dc47d4f0ae2ad0b8f', '75923744498876d7f6720caa314718cbea033816ec65689c0c8e70ded54d3361', '6cb42bace9e01e2008e4e694fccb7956c4860e57227f182a2cb6856dbea4c221', '2026-07-24 19:20:05', 'valido'),
(56, 6, 1, 370, '51f7edad7f2a5b4525c37d2a0cfc72ff369fb1f2e9a775988264a9597361d416', 'cc18b021f3535e128e7dbf60380591e58748e71638a6ebd962be59546a648399', '6e084740e9260bac18339d273c3d0f7e2df711c480bbee76882ef93be4251063', '6cb42bace9e01e2008e4e694fccb7956c4860e57227f182a2cb6856dbea4c221', '2026-07-24 19:20:06', 'valido'),
(57, 6, 1, 395, '18baf926df4c091030b17e05e1178c9a74d26e1a9908a3e9bb099918fd25ffc9', 'd8a5eecf6ff4537d3b5921fccf8b2fb2a2c99d8f2d74b6723dc968358888a829', '510af596c6451154b6aa3244f623f7329c1ae7b8f8c0ac8f90fda723348bf699', '42fdc2af0d6966813cc03a7acb947b36a17016aba6d04df3fcf590d9c1aa3413', '2026-07-24 19:20:07', 'valido'),
(58, 6, 1, 276, '81683c3d2d71d81d51802de32edea83d34cc518c327635d6a2b4a0836ede3fce', 'f07dc8763f10d037aa604d147acca932db49d502092917ca08646cabf963a54b', '29ebae7b0c0ec77afcdec3c6463ecde1076f5d7fb2c5d91435ad394b4f2c07e5', '42fdc2af0d6966813cc03a7acb947b36a17016aba6d04df3fcf590d9c1aa3413', '2026-07-24 19:20:08', 'valido'),
(59, 6, 1, 395, '9e0e3b1f14075735b1d6d435ad19c31526e82922b991dfaede8d393d67301304', 'c5f7e06cc119d61f60e37b095d033cd9afa26138648448c502387d901bc839fe', '66b921107a8e97a5dd5a3838b4bd943ff2664d34d4458d90165500938ac9d81e', '42fdc2af0d6966813cc03a7acb947b36a17016aba6d04df3fcf590d9c1aa3413', '2026-07-24 19:20:10', 'valido'),
(60, 6, 1, 395, 'd32e74932dde1c35b50b5693c851f638093ef88d4c6df4645453fbf2e77aab22', 'ac61ed3596f2041a674ddaac4fd0a2c0bcf7198c1fc8fe383a53f512332f400f', '0e25ab0afb1309d012521667eb4d6801b9cbdba8aecdca991c2884361b0b9a68', '6cb42bace9e01e2008e4e694fccb7956c4860e57227f182a2cb6856dbea4c221', '2026-07-24 19:20:12', 'valido'),
(61, 6, 1, 358, '74b754fc4312c447b63cffeef4720f267d28ab0a4ae142d2da908453237eae0e', 'fe4a25a211b5638a69459f84bb3e0c77b46b263777afbb5ee5fd394c2526f6b4', 'ade569b6927c0e3fbfd4391e02521d50cb58a3921a1a03ec6873b48784482922', '6cb42bace9e01e2008e4e694fccb7956c4860e57227f182a2cb6856dbea4c221', '2026-07-24 19:20:15', 'valido'),
(62, 6, 1, 388, '6cb64c904f7350b897b79da50c2591f7f0d0ac065428c66783a99d759ead4d6c', '9343a194c8d2b6a19aa21c31333f553aeca99b64acba519195a6e15460d807c8', 'a0a407307e6d4a88e364634906450b736719917c642bd46ab8764ba436ec22d6', '42fdc2af0d6966813cc03a7acb947b36a17016aba6d04df3fcf590d9c1aa3413', '2026-07-24 19:20:16', 'valido'),
(63, 6, 1, 385, 'ad714debb250d75e4db8dfae68e4191cd3d044fc61360052265a304fac448253', '9667421c7a890365ed07890bdc68f5a414fe11df72c436038539f34048d3b8b8', 'bfb1204feb5ad4c5bdb61d9fe6cf52b2eccfcfba302c2c81ac380283b4dd00b8', '6cb42bace9e01e2008e4e694fccb7956c4860e57227f182a2cb6856dbea4c221', '2026-07-24 19:20:16', 'valido'),
(64, 6, 1, 348, '9a08f6b366d6b9cae8deb7af0697737073697254438d298b071146510adcf11e', '1009e588a931c8b5c668dfb1a6cd94cb004a93f33edac2f770a16da7b0391c11', 'cdf7f4885cd3e3279a9fde18b4e224a0518822c1425f12fe1945dc6c04c258ed', '42fdc2af0d6966813cc03a7acb947b36a17016aba6d04df3fcf590d9c1aa3413', '2026-07-24 19:20:18', 'valido'),
(65, 6, 1, 385, '663b69d29279b6fb572aebaf1af555f59dcdb21a0313e4d70ed6d6cf2a3acd3d', 'ba24c180d392df0cd1e42253dbe5415028316a1f90a5447dd02449bda9b8fe2e', 'a458075c9ffcb3053e596f5bcff11db179b2a2e76b99beedfb73603b8c26ba86', '42fdc2af0d6966813cc03a7acb947b36a17016aba6d04df3fcf590d9c1aa3413', '2026-07-24 19:20:18', 'valido'),
(66, 6, 1, 404, '13e4474dadb0654bf293120ca626a582fbf0bf94a967daea9cc937fe1e6e5e19', '0e9e7e7f70d1038b822fccb3fbe0e2ba35c9fa4888cab961c8dfb34e3362ee5a', '0366febf443c285922829de4f7d549ff62b1facda3bae050ddcad9ab2dd04c91', '42fdc2af0d6966813cc03a7acb947b36a17016aba6d04df3fcf590d9c1aa3413', '2026-07-24 19:20:19', 'valido'),
(67, 6, 1, 359, '623c5ca456e4623203b4aa7cc663f4db58bb5eb20014986a496dcfc87c910d92', '45c2d23aebe9aa3d5356fe62d70dada43c16fdbdf8ee781d575e271ed84f597d', '0c17a060311e10ad1ae99e5ccf94894e66a92faf2361a2a45ba605e901e61fbc', '6cb42bace9e01e2008e4e694fccb7956c4860e57227f182a2cb6856dbea4c221', '2026-07-24 19:20:20', 'valido'),
(68, 6, 1, 276, 'b3d461e529c8d84e37e2791ba5d0000874adc899f0eb4adb30817b09824dd4ec', '9735662bff3b4c3fd992017d48683a35a7f3c334b25bad614b95c0e62441699c', '931de007bd4073ce1f13dd3ef333195bd9854bf0f2e8a1a5d34c3d9fb7f9f2f2', '42fdc2af0d6966813cc03a7acb947b36a17016aba6d04df3fcf590d9c1aa3413', '2026-07-24 19:20:20', 'valido'),
(69, 6, 1, 285, '7ac34c16d6f77ce03e0e6690d4a8a10a71bd29d3056485100ce7fe3bc8424aaa', '4327442fc18ebe3b58b5a73ce913ab64302da8d399b2bd6248ae2a1ac6f3e353', '8373ad4e73c82d527eb1e8e152777652e4701dad580cefe55e571700e7edc0e2', '6cb42bace9e01e2008e4e694fccb7956c4860e57227f182a2cb6856dbea4c221', '2026-07-24 19:20:22', 'valido'),
(70, 6, 1, 301, '147f174f1d0f2b6fd91e3da73cb6afc724cb6795bb5315643f382e69d18bf1f9', '9a2d4f2e66c3134101464b83dcccbcf226cea77e520c8cff4b6f70ebd96ef956', '2b6864b35d896ed7ef3170edf955ae6b781cb0daa3f86cb242432fe2dbb1176c', '6cb42bace9e01e2008e4e694fccb7956c4860e57227f182a2cb6856dbea4c221', '2026-07-24 19:20:28', 'valido'),
(71, 6, 1, 287, 'd33260e74116d2f1102957c718c838a446be41e7a62c2be3780991fc6ff3271a', '85755d6bec0fc9f255371f022dd6a58874711252766ef6efe3278731c7413804', 'bc1cfec9e0beb005038a6f13c80d5babfb6a6b03b5b6f7a7accdc8a1cc947e55', '4cdfb907c1a64dc699ca74d49401a710b9a9bb6cc25245a7f3dcff9632804217', '2026-07-24 19:20:29', 'valido'),
(72, 6, 1, 276, '2850eb9afb25bd7d565287cb1d62ce0b55d4a49461ee2fefee1c1eedd6207ada', '71e4fb654e38786551eefa1339742b59e0ccc8aa9a5093adb791da1776c26454', 'f2efeee6bf4a51d010ea65cdb826feb792f456834ae9560eb995fa65b00ffd7a', '6cb42bace9e01e2008e4e694fccb7956c4860e57227f182a2cb6856dbea4c221', '2026-07-24 19:20:32', 'valido'),
(73, 6, 1, 395, 'c8ac4f6084ffc4d796f796b99f91cdc7aa6b887fdb7bb42e706093e1dd1218a0', 'ce9c28aa073356efc96ed1e8f9dfb2b42caca9bbdbd65f727da1885f9bb67238', '02daf01a521f6ff4c81eef6af8d744c4aa905c15da7e93940e629796a926c02a', '6cb42bace9e01e2008e4e694fccb7956c4860e57227f182a2cb6856dbea4c221', '2026-07-24 19:20:34', 'valido'),
(74, 6, 1, 365, 'd8c13a81143ad70a730cfe18ac7ce13b47842c4d690aaac6eb87d9f035177a09', 'caa296df9eded07adfd5641d9c81e63b57faae28a05ef8456b96218028866037', '42d4eaad6d2d480c3f2655247cae6e6abd0db62f68bbad405587f9f097f1740e', 'ebda8aceff1f93ead5a0e16bb48a2a4f75542b1b1e9bc172612e77c2987cd9d5', '2026-07-24 19:20:36', 'valido'),
(75, 6, 1, 385, '004c9ea87606bfa5dc4a4487570ec6ea2cde80825fd83faadf59a33c1ef772dc', '4ec97b7a267ee25c3f48f901e21ee5d86c85e8522cdea5cacf13d0017fcfc622', '6d9f3d028e0467047f88e05806c754bf2bfda82f6d880a5f0086e0edbd782e1b', '6cb42bace9e01e2008e4e694fccb7956c4860e57227f182a2cb6856dbea4c221', '2026-07-24 19:20:37', 'valido'),
(76, 7, 1, 395, '82e4b371db9c8190093ca7c39375e9adead1777d41e79c74d91d4348530b8fa8', '000addc669210a3c45d5134df2dd59fecd9f852407b93b5577db2c7e515cbe62', '510af596c6451154b6aa3244f623f7329c1ae7b8f8c0ac8f90fda723348bf699', '42fdc2af0d6966813cc03a7acb947b36a17016aba6d04df3fcf590d9c1aa3413', '2026-07-24 19:20:42', 'valido'),
(77, 7, 1, 395, 'cb4cb1334d543c27024914460ccadc5008ea15953ba8682aa4e5001a50b3b7a5', '745222123da25ec3514749623949215f49535738143e2425496900b6a16fad0e', '66b921107a8e97a5dd5a3838b4bd943ff2664d34d4458d90165500938ac9d81e', '42fdc2af0d6966813cc03a7acb947b36a17016aba6d04df3fcf590d9c1aa3413', '2026-07-24 19:20:43', 'valido'),
(78, 6, 1, 390, 'df740e15598f3de16aaa11ab9f3ce4ec09ca47bbad19cff9b2e4c4d99d6b1da8', '8f73edbdd0df724ee41b45ba2d5351a1262e0515a857926a72a534adc3eba1e7', '66db867b9e275835ab85c75e1966beb686c0bded04614d9b88958947b1738ffa', '6cb42bace9e01e2008e4e694fccb7956c4860e57227f182a2cb6856dbea4c221', '2026-07-24 19:20:43', 'valido'),
(79, 7, 1, 374, '8a62613699ffa4c2b1a7f1953bbb6748ba8b10127a32d19c1e1a3caf16a7fbde', '0f7d3168f3f56a2ac681beaf63bbe2ac019a725ef94ad441fb719e8a9c00cca4', 'a0a407307e6d4a88e364634906450b736719917c642bd46ab8764ba436ec22d6', '42fdc2af0d6966813cc03a7acb947b36a17016aba6d04df3fcf590d9c1aa3413', '2026-07-24 19:20:45', 'valido'),
(80, 7, 1, 370, '5a4a33bb78b624174c91c564724c24dfdafb36b8a6c41d964334773aac872d01', '4c3dca6c2b7acbcf58f2706d167ba95eeb3e4f001512a236d8e752ae9056dd29', '6e084740e9260bac18339d273c3d0f7e2df711c480bbee76882ef93be4251063', '6cb42bace9e01e2008e4e694fccb7956c4860e57227f182a2cb6856dbea4c221', '2026-07-24 19:20:46', 'valido'),
(81, 7, 1, 318, '19cdcc560a34323c96c315873c3c97711d9a65676fd9c257a6f88a06a0fc5fd5', '80c7536b1b113ce5e7703c7197e82f390132c984b6251d4c9a3f6efbcc596c8b', 'f2ff23c20ee6c5c6b267642d06e6f331a501b3471e3f546afa05795522b92145', '42fdc2af0d6966813cc03a7acb947b36a17016aba6d04df3fcf590d9c1aa3413', '2026-07-24 19:20:49', 'valido'),
(82, 7, 1, 395, '2a6723ab56338ab4d43e2163aa3b9813d4a6e69b4ff0e62af4a8f142bc72c1e0', '20d74d7c1804a98ee4d88f4904390e40465976f44c6e711759ea522677ec3e1a', '0e25ab0afb1309d012521667eb4d6801b9cbdba8aecdca991c2884361b0b9a68', '6cb42bace9e01e2008e4e694fccb7956c4860e57227f182a2cb6856dbea4c221', '2026-07-24 19:20:49', 'valido'),
(83, 7, 1, 366, 'c723325aae4fae58329a4d836a7641ba59c83b0e3a21252b0ae573d1ca806123', 'ead42bf289d1b1584c7f43ced6c182f7f61f03875131d7c5d64ec451bd5f0d9d', 'cdf7f4885cd3e3279a9fde18b4e224a0518822c1425f12fe1945dc6c04c258ed', '42fdc2af0d6966813cc03a7acb947b36a17016aba6d04df3fcf590d9c1aa3413', '2026-07-24 19:20:50', 'valido'),
(84, 7, 1, 290, 'eefa4d56c175c85146e4d84212b7e21e74531c13a0f82e139a268735633c2d3a', 'd8c7fd342b928786caad78e5689ee63ad2770445582988e4cebfba079ea60006', 'ade569b6927c0e3fbfd4391e02521d50cb58a3921a1a03ec6873b48784482922', '6cb42bace9e01e2008e4e694fccb7956c4860e57227f182a2cb6856dbea4c221', '2026-07-24 19:20:52', 'valido'),
(85, 7, 1, 281, '2c28a9141c0ad2dbd8ba9d0f5e609115445db3a1f4a2ce04b7fd0b2d74141af0', 'c36012412f82d1825f58e963f0a87f0068ed32309e84922338c5600c1922837f', '76461d779c3cf6c3315d9c53ed4f16486e0c226ce7b2312b108f570c3a8d3e5d', 'edb2ad5eee432d4833b53009640375574e2ed8f25fe5597f22bd987b2daaada8', '2026-07-24 19:20:52', 'valido'),
(86, 6, 1, 395, 'cd37bd689b5687d6c735b042c956ee115e3a6f53fe353eba737c8ef8abf04ae4', 'a67136e012166268fc59538d272f7a6447b9f870b4753541a8e02423c4f2c2c6', '8b4b68ab304a299add3c054d5f2803bdefe6d5166b3428db9ccc34607f5d5f9e', '42fdc2af0d6966813cc03a7acb947b36a17016aba6d04df3fcf590d9c1aa3413', '2026-07-24 19:20:53', 'valido'),
(87, 6, 1, 295, '4071daef28545a1123000b7af732b5cd4d6c9d8387fb338a69bd557c172ee222', '04b95d99b2faebbf00a2ea048ec6a80cf287b4b9e9b432c4c004cd399b15029f', 'c7feb8b78487825fe18788355ecaf68463f6ebdf7af87fe8a68fbd34b91b12a7', '6cb42bace9e01e2008e4e694fccb7956c4860e57227f182a2cb6856dbea4c221', '2026-07-24 19:20:55', 'valido'),
(88, 7, 1, 343, 'c31bb0041fb3948f30fe85103fc3461880bf494bf5a6b4132ca971899afe5e25', '6ce544fead4be77252b614f5ae104cb6b8b53c2afc340cee7ab247f4a066ba4e', 'a458075c9ffcb3053e596f5bcff11db179b2a2e76b99beedfb73603b8c26ba86', '6cb42bace9e01e2008e4e694fccb7956c4860e57227f182a2cb6856dbea4c221', '2026-07-24 19:21:03', 'valido'),
(89, 7, 1, 343, '7e3c0c45e10a6b41761dbb0760d944d831a729c9e98668b4ce6040a68d6774bd', '970cf5449c03b9d49c38e54d4f16178f560b46a83261ff232e7577c1b869b095', 'a458075c9ffcb3053e596f5bcff11db179b2a2e76b99beedfb73603b8c26ba86', '42fdc2af0d6966813cc03a7acb947b36a17016aba6d04df3fcf590d9c1aa3413', '2026-07-24 19:21:04', 'valido'),
(90, 7, 1, 355, 'cf9f6d4bc5312ef718f76f6cee0d7e0f7d685da56775bba8ef9c8381b48a149b', '37b70df7d7703929bc12ffe5f3e381542cbf1fc928f59ace0ff3ba4a757980fe', '6d9f3d028e0467047f88e05806c754bf2bfda82f6d880a5f0086e0edbd782e1b', '6cb42bace9e01e2008e4e694fccb7956c4860e57227f182a2cb6856dbea4c221', '2026-07-24 19:21:06', 'valido'),
(91, 7, 1, 395, '6bbd87aa8bf82bbb78da16d41a8ef3db4a5a32807571bf42160313583a648403', 'd200f08f87343efacaf8cbcf3a4ae4459bbf70694121408a1098eb8289084d10', '32877e707827b0299cbd659c54221008a49c599f7717830c845632214b19a338', 'ad5b929010afd928f6e09802baf81c98e3a99f6c08d761ed51fee15b7f4e9a12', '2026-07-24 19:21:08', 'valido'),
(92, 7, 1, 343, 'ca2c205e19c8fd6cd21fa9d57e19950cca14245f6b1ff43dea19486464868a7b', '2eeaca7b7cb7f4cd1334c02a2be3f51d02cd2d91fb10e2da0e9c0cfac4d981b3', 'c7feb8b78487825fe18788355ecaf68463f6ebdf7af87fe8a68fbd34b91b12a7', '6cb42bace9e01e2008e4e694fccb7956c4860e57227f182a2cb6856dbea4c221', '2026-07-24 19:21:09', 'valido'),
(93, 7, 1, 398, '66a7dc2ed75bab27f3a97a68aa9ca4ef048b25530ca4498851181b8d3c9a2de9', 'abee4100c4f6d57d6037d96484824554e20da380b44927cb447b06029ffc6156', '8848ff8de52e7115576847a59e35aed883c581e1d30ab3e1d889fa279bc8c3a5', 'ff112c7cba635e17e27ee1b52407b9bb982839004a78907ab1a4f4a9414554e0', '2026-07-24 19:21:10', 'valido'),
(94, 6, 1, 379, 'c9505316af01b08ec4a1b50756cf32447fdc442c20ca36fb78a426f38275e093', '725718826cfc97777c14799dddbb78c95221d730db83c687add9c26f0a075559', '10c06eaf4ea9c880b2b3f7f234a646f524972c7389d717eaf8f6049c3a6bb7ad', '42fdc2af0d6966813cc03a7acb947b36a17016aba6d04df3fcf590d9c1aa3413', '2026-07-24 19:21:11', 'valido'),
(95, 7, 1, 343, '7ec4da5c5a1ecef3f9c9c9fd062388fe5e77eed71565651f5b72918a6c68e182', '6ae934006b40110cc073020953097a4353461c734b77f041ed98380dfa31d2f6', '931de007bd4073ce1f13dd3ef333195bd9854bf0f2e8a1a5d34c3d9fb7f9f2f2', '42fdc2af0d6966813cc03a7acb947b36a17016aba6d04df3fcf590d9c1aa3413', '2026-07-24 19:21:11', 'valido'),
(96, 7, 1, 289, '95b8a497d8a11a669e84090408df17f8927e5e854df9868ae1de55253f6f4f46', '1e81a171487e188803dcff08a0e2d83ebd3f66a8b95b203b3b187a8c714b05a0', '29ebae7b0c0ec77afcdec3c6463ecde1076f5d7fb2c5d91435ad394b4f2c07e5', '42fdc2af0d6966813cc03a7acb947b36a17016aba6d04df3fcf590d9c1aa3413', '2026-07-24 19:21:12', 'valido'),
(97, 7, 1, 343, '78e09674a4b7a6d04964c6a430edd28bead46005b41cefdf9f881852b0092058', '8df56acfe7643e724ae2b77e3c11e5f0700970fc5df6f32502e38c0b4fe13696', '66db867b9e275835ab85c75e1966beb686c0bded04614d9b88958947b1738ffa', '6cb42bace9e01e2008e4e694fccb7956c4860e57227f182a2cb6856dbea4c221', '2026-07-24 19:21:14', 'valido'),
(98, 6, 1, 395, '299589c1ac2a64d949c895116f80f58d94ceaa59f9b7670555a232b3e6fa0dba', '5f99a8e214dcf727f9b1288f4666df9111dcb9cdbe1d178c58c49475843ced97', 'ae51645a9bfddb1c5f93b64deca819f31820ddc37f85298f0ac1b61bfe2c11ee', '42fdc2af0d6966813cc03a7acb947b36a17016aba6d04df3fcf590d9c1aa3413', '2026-07-24 19:21:15', 'valido'),
(99, 8, 1, 284, 'ec7a7e9580b634c90e92a71d2d2c381f4faa1bc2f9620fbf981b13770ca0fbdd', '9103c4939d1ffc61f7d76c582196ff53e2fc6f851f76c4e74abeae4c807cdd88', '8dc1332afde750f8ccc3e11bcd9908532b1952abcb0095b14a486f51f76b2a80', '6cb42bace9e01e2008e4e694fccb7956c4860e57227f182a2cb6856dbea4c221', '2026-07-24 19:21:34', 'valido'),
(100, 8, 1, 343, 'a668f9158b7abbc3af8e9722609f73bb76b241b1250c97ad506bd7b2ea8dac46', '33b8bea35410bedc65f530d6d609250c768523d36ecf9f50cf9751087d9ffb52', '6d9f3d028e0467047f88e05806c754bf2bfda82f6d880a5f0086e0edbd782e1b', '6cb42bace9e01e2008e4e694fccb7956c4860e57227f182a2cb6856dbea4c221', '2026-07-24 19:21:36', 'valido'),
(101, 8, 1, 395, '82e8b89f1ec94caef0562bd3aae39ccb43997daeddff947d180ba3678691b87b', 'df364b132f7ff5c1a0dc69d14425b7d3ad34129d3d4d8c3c86c1a9b0419d138b', '510af596c6451154b6aa3244f623f7329c1ae7b8f8c0ac8f90fda723348bf699', '42fdc2af0d6966813cc03a7acb947b36a17016aba6d04df3fcf590d9c1aa3413', '2026-07-24 19:21:37', 'valido'),
(102, 8, 1, 395, '8e30de717816fccf4df4139c77caf7bf47ef7fa566312ba56b2ccc28a652c8b5', '5ff2621c5b93f7953a1c648a8a342a9983ccb2c71669622d118d7c55c76f495b', '66b921107a8e97a5dd5a3838b4bd943ff2664d34d4458d90165500938ac9d81e', '42fdc2af0d6966813cc03a7acb947b36a17016aba6d04df3fcf590d9c1aa3413', '2026-07-24 19:21:39', 'valido'),
(103, 8, 1, 294, 'b57c977d63794c1d4677952ea6c433cc043d95521ecf42a12d3595b43c6d1c57', '1493329032b37af00f58af9d21ed5041f0a9bedde7dbbdec471acec757eb0694', 'a0a407307e6d4a88e364634906450b736719917c642bd46ab8764ba436ec22d6', '42fdc2af0d6966813cc03a7acb947b36a17016aba6d04df3fcf590d9c1aa3413', '2026-07-24 19:21:39', 'valido'),
(104, 8, 1, 346, 'a908ba3ae9235ed7caf33d450bb41712199a865ef88fabf10f62d88370ad3e3a', '5dd85e8bac42e985e86107db07d53efaba27364eef09b127dc206ac3faa22243', 'ade569b6927c0e3fbfd4391e02521d50cb58a3921a1a03ec6873b48784482922', '6cb42bace9e01e2008e4e694fccb7956c4860e57227f182a2cb6856dbea4c221', '2026-07-24 19:21:40', 'valido'),
(105, 8, 1, 388, '911f7b86e833e2e69fd49c646d2e893cc61a7149c8a7f0a71c34b5d0656f66ca', '2728c345c07610b66cf580dbdebf555e8bb951148c1b98df4ef265831e46a38d', '2cf498505b8023b1e9a28ca4879901e3ba702d9b7872c598767b95ed6db698e3', '6cb42bace9e01e2008e4e694fccb7956c4860e57227f182a2cb6856dbea4c221', '2026-07-24 19:21:40', 'valido'),
(106, 8, 1, 370, 'cea40d7ba43a6aebbe745c8d8648369c95c5e8b7b4c0a05385045e9c1e05d0ee', 'f49444c140aad771bdc6d656bc59524cca57f1e38de6082271159e7f66555d0d', '6e084740e9260bac18339d273c3d0f7e2df711c480bbee76882ef93be4251063', '6cb42bace9e01e2008e4e694fccb7956c4860e57227f182a2cb6856dbea4c221', '2026-07-24 19:21:42', 'valido'),
(107, 8, 1, 395, '86edfdabe8c8eb3dd13ef9ccad9471a4526f78869089804137e76a9e5d0b9646', 'e6fee5682fb4bf311446f738aa88651afe480d6493a9907f1d64262eb00bd16c', '32877e707827b0299cbd659c54221008a49c599f7717830c845632214b19a338', 'ad5b929010afd928f6e09802baf81c98e3a99f6c08d761ed51fee15b7f4e9a12', '2026-07-24 19:21:44', 'valido'),
(108, 8, 1, 365, 'c35bee20e8fc0ebb4caa403fc3e18d2a6e83c1e90fc30f7f855d7d93fc174342', 'a650a3889527f34d449755449d069926f7ee9dc20fffc2fee91752f05875833a', '76461d779c3cf6c3315d9c53ed4f16486e0c226ce7b2312b108f570c3a8d3e5d', 'edb2ad5eee432d4833b53009640375574e2ed8f25fe5597f22bd987b2daaada8', '2026-07-24 19:21:44', 'valido'),
(109, 8, 1, 287, 'd3ee95f735b6ed4fc812394861c325da08410185e6623dd512c0cd307f8c4545', '6eb0bdf24810bc62607dc014ab25f2e34b224f5800c84f85009b62299405df2d', '75923744498876d7f6720caa314718cbea033816ec65689c0c8e70ded54d3361', '6cb42bace9e01e2008e4e694fccb7956c4860e57227f182a2cb6856dbea4c221', '2026-07-24 19:21:45', 'valido'),
(110, 8, 1, 318, 'ae733c65b89755cbaca9ed3fa01080060eac10e95696c47c9808b62293e777c6', '0c8c061f77297fa7106a5003603ebf13107fb93d6b22fa938eaaa8f4563028a0', 'f2ff23c20ee6c5c6b267642d06e6f331a501b3471e3f546afa05795522b92145', '42fdc2af0d6966813cc03a7acb947b36a17016aba6d04df3fcf590d9c1aa3413', '2026-07-24 19:21:45', 'valido'),
(111, 8, 1, 383, 'e483c6fedb9014c13e7577da0ccb87b532dc48e67489c64adce2954d265a70da', '56c0651a6adc5e973fafafe683a1cc0c166bd9884aaaa96cae05e0b3592b7225', '44db5572755aea3bc73120822a129f512e6652df089bf11a019085b30c8e97f6', '42fdc2af0d6966813cc03a7acb947b36a17016aba6d04df3fcf590d9c1aa3413', '2026-07-24 19:21:48', 'valido'),
(112, 8, 1, 395, '5d566b793e500032d38d46867c55c04784d28f5e15889894f3c54fc845fd53b0', '31ffc3c18e7fbe4db2a83d355615e4ca6ac8ad74b84630b64fe93825687981bc', '8b4b68ab304a299add3c054d5f2803bdefe6d5166b3428db9ccc34607f5d5f9e', '42fdc2af0d6966813cc03a7acb947b36a17016aba6d04df3fcf590d9c1aa3413', '2026-07-24 19:21:48', 'valido'),
(113, 8, 1, 343, '7aecc2610680a39c65de315cc311afd7653ab5abde32107ca4daa237714dd9fa', 'c9cab83a40243ce2ca876ea1d1837069384eccb4c0b9259396fb591d12c67e34', '22c9e317d31c8d869d9e2160a688ae8dbe2e74d2e9a92197adce788a5f641617', '4cdfb907c1a64dc699ca74d49401a710b9a9bb6cc25245a7f3dcff9632804217', '2026-07-24 19:21:49', 'valido'),
(114, 8, 1, 329, 'e6db11a2cecac51e8cabaea53b4c0b2d8b25a5d8fd717e53214e0c3f4355ced4', '4cb95265808098ca120342f9c9e08c29f5dd2f45f8a86539982aeaef1e78cde8', 'bc1cfec9e0beb005038a6f13c80d5babfb6a6b03b5b6f7a7accdc8a1cc947e55', '4cdfb907c1a64dc699ca74d49401a710b9a9bb6cc25245a7f3dcff9632804217', '2026-07-24 19:21:49', 'valido'),
(115, 8, 1, 324, '3c61f9bfec85455cf0d11e91c592b7bed8abb2e662ced8d99279eb64065a8812', '6501887651304e9eef0eaa42941a3a2fdd8b57004f1b2a01d7fb4f15fdd27887', '12c75f5f9be9e2bab6e4dec74d86a4fd50f282fdee53c9cf9f39d5939e109678', '4cdfb907c1a64dc699ca74d49401a710b9a9bb6cc25245a7f3dcff9632804217', '2026-07-24 19:21:51', 'valido'),
(116, 8, 1, 307, '3ddd1f637d13b74caa9005237f89f19e2594e7481fc5df54a4b66a9a5699d312', '8b9a53b8e26a9af4984f2ab58c355710ad81c2f9efe8892f359e91dab6001734', '10c06eaf4ea9c880b2b3f7f234a646f524972c7389d717eaf8f6049c3a6bb7ad', '42fdc2af0d6966813cc03a7acb947b36a17016aba6d04df3fcf590d9c1aa3413', '2026-07-24 19:21:52', 'valido'),
(117, 8, 1, 343, 'e9cf6026ec3db3060e5b4ed5a61bba7b530a4e544f5f95624bc6ccc5ff02f1c8', 'ed1319dddfe2b6faaaff4f7e1a604b3e609ae304dbc2ba629471ac33c87c792b', 'a458075c9ffcb3053e596f5bcff11db179b2a2e76b99beedfb73603b8c26ba86', '42fdc2af0d6966813cc03a7acb947b36a17016aba6d04df3fcf590d9c1aa3413', '2026-07-24 19:21:55', 'valido'),
(118, 8, 1, 301, '8c453a7b9425881e3291b027960b7c45b7010ade4d8aebdb189ae80443a081ae', '66e5b25bd342a5972f0ea9d7f30276a082633a34c0675fa108130eb8dcebd7b1', '2b6864b35d896ed7ef3170edf955ae6b781cb0daa3f86cb242432fe2dbb1176c', '6cb42bace9e01e2008e4e694fccb7956c4860e57227f182a2cb6856dbea4c221', '2026-07-24 19:21:55', 'valido'),
(119, 8, 1, 396, '6d41189146182236b5aeca15160e583055e08e6b7f0d32757180cd1f9363c904', '8d10537ceff2b2876c675f1e84babba30a02e424a308ad962bff3da9629e689a', '8848ff8de52e7115576847a59e35aed883c581e1d30ab3e1d889fa279bc8c3a5', 'ff112c7cba635e17e27ee1b52407b9bb982839004a78907ab1a4f4a9414554e0', '2026-07-24 19:21:56', 'valido'),
(120, 8, 1, 307, '7ee33fb7cf7b7a14d73b36355a8e60be832531c5e26949c7cdf067b7ce97604f', '899f2ea18e4ff0164e16206839687269dff798a2f084ae7d2fc705eb436211f7', 'b26848cdd558125a5d973b8aa3df8056256ec6dc9df2c5dc102a10bdb68b7dca', 'ad5b929010afd928f6e09802baf81c98e3a99f6c08d761ed51fee15b7f4e9a12', '2026-07-24 19:21:57', 'valido'),
(121, 8, 1, 366, '93d822c3a97b0792c26044b5678e85ef108776a01342ab6dbff004e81f468fb7', 'df9274849ed10de5232000731f17c68de9fd8000bb9e6be40752b0d7c3001fe2', 'a458075c9ffcb3053e596f5bcff11db179b2a2e76b99beedfb73603b8c26ba86', '42fdc2af0d6966813cc03a7acb947b36a17016aba6d04df3fcf590d9c1aa3413', '2026-07-24 19:21:58', 'valido'),
(122, 8, 1, 301, '84ed0e05af462b2611d68ed422de62790e8d0b0bb2200943b2186bc62f8d548c', '24fb60dd212e9dd623fe0c250d99070bf2f6e6704a02088875cfc9a9432d6789', 'a458075c9ffcb3053e596f5bcff11db179b2a2e76b99beedfb73603b8c26ba86', '4cdfb907c1a64dc699ca74d49401a710b9a9bb6cc25245a7f3dcff9632804217', '2026-07-24 19:22:01', 'valido'),
(123, 8, 1, 343, 'db698d219eee2a15df1f53b8ee4540bdf23dcd58cc4bdc9a0478e48f7f53aa57', 'ee3ca86cdf3cdf3b8894a689977868ca6c9bba1aafb6a78045db38abf0abbeff', '0c17a060311e10ad1ae99e5ccf94894e66a92faf2361a2a45ba605e901e61fbc', '6cb42bace9e01e2008e4e694fccb7956c4860e57227f182a2cb6856dbea4c221', '2026-07-24 19:22:01', 'valido'),
(124, 9, 1, 395, '455b68f8c9c0597dc1ae24c8beae4c3b47b55fe9f571e1435ebf823cef876ba7', '9028f9e18c7803074f1edd6f96f65219b9ebd2024a18327fefdf8b62790d8398', '66b921107a8e97a5dd5a3838b4bd943ff2664d34d4458d90165500938ac9d81e', '42fdc2af0d6966813cc03a7acb947b36a17016aba6d04df3fcf590d9c1aa3413', '2026-07-24 19:22:18', 'valido'),
(125, 9, 1, 370, '63e261432d7c5cc76699b4ccb92bc41b5d359993597e3624c73e718a3007d885', 'c1dae0f8a94328be45913d678e588afc1673ee910b1ced737673a8dfd1958e60', '6e084740e9260bac18339d273c3d0f7e2df711c480bbee76882ef93be4251063', '6cb42bace9e01e2008e4e694fccb7956c4860e57227f182a2cb6856dbea4c221', '2026-07-24 19:22:19', 'valido'),
(126, 9, 1, 395, 'df890758fe9ca324fe9cd46b8780c67030e21be7e226725c7be6e170cd0f7644', 'f6318fae6da4bdc533aac58f8c0e44a154f1ac8b04043abfaaa7664ede4f93e6', '510af596c6451154b6aa3244f623f7329c1ae7b8f8c0ac8f90fda723348bf699', '42fdc2af0d6966813cc03a7acb947b36a17016aba6d04df3fcf590d9c1aa3413', '2026-07-24 19:22:20', 'valido'),
(127, 9, 1, 366, '65a675af9c5af4e070f8281ca5741b00c27770f0871b6c1efc6232f1d54de870', '9ffedf6f8bdf9908f24ddcc4dc715c34bb42c9dde05fed750315ef2165ca4b1a', '44db5572755aea3bc73120822a129f512e6652df089bf11a019085b30c8e97f6', '42fdc2af0d6966813cc03a7acb947b36a17016aba6d04df3fcf590d9c1aa3413', '2026-07-24 19:22:20', 'valido'),
(128, 9, 1, 395, 'c71e8174db82b650a9e31b54d680117454123dc2f71d1067a8cd79e66d739789', '8ffb041c0e82239de0ff3d3f13910cc23083740de0b6d090097575f525914100', '32877e707827b0299cbd659c54221008a49c599f7717830c845632214b19a338', 'ad5b929010afd928f6e09802baf81c98e3a99f6c08d761ed51fee15b7f4e9a12', '2026-07-24 19:22:23', 'valido'),
(129, 9, 1, 394, '2008eafd3cc1587949dc496df65b368327fa37c8066f7135733364a3f7240e6c', 'f6604a92a0520ee885e674b05da710f0f57e9abf63b269d2ebdfae1f433227d4', '75923744498876d7f6720caa314718cbea033816ec65689c0c8e70ded54d3361', '6cb42bace9e01e2008e4e694fccb7956c4860e57227f182a2cb6856dbea4c221', '2026-07-24 19:22:23', 'valido'),
(130, 9, 1, 306, '2ac77e385e68fb552906f57f1d95e4b644ffa2b3112a6dec68a77fa24bb04f96', '1f480d2947cd3dc61a569b801b237580e56ba8eb3a14373e0c8b2cea0e116a52', '0c17a060311e10ad1ae99e5ccf94894e66a92faf2361a2a45ba605e901e61fbc', '6cb42bace9e01e2008e4e694fccb7956c4860e57227f182a2cb6856dbea4c221', '2026-07-24 19:22:23', 'valido'),
(131, 9, 1, 385, '261ce785f8b9d74f2324320174ddea0a3425a420ffeeb352fca57482643ba601', '4af634cc549eabffc51a1abc0b20f2d1cf7ff1f00f1e06e32ad6a67843713181', 'a458075c9ffcb3053e596f5bcff11db179b2a2e76b99beedfb73603b8c26ba86', '6cb42bace9e01e2008e4e694fccb7956c4860e57227f182a2cb6856dbea4c221', '2026-07-24 19:22:23', 'valido'),
(132, 9, 1, 343, '1239f3230197698f973a43d6b33e85662ba7b3a6b9d1948c5e7eba78b8c97e1e', 'bb453dfb3f704984358057c87ffdb1caaca33133482ab4306fb63073674a8d3c', '12c75f5f9be9e2bab6e4dec74d86a4fd50f282fdee53c9cf9f39d5939e109678', '4cdfb907c1a64dc699ca74d49401a710b9a9bb6cc25245a7f3dcff9632804217', '2026-07-24 19:22:25', 'valido'),
(133, 9, 1, 290, 'd24e885b478a2702e122026c7557190a6bf4584e7746f9cb11207fd0d851e18e', '9c01c2ac54f171cf14aecfc181dc3135974791b0aeea50ebd0d7e1479619a307', '2bba94cdc0851ddf3c74a9c4ab8b8eeb9eb0ab87733af26c24cd10288c52e868', 'ebda8aceff1f93ead5a0e16bb48a2a4f75542b1b1e9bc172612e77c2987cd9d5', '2026-07-24 19:22:26', 'valido'),
(134, 9, 1, 383, 'cf9e9f893c99bb1652022f9dba7d17e0c34dc295173cc357aa0b20fc76fb7c8d', '04d007c482e09661de328ce043a619769e2444867dc28aa566f4245f5d743d87', '29ebae7b0c0ec77afcdec3c6463ecde1076f5d7fb2c5d91435ad394b4f2c07e5', '42fdc2af0d6966813cc03a7acb947b36a17016aba6d04df3fcf590d9c1aa3413', '2026-07-24 19:22:27', 'valido'),
(135, 9, 1, 315, '5d068c466d57bdb014222193bdba3ca6d5a842e0d14b34c3fc8e2665c8911f8b', 'e8f6666ad3c8b94b5a5cfdfa767a921504a7257f0f53a99406a20e006598af40', 'c7feb8b78487825fe18788355ecaf68463f6ebdf7af87fe8a68fbd34b91b12a7', '6cb42bace9e01e2008e4e694fccb7956c4860e57227f182a2cb6856dbea4c221', '2026-07-24 19:22:27', 'valido'),
(136, 9, 1, 374, '399024d908dcc9fb82c6683bda7c822247c937477341fb71191f3ae87168221d', '628903bd0c93707898ffd8e4e17ed0624f6aca70fe7d2658a1dd18d9e698fe98', 'a0a407307e6d4a88e364634906450b736719917c642bd46ab8764ba436ec22d6', '42fdc2af0d6966813cc03a7acb947b36a17016aba6d04df3fcf590d9c1aa3413', '2026-07-24 19:22:28', 'valido'),
(137, 9, 1, 408, 'aeaea16d0c08348957e8d9bee976d11d70bf0c0e3f997dd929d939ba56895493', 'e3ee4bbb0853ccfab46c4435008f0f96ef8e572194b5575ec56887f8d7d3d3c3', 'cdf7f4885cd3e3279a9fde18b4e224a0518822c1425f12fe1945dc6c04c258ed', '42fdc2af0d6966813cc03a7acb947b36a17016aba6d04df3fcf590d9c1aa3413', '2026-07-24 19:22:28', 'valido'),
(138, 9, 1, 290, 'eb92cb966f3ddc74cd16e3fe642621de5a9c30a4e4596328280254462f6a3b10', 'bc49a9244b09bc98953bc3ef16c61b14857d5611b470152d89362fa112802444', 'ade569b6927c0e3fbfd4391e02521d50cb58a3921a1a03ec6873b48784482922', '6cb42bace9e01e2008e4e694fccb7956c4860e57227f182a2cb6856dbea4c221', '2026-07-24 19:22:29', 'valido'),
(139, 9, 1, 400, '18fdc215da0aede05af8bf293029d6d19d63b204156e59051555829fe0b29a01', '2f3c2121619966d427c88d9df51b722ded7f07dc9ee1af5ec2b0b4338e4dea55', '64264463f4fa1e7bdc0bb573e8365a14448fce6bc25a010ede5aa17cfd95bfdd', '6cb42bace9e01e2008e4e694fccb7956c4860e57227f182a2cb6856dbea4c221', '2026-07-24 19:22:30', 'valido'),
(140, 9, 1, 408, '5500f16fba9c3eac1806e80b7f6d906a2d7c8dc9780b066145235c44aa468b5e', 'ad5d637ed93951e05f08748b96d74e7e49a939cf90a1fbfa61c073207fe0234a', '10c06eaf4ea9c880b2b3f7f234a646f524972c7389d717eaf8f6049c3a6bb7ad', '42fdc2af0d6966813cc03a7acb947b36a17016aba6d04df3fcf590d9c1aa3413', '2026-07-24 19:22:30', 'valido'),
(141, 9, 1, 303, 'bc307ba3ceffade2129bf1b3cd47db6cdaaf9295a0af1b7d5d2ddac578dc49a7', '26957f3338e78b65806eb18f1f82b421a67ead410d2728448540d4cc1f286a4e', '601e20f3244fe9665b202bbf8166a3ae8d9c398add5cb822f3489967221fab71', '42fdc2af0d6966813cc03a7acb947b36a17016aba6d04df3fcf590d9c1aa3413', '2026-07-24 19:22:31', 'valido'),
(142, 9, 1, 316, '482eb568dd8c6e104d09ab27387c603f3bcde1e549d170208dad039b4c92c28a', 'ff0871961e9e3b39e080e29a912ea29e685236afbe0244aae508e20385c337b6', '844c312f43bc0072b3c55332d34c0aa7d1149d9323be79294b7c3341f5693633', '6cb42bace9e01e2008e4e694fccb7956c4860e57227f182a2cb6856dbea4c221', '2026-07-24 19:22:35', 'valido'),
(143, 9, 1, 395, 'fe72018052daffe74daacc5f57277592161cf13a5da66200870027cc9a24a67d', 'ffc4a08e583b0b23e4768b7e0c17865fa1c7ad861c921c3b9fa1ec187f39c98f', '8b4b68ab304a299add3c054d5f2803bdefe6d5166b3428db9ccc34607f5d5f9e', '42fdc2af0d6966813cc03a7acb947b36a17016aba6d04df3fcf590d9c1aa3413', '2026-07-24 19:22:38', 'valido'),
(144, 9, 1, 359, '6150c0a1730421189e7af4f769aa820c9682423c5310d201dc87d654a42ca405', '3c53e2e239eb5e90b2fa84cd71c08bbdebfc287eae5e3ac18faed22e3359ba22', 'a458075c9ffcb3053e596f5bcff11db179b2a2e76b99beedfb73603b8c26ba86', '42fdc2af0d6966813cc03a7acb947b36a17016aba6d04df3fcf590d9c1aa3413', '2026-07-24 19:22:42', 'valido'),
(145, 9, 1, 398, 'c23f947de812d7d058825c0f8ec3bdbfc3603f10c8af04e55e6cb44e39f9c73a', '5d7b24911d2ce3dee65cce094e43b7d02a6bd84b7a316a995725a47c3e7fb133', '8848ff8de52e7115576847a59e35aed883c581e1d30ab3e1d889fa279bc8c3a5', 'ff112c7cba635e17e27ee1b52407b9bb982839004a78907ab1a4f4a9414554e0', '2026-07-24 19:22:45', 'valido'),
(146, 9, 1, 365, 'a821b437bfe4220c39d5786ed620a167272d716f446e0318a0627da2a78e5d75', '262017cb349d4a12bfe735cc4be7a1b80b2549b97e67d3f83f80ce14ed801f2e', '76461d779c3cf6c3315d9c53ed4f16486e0c226ce7b2312b108f570c3a8d3e5d', 'edb2ad5eee432d4833b53009640375574e2ed8f25fe5597f22bd987b2daaada8', '2026-07-24 19:22:45', 'valido'),
(147, 9, 1, 285, '94fbf860215fff337bb840980157d94bb297e94d5a781476db77f57eb7f04cb5', '41931c385110fa5d1ebce00d49d01beb90358c5625504e58b0bb8eb6584b3426', '3dbfe7fa251133bf298599213cacc0c5bccb1483576a6ef2100d1c7bbee3e3df', '6cb42bace9e01e2008e4e694fccb7956c4860e57227f182a2cb6856dbea4c221', '2026-07-24 19:22:49', 'valido'),
(148, 9, 1, 355, '50ddd090ec5c0f41aebbb21f6b3d062af4e63aaa87241b9d64c058d656ba4213', 'fa11d863d6cef8e665e219546213d8f5037b65f2ee6ab79a24f55497f910a1a2', '7860dafd7b25bd04a737d058c57b071f090a2c5d041eda189b2491592a8a652e', '01b8dc2c4ac9d7867b964d433482a6c36f7d102990a0164c7dbe58de7a3e5b15', '2026-07-24 19:22:50', 'valido'),
(149, 9, 1, 395, '59d797d1963a35fb0cef7ef7965d8e07dc8102955e30f87c006abd3bba3575c0', '55d84101f86e5593108b3a6cd77950095f6459026a2d53ed5f91385702fd668e', 'bc1cfec9e0beb005038a6f13c80d5babfb6a6b03b5b6f7a7accdc8a1cc947e55', '4cdfb907c1a64dc699ca74d49401a710b9a9bb6cc25245a7f3dcff9632804217', '2026-07-24 19:22:50', 'valido'),
(150, 9, 1, 290, '3a1d4d223de944adbdb2d615df347561249fc9578066f5343daf2ee9cb8f858f', '02104ba23a262dd15547e853a690231b35ae75d7049c2b726214511ba67e62d0', '931de007bd4073ce1f13dd3ef333195bd9854bf0f2e8a1a5d34c3d9fb7f9f2f2', '42fdc2af0d6966813cc03a7acb947b36a17016aba6d04df3fcf590d9c1aa3413', '2026-07-24 19:22:52', 'valido'),
(151, 9, 1, 277, 'fb87fc0407d11363b4d5ab0c9cebd4338f09a7ff740b663ba4af186dbb769f0d', '2444633e2a44e07863a53ea29f73c6742f235fbfb1e06b6010456bc7547bc630', '22c9e317d31c8d869d9e2160a688ae8dbe2e74d2e9a92197adce788a5f641617', '4cdfb907c1a64dc699ca74d49401a710b9a9bb6cc25245a7f3dcff9632804217', '2026-07-24 19:22:52', 'valido'),
(152, 9, 1, 301, 'd674d01f99aa818e64a4d2f1f89a1fad8f36b1d5e516fbcd943f5a3c54e4ad7a', 'e4d45e04259fd9765c1054ac9faa8aeb38df5a4f6953e39c324b82c1239ca341', '2b6864b35d896ed7ef3170edf955ae6b781cb0daa3f86cb242432fe2dbb1176c', '6cb42bace9e01e2008e4e694fccb7956c4860e57227f182a2cb6856dbea4c221', '2026-07-24 19:22:54', 'valido'),
(153, 9, 1, 285, '6170c90020b94bd0d8e1a692cd2786b162c329e2f2f32401e5518d9de8549f32', 'e5e74778d6002d8ad14acca1376bdaa47e49b2a0dc91f83c1b75bb3622206686', 'a110ce10e582b3b0ba02924d68b19d59fc719b4cbf926baff80fdd93ea22dcc0', 'ad5b929010afd928f6e09802baf81c98e3a99f6c08d761ed51fee15b7f4e9a12', '2026-07-24 19:22:55', 'valido'),
(154, 9, 1, 288, '0bef872ba2c52e6ffbee11477a520d507414ecb1335d37ff0d66ce346001b697', '581093f1ec6afa303a344417b625a25f2517bc308c01e7f2a9f31d5903ace99c', '0366febf443c285922829de4f7d549ff62b1facda3bae050ddcad9ab2dd04c91', '42fdc2af0d6966813cc03a7acb947b36a17016aba6d04df3fcf590d9c1aa3413', '2026-07-24 19:22:55', 'valido'),
(155, 9, 1, 408, '023732e72612b442a7e2be3aeb1ad8553b91dc148676cbd8dc7f5fb13798e8fd', '6a865dc8449c2e424b935c3c961c17138453694773a0fffe2fd24f036c156860', '8dc1332afde750f8ccc3e11bcd9908532b1952abcb0095b14a486f51f76b2a80', '6cb42bace9e01e2008e4e694fccb7956c4860e57227f182a2cb6856dbea4c221', '2026-07-24 19:22:56', 'valido'),
(156, 9, 1, 395, 'd20fae91d6c54691effcfa0cfc11a6a304a362979b9319ba4740c2267fd3fc34', 'b12e002752f07a6f99562850e62f8e9fcce11326cef9263d6ffe0478d3ab3603', 'ae51645a9bfddb1c5f93b64deca819f31820ddc37f85298f0ac1b61bfe2c11ee', '42fdc2af0d6966813cc03a7acb947b36a17016aba6d04df3fcf590d9c1aa3413', '2026-07-24 19:22:59', 'valido'),
(157, 9, 1, 385, '568035791cb8dbaf8f2da8a2533bf6ba12fb48f3eb083aa99f3748b3270ed99c', 'c1d242701881544e172d3f5cd216f0d9ed5ab14d9a24c704eca90001ddeb4958', '6d9f3d028e0467047f88e05806c754bf2bfda82f6d880a5f0086e0edbd782e1b', '6cb42bace9e01e2008e4e694fccb7956c4860e57227f182a2cb6856dbea4c221', '2026-07-24 19:23:05', 'valido'),
(158, 6, 1, 343, '42ef42636c25d3916a3153f1b323901dce264994b00f63a388f329315a27e29d', '46b0431f377ad9953654dfc11d282798f4c36628f4e59cd58263ba47c8fc41b4', '845e50ad9229a1eda740962d42302dc8f2839199407e5a204264bedad949ab1c', '42fdc2af0d6966813cc03a7acb947b36a17016aba6d04df3fcf590d9c1aa3413', '2026-07-24 19:23:25', 'valido'),
(159, 6, 1, 296, '744b922d5b07cb6a48189fce11e513713b4a28edc524c898ce986fa44e7def5e', 'b3274caafad6c6f19f7d0a2d58669a9b12f1ff8a7a9e41588ced04b7e688869e', 'a458075c9ffcb3053e596f5bcff11db179b2a2e76b99beedfb73603b8c26ba86', '6cb42bace9e01e2008e4e694fccb7956c4860e57227f182a2cb6856dbea4c221', '2026-07-24 19:23:42', 'valido'),
(160, 9, 1, 395, '193499d87a60165b31a63997caf7105ec65383b047e1bf5486e9e8bc8a8a786a', '246329d0df318dfd63fab9d0fef32990e0846a5222cc928d69c32f02b2324aee', '510af596c6451154b6aa3244f623f7329c1ae7b8f8c0ac8f90fda723348bf699', '42fdc2af0d6966813cc03a7acb947b36a17016aba6d04df3fcf590d9c1aa3413', '2026-07-24 19:24:36', 'valido'),
(161, 9, 1, 395, '2f2bb3ddbeefe510121c746b684e1d54f28840ef8cbbe544cd17be39c82c6467', '2e0d87f458eafc5726a545f32ad23f3569b64d718030da4fe65fe62e2c0c5ac8', '66b921107a8e97a5dd5a3838b4bd943ff2664d34d4458d90165500938ac9d81e', '42fdc2af0d6966813cc03a7acb947b36a17016aba6d04df3fcf590d9c1aa3413', '2026-07-24 19:24:58', 'valido'),
(162, 9, 1, 395, '5606ecc1b0bd1cf4907e51ef92b19c93daeb215bcc96bd90630359cd1bd60402', 'f6755e60ce3bf7af44c27d14c89a90fc6bdf2ebf5deb8a00bf3ce22a68bf2eb5', '510af596c6451154b6aa3244f623f7329c1ae7b8f8c0ac8f90fda723348bf699', '42fdc2af0d6966813cc03a7acb947b36a17016aba6d04df3fcf590d9c1aa3413', '2026-07-24 19:25:12', 'valido'),
(163, 9, 1, 395, '63d31febb43a4c7e0c9b592cff4637f99ca6eabaaaec8a9eb83b11a929dea8f9', '792561375ad74f6c9517cd4f511d76a10414fae65923f3b9fd72227509bc75c5', '8b4b68ab304a299add3c054d5f2803bdefe6d5166b3428db9ccc34607f5d5f9e', '42fdc2af0d6966813cc03a7acb947b36a17016aba6d04df3fcf590d9c1aa3413', '2026-07-24 19:25:21', 'valido'),
(164, 9, 1, 395, '5ca0cc5155bbddf39a4ce01000611119048a38237a043af5a3e875f0993310aa', '3111b7669e040b6f34124c7f3bf6b393ed2539d4c8c3f78ceadb3eee438720c7', '510af596c6451154b6aa3244f623f7329c1ae7b8f8c0ac8f90fda723348bf699', '42fdc2af0d6966813cc03a7acb947b36a17016aba6d04df3fcf590d9c1aa3413', '2026-07-24 19:25:30', 'valido'),
(165, 8, 1, 395, 'b00ec73a2c6be2f2e0630f025d483375f46232b5287a6b73a21f931a22ef51ab', '3e164324a2a6ecf4b51f0fe1de0a6765f937e0379f3a37da5ae9dc5d79c24e64', '510af596c6451154b6aa3244f623f7329c1ae7b8f8c0ac8f90fda723348bf699', '42fdc2af0d6966813cc03a7acb947b36a17016aba6d04df3fcf590d9c1aa3413', '2026-07-24 19:26:15', 'valido');
INSERT INTO `votacion_votos` (`id`, `votacion_id`, `ronda`, `participante_id`, `navegador_hash`, `token_hash`, `ip_hash`, `user_agent_hash`, `fecha_hora`, `estado`) VALUES
(166, 7, 1, 395, 'ca0034cd4bd59f6bac49caa58ac203f1cfbd36ad0d3f9a68168d3531e0248b76', '8c46a5258d882f72317e1802a9c36a55121ae0ec29ce4f3f9fe3dc61da0e3665', '66b921107a8e97a5dd5a3838b4bd943ff2664d34d4458d90165500938ac9d81e', '42fdc2af0d6966813cc03a7acb947b36a17016aba6d04df3fcf590d9c1aa3413', '2026-07-24 19:26:31', 'valido'),
(167, 8, 1, 395, '2a4b03b369e531bbd50c9b29e8e5844017571b295150b876839f51e85ae4c73f', '89e31ca25c1b3d7b7cab5e6c13ae611547759dbefa33e16b39f295704d6e88a5', '66b921107a8e97a5dd5a3838b4bd943ff2664d34d4458d90165500938ac9d81e', '42fdc2af0d6966813cc03a7acb947b36a17016aba6d04df3fcf590d9c1aa3413', '2026-07-24 19:26:41', 'valido'),
(168, 7, 1, 395, 'aec90ae64065eac84ef5daa502791b5d0ebb7ed6ba00b13dff2a55ce8a701674', '26305b7d4be5ceae3dd8b896f46d6eb54f84002f7e7ad245f873ad6a00db5995', '510af596c6451154b6aa3244f623f7329c1ae7b8f8c0ac8f90fda723348bf699', '42fdc2af0d6966813cc03a7acb947b36a17016aba6d04df3fcf590d9c1aa3413', '2026-07-24 19:26:42', 'valido'),
(169, 6, 1, 395, 'e95960b63ffe2521b9937decf02df1257d9664665470a4cc795ecb13252d3edc', 'c2a409efaa0063bbda8a6210d2deb605bb21b06b871b22a31cb847315295d2e4', '510af596c6451154b6aa3244f623f7329c1ae7b8f8c0ac8f90fda723348bf699', '42fdc2af0d6966813cc03a7acb947b36a17016aba6d04df3fcf590d9c1aa3413', '2026-07-24 19:27:28', 'valido'),
(170, 6, 1, 395, '1f759a2cf58a716b3b614d7d10b9861e6e96fdcf6c0b861744e060af263fc8b2', 'cda05af906e11466ecf68090b862354e06bd75525614c9235a7582d3d81eeac2', '510af596c6451154b6aa3244f623f7329c1ae7b8f8c0ac8f90fda723348bf699', '42fdc2af0d6966813cc03a7acb947b36a17016aba6d04df3fcf590d9c1aa3413', '2026-07-24 19:27:40', 'valido'),
(171, 6, 1, 301, '309010cbb6a777c6fc0d061c9efdd6d6de3cef2cc97dfc3a7e88e7adebb8cb3c', '13e85d53b82111215986f4e393e44b898244ef685b31416ed1488f6e32062686', 'a458075c9ffcb3053e596f5bcff11db179b2a2e76b99beedfb73603b8c26ba86', '6cb42bace9e01e2008e4e694fccb7956c4860e57227f182a2cb6856dbea4c221', '2026-07-24 19:27:50', 'valido'),
(172, 7, 1, 301, '0b52854119b9e87ea923f45204f889c8d9cdedb7c1cf2bd09fa70a79137de548', 'be52d619fe7fe73e486c5964b9ad0b87a0d224286320dc56fd0aad3bb73e3099', 'a458075c9ffcb3053e596f5bcff11db179b2a2e76b99beedfb73603b8c26ba86', '6cb42bace9e01e2008e4e694fccb7956c4860e57227f182a2cb6856dbea4c221', '2026-07-24 19:28:21', 'valido'),
(173, 6, 1, 360, 'f2c98fc096f7fa6c7e2806c689d34384e6ff868bad09626548b4d7ad45353f2c', '549721ee6f9a9eddfea9cd9e0b5cef5d6ec25d55dab19bf0512b7da3f5377f4f', '18fd47b421f1b1632fb394f5448ca60aa5aa78bed67036cd828c877b9e3a1137', '42fdc2af0d6966813cc03a7acb947b36a17016aba6d04df3fcf590d9c1aa3413', '2026-07-24 19:28:33', 'valido'),
(174, 6, 1, 302, 'a2ee718d26111ff77c5289dca5a5736f45ab6d762067f52e7dc1980a94be77ec', '011dd75c619cc8b4c650944b4cdc993c2e82ea4220d98efd1d07a99586ace9ab', '6630e3b59a326d161f12ac821b2fb6b442d57aca554adfbef641f8533452ab2a', '6cb42bace9e01e2008e4e694fccb7956c4860e57227f182a2cb6856dbea4c221', '2026-07-24 19:28:39', 'valido'),
(175, 8, 1, 301, '2500cbd5aa12f4b89cb695d8d212ede9aee1a6077ef2c6a8b1fcb5e4ee5ae984', 'db8bd2a8d6f21fb1bd9bc2e0acee5bb79d79be4b0c8c57fe86e88abbc8356bb8', 'a458075c9ffcb3053e596f5bcff11db179b2a2e76b99beedfb73603b8c26ba86', '6cb42bace9e01e2008e4e694fccb7956c4860e57227f182a2cb6856dbea4c221', '2026-07-24 19:29:05', 'valido'),
(176, 5, 1, 373, '3f5fe99f79fb1554f24cb3f0a42fc0ef3617a605e234f3fcffd30ba3621d4df9', '0956a889aca8e597d1b50890ca43dea5f884511eecc155eb3ff5d774306cc073', '18fd47b421f1b1632fb394f5448ca60aa5aa78bed67036cd828c877b9e3a1137', '42fdc2af0d6966813cc03a7acb947b36a17016aba6d04df3fcf590d9c1aa3413', '2026-07-24 19:29:07', 'valido'),
(177, 6, 1, 327, '636200532d30e3359014554732abf6a49d118ad337a202528b9b8787730eec23', 'aa22d2e0ec2cc99684aaed1f43df6522e762896ff974c045c09ab16887639acd', 'f78f5aed7489883e239a73cd3db5ff2339c505556775b6137c8031e4d66f13ee', '6cb42bace9e01e2008e4e694fccb7956c4860e57227f182a2cb6856dbea4c221', '2026-07-24 19:29:16', 'valido'),
(178, 7, 1, 408, 'f56cf099180e2de0deefd69920756da000ecd4f03924b8da9494a8c2ecd107b0', 'f2a567e35610ed12d542f044bd847199c1190160ad87eb0260124fa6b6ffa23a', '6630e3b59a326d161f12ac821b2fb6b442d57aca554adfbef641f8533452ab2a', '6cb42bace9e01e2008e4e694fccb7956c4860e57227f182a2cb6856dbea4c221', '2026-07-24 19:29:26', 'valido'),
(179, 5, 1, 318, '45a3d3614b87e9c0ffb8a7abdc60dd5ee1248cb0f0d2c8b855a3fffb12b12612', 'de10b4fc61cfde36b50d5f7595771d0bc4be44b2d5235f402fe730782c4dc9e0', 'f2ff23c20ee6c5c6b267642d06e6f331a501b3471e3f546afa05795522b92145', '42fdc2af0d6966813cc03a7acb947b36a17016aba6d04df3fcf590d9c1aa3413', '2026-07-24 19:29:37', 'valido'),
(180, 7, 1, 343, '5a3cb1eede95456dad7cd0f5cc69734ad619a7b84d7fbeb17d428441834d5de4', '43dda705a7856d9e19cc54e89699b54644aaddd9fb88b471834b095e89c3fbb3', 'f78f5aed7489883e239a73cd3db5ff2339c505556775b6137c8031e4d66f13ee', '6cb42bace9e01e2008e4e694fccb7956c4860e57227f182a2cb6856dbea4c221', '2026-07-24 19:29:45', 'valido'),
(181, 6, 1, 318, 'eb0d73e30fb71c6ae4110c0a56c8e97d99b332c85768afbb8eb8f21636e46bf2', 'e20dc3cce422e2e6365408bb23af4eb5d96d02a86be23dffcf1541db92056aba', 'f2ff23c20ee6c5c6b267642d06e6f331a501b3471e3f546afa05795522b92145', '42fdc2af0d6966813cc03a7acb947b36a17016aba6d04df3fcf590d9c1aa3413', '2026-07-24 19:30:15', 'valido'),
(182, 8, 1, 395, '6979aa49ee7f4decaa125e929543fb2bc113b43424af40356aad10da02bd07c0', '40034c574e253f0b816f7d4c55dcc2bab6b5431c0018936a3bfc599ae401dbc7', '66b921107a8e97a5dd5a3838b4bd943ff2664d34d4458d90165500938ac9d81e', '42fdc2af0d6966813cc03a7acb947b36a17016aba6d04df3fcf590d9c1aa3413', '2026-07-24 19:30:20', 'valido'),
(183, 8, 1, 381, '19d463746a3fc43abed2229617454f1c11295c08a284a38f88929ff01c717042', '920221e5b9cf10fb8c1ee085196a1e6ebf70e5eaa983f484b62e750eae9f0eb9', 'f78f5aed7489883e239a73cd3db5ff2339c505556775b6137c8031e4d66f13ee', '6cb42bace9e01e2008e4e694fccb7956c4860e57227f182a2cb6856dbea4c221', '2026-07-24 19:30:38', 'valido'),
(184, 8, 1, 408, 'b8b0865a7cfe7b1b291738d98f593d3cd44ff5da29406f57c2022a6c49985025', '577eac938a9f50582a627a1af1e850cae2f825b88a49b1d66117cbe06dd16d19', 'fb32239e5003b93cd8aab606ee94691f42c4c251497abce838e9e0dd3963256e', 'ff879cf7a75f25c8ca6e949b689dace855bbe1f46785ee637881f375ed885332', '2026-07-24 19:30:55', 'valido'),
(185, 8, 1, 405, '4f00fde0e7477af075e2091c160d57d248885e25108ec1fc3fdba948678dbee3', '04f086f079b4d81eef3a319a4357331f2ce3d2bbaa7451920d04c02946a9fa4a', '6630e3b59a326d161f12ac821b2fb6b442d57aca554adfbef641f8533452ab2a', '6cb42bace9e01e2008e4e694fccb7956c4860e57227f182a2cb6856dbea4c221', '2026-07-24 19:31:06', 'valido'),
(186, 6, 1, 302, '94b9799f170d65a85e487571425377dfd4811fa3611910fd1efdf01c011654a2', 'c3022655398c53620a541a719f984ce71df54043bd1024879dcf3d181ab66bad', '141de39d5b73f0605815f527bc8e503c1b3d5e47f3b8b718bad5eec2cb339ac1', 'ad5b929010afd928f6e09802baf81c98e3a99f6c08d761ed51fee15b7f4e9a12', '2026-07-24 19:31:08', 'valido'),
(187, 6, 1, 292, 'ca0e3fe38e7061476a013f84e0bdcb1a1bd036b6405aecc917e11b371816d038', '94d6c6f2a757b0909797c79f8069075f01b1d9e87975fef62a3db273da3554f9', 'fb32239e5003b93cd8aab606ee94691f42c4c251497abce838e9e0dd3963256e', 'ff879cf7a75f25c8ca6e949b689dace855bbe1f46785ee637881f375ed885332', '2026-07-24 19:31:16', 'valido'),
(188, 8, 1, 408, '3b4ff1b813cdf7953061e7ac929a3ac07d850c9eb19d2676afed02c3b3f6bf68', '68d40bb92b9a9f40319aecc9549f0632566a4e0b5e543d529640c8155beaf088', '6ece9ae85e9bcf46b1b7d6544c3bb0ed16100698b59d04de71b45ee17a5c1df2', '61445c1e9b71032136f867b0aa89090b09bbea6dc9bd34ec93b829fafebcf3ca', '2026-07-24 19:31:19', 'valido'),
(189, 5, 1, 277, '5c913720baa4782463c660fd90862e281a81f42511dd52021eb9a8bb483ee16f', '0d9fd01f0bb3a49af59390c5debe210a1eb1cda6f18c2ddee332fd1a3ddee183', 'f78f5aed7489883e239a73cd3db5ff2339c505556775b6137c8031e4d66f13ee', '6cb42bace9e01e2008e4e694fccb7956c4860e57227f182a2cb6856dbea4c221', '2026-07-24 19:31:25', 'valido'),
(190, 7, 1, 367, 'e339cba88a907fa383fffe5f14a86165b20213eacc26057aa646f05321c386d1', '42585be00ff5fce139648211f3caef4644ab0565b9290e336e208ce6b5743ef6', '64264463f4fa1e7bdc0bb573e8365a14448fce6bc25a010ede5aa17cfd95bfdd', '6cb42bace9e01e2008e4e694fccb7956c4860e57227f182a2cb6856dbea4c221', '2026-07-24 19:31:28', 'valido'),
(191, 7, 1, 395, '6b7a324263dcf38909e58b4805fb43283c9744461b40ec9320dc2df110036ef3', 'aa0380c517f147549399fd2c58e9b37db02e62cedfbbd5f9142bde9cceb2168c', '66b921107a8e97a5dd5a3838b4bd943ff2664d34d4458d90165500938ac9d81e', '42fdc2af0d6966813cc03a7acb947b36a17016aba6d04df3fcf590d9c1aa3413', '2026-07-24 19:31:31', 'valido'),
(192, 7, 1, 327, '7575daad94ecfa45c15eca91cdd7b59894172d8e3d22f7b56b4559067303a013', 'f56924efb575bde232fc4f1c2902d41d71e35c50c0c88b6df63ca49a057e9fa5', 'fb32239e5003b93cd8aab606ee94691f42c4c251497abce838e9e0dd3963256e', 'ff879cf7a75f25c8ca6e949b689dace855bbe1f46785ee637881f375ed885332', '2026-07-24 19:31:38', 'valido'),
(193, 8, 1, 395, 'ba60f55e16657cdc7bfb429c09ab96dbee08755d3d5b46d3d6037e14e44fe5a0', '80ca30bde33a6075dc76cc8611c4350cd1313eac19610fd2f959ee66c7e00e1e', 'a110ce10e582b3b0ba02924d68b19d59fc719b4cbf926baff80fdd93ea22dcc0', 'ad5b929010afd928f6e09802baf81c98e3a99f6c08d761ed51fee15b7f4e9a12', '2026-07-24 19:31:40', 'valido'),
(194, 8, 1, 369, 'cf701707801815a058340b76e9e5618914b8c62531d136a2d519e3a0e92ebc6b', 'eb9e3d71a0e51d8a3d2faadc0cf5964a4d6de7f958744761cbe79657d500bd86', '64264463f4fa1e7bdc0bb573e8365a14448fce6bc25a010ede5aa17cfd95bfdd', '6cb42bace9e01e2008e4e694fccb7956c4860e57227f182a2cb6856dbea4c221', '2026-07-24 19:31:41', 'valido'),
(195, 7, 1, 343, 'f80c6039172aa3b70369ea71d0d9083d9f9a467b00a698f27b6c55cf9cb90857', '695c6f06d9110fbd4596c10ab2e93fab9ee12f8dfa3ffdb7407a84fd7546b60c', 'ce924fe2576f8262e7d8c1f2f9b5a80e3384e59f1133b55f559b527825889efc', '42fdc2af0d6966813cc03a7acb947b36a17016aba6d04df3fcf590d9c1aa3413', '2026-07-24 19:31:45', 'valido'),
(196, 8, 1, 370, '45e5622587051d5daa1c2b62aa80c9edcc7e9223313fd140615e6a19980eb165', 'fc68e10da2603db86c1f6aaeb05bc8a318493bac2d3e6617e0f47f0a7f4529c0', '601e20f3244fe9665b202bbf8166a3ae8d9c398add5cb822f3489967221fab71', '42fdc2af0d6966813cc03a7acb947b36a17016aba6d04df3fcf590d9c1aa3413', '2026-07-24 19:31:55', 'valido'),
(197, 8, 1, 301, 'afb245117f55a8fa372c734ef50696ccf53c71696773524c490b0277e8321f74', 'ef7605d02a5f46ffe09f41f2194d5396e5aa11fda4b047aacda7fddcd2421303', '05ae01435ebe3873c44c806307e5f727443b8e8b565487d8c63e73c976ec39f6', '6cb42bace9e01e2008e4e694fccb7956c4860e57227f182a2cb6856dbea4c221', '2026-07-24 19:32:05', 'valido'),
(198, 7, 1, 302, '6da5266a84be98be8f62752f80442a78cfc852dfbe6f6f30b72f0c00bfa6d988', '4f015bd910025b55b107fb886eb70402e14d5f429a2425c1baef24c56216e189', '141de39d5b73f0605815f527bc8e503c1b3d5e47f3b8b718bad5eec2cb339ac1', 'ad5b929010afd928f6e09802baf81c98e3a99f6c08d761ed51fee15b7f4e9a12', '2026-07-24 19:32:08', 'valido'),
(199, 5, 1, 292, 'bfcc43b10d062af5adfd424aed58ebd447dc2a600110de5e1edbb23ba215b8d6', '9fbbf208a1ae2e68fc7222805023bff152b4d1bb63bb71058aee691d31c12c07', 'a458075c9ffcb3053e596f5bcff11db179b2a2e76b99beedfb73603b8c26ba86', '6cb42bace9e01e2008e4e694fccb7956c4860e57227f182a2cb6856dbea4c221', '2026-07-24 19:32:12', 'valido'),
(200, 7, 1, 337, '5d4cc2d8f24066beb5abd0442742c2aa881ccd471a1a52d7a642e2f4c82ccab5', 'bfe444bff8c636e4a3406feeb38bb1a8489c42acf3e7c90da8b38a96c4aa7d88', 'bc1cfec9e0beb005038a6f13c80d5babfb6a6b03b5b6f7a7accdc8a1cc947e55', '4cdfb907c1a64dc699ca74d49401a710b9a9bb6cc25245a7f3dcff9632804217', '2026-07-24 19:32:24', 'valido'),
(201, 5, 1, 370, '5270f8d0c1ce6803db45c36f6170db13fe681480fb83ff0a916f20dd3a68eb97', '8729ec88bc760056a1cb50d35fbe77f223ce3bf736d47ae2410c2f18c0aaa57e', '601e20f3244fe9665b202bbf8166a3ae8d9c398add5cb822f3489967221fab71', '42fdc2af0d6966813cc03a7acb947b36a17016aba6d04df3fcf590d9c1aa3413', '2026-07-24 19:32:43', 'valido'),
(202, 5, 1, 395, 'e3e143573b1ce4d869e4e4385cd83fb500c95cdc80b271050d3e414cad9c8c31', '60b09d2ea473602b0a146ee66e1a3c10ea443ca9230632f66887136c87918177', '66b921107a8e97a5dd5a3838b4bd943ff2664d34d4458d90165500938ac9d81e', '42fdc2af0d6966813cc03a7acb947b36a17016aba6d04df3fcf590d9c1aa3413', '2026-07-24 19:32:45', 'valido'),
(203, 5, 1, 395, '8c1cc064539d63d29e3716a126e4c6cb63d41a2ad36e99dfa00f597dfeca68ee', 'f0278258a35b00cf66177c6a4828f4e20e1ad9ccbb3d885fb6ba94e0476d1959', '0e25ab0afb1309d012521667eb4d6801b9cbdba8aecdca991c2884361b0b9a68', '6cb42bace9e01e2008e4e694fccb7956c4860e57227f182a2cb6856dbea4c221', '2026-07-24 19:33:02', 'valido'),
(204, 5, 1, 391, '0951ff6a06783a8d89bcfe50bc2bfdb777784915b7c5f18efee1d14b0e33285a', '0faef3b907e2af9e55d47be425a69d369f03674e5905e774fa931b3908c6c97c', 'e0795afc602d0ffbc2933564fb8909794c1151a260052b700cac6785429ae189', '6cb42bace9e01e2008e4e694fccb7956c4860e57227f182a2cb6856dbea4c221', '2026-07-24 19:33:06', 'valido'),
(205, 5, 1, 395, '121a28bd13272a299f6a82024152f138c3af1da2a266f13815ddf48d9affe1b2', '7768e41ec4c9e167ac4fa2da25202a3edd8dbba711a8ccf6e07dda771c9dbf3b', '510af596c6451154b6aa3244f623f7329c1ae7b8f8c0ac8f90fda723348bf699', '42fdc2af0d6966813cc03a7acb947b36a17016aba6d04df3fcf590d9c1aa3413', '2026-07-24 19:33:12', 'valido'),
(206, 8, 1, 302, '5bd92cf46864a1e519e458a7fcf77e3aca9910e762e3a51c755d5f1230f5ebe8', 'b86273992a96cc2475f37d8f99fe043a78c56bf49f4801905431efa8f847fe6a', '141de39d5b73f0605815f527bc8e503c1b3d5e47f3b8b718bad5eec2cb339ac1', 'ad5b929010afd928f6e09802baf81c98e3a99f6c08d761ed51fee15b7f4e9a12', '2026-07-24 19:33:23', 'valido'),
(207, 5, 1, 395, '0efb49cf313e75d1ab33ded8a47ff2223a13521806c24a23f929d7ceb80d2e3c', '343afc0a18ecda8d4f53baf0009f0c3834d519ffde09d1e5ee75f91551ca185b', '66b921107a8e97a5dd5a3838b4bd943ff2664d34d4458d90165500938ac9d81e', '42fdc2af0d6966813cc03a7acb947b36a17016aba6d04df3fcf590d9c1aa3413', '2026-07-24 19:33:25', 'valido'),
(208, 5, 1, 391, 'e585a0974e498a9307444e79831f1f1b9e444154bdcf7c929b9efff367eccc0c', 'e8774e349c2275c8f8daa455eb829e10390a7637cf0503b1429b952352831292', 'bd1196732e4ba8e7d9ddf64b1e306cbe067654d88ed4204c9230889ef6b02bd6', '42fdc2af0d6966813cc03a7acb947b36a17016aba6d04df3fcf590d9c1aa3413', '2026-07-24 19:33:34', 'valido'),
(209, 5, 1, 395, '1ce208a5c820fbac2b34763ca2cead549717fbeb5978839d6f6d8770d0b4e760', '96b9ac8b46123b4a01d9acac2466191112e3fa3dc4aca1696773cd7e0efbb16e', '510af596c6451154b6aa3244f623f7329c1ae7b8f8c0ac8f90fda723348bf699', '42fdc2af0d6966813cc03a7acb947b36a17016aba6d04df3fcf590d9c1aa3413', '2026-07-24 19:33:43', 'valido'),
(210, 7, 1, 367, 'd9fe1e878fc34c9574f570ce445371046824c30faf1c07ac6bbb9d0e8fb247e9', 'fad4f70b79a79b075d53eb196f2f3cea2496da7f8995dfc9853d67412acf9943', '4e4d13a3f2a5846d01717fe8228e73b85ec8d519c71f43a90d475b29addf2b35', '6cb42bace9e01e2008e4e694fccb7956c4860e57227f182a2cb6856dbea4c221', '2026-07-24 19:34:47', 'valido'),
(211, 8, 1, 367, '9f92aa6ebe9d7a1e327104456f6067458182aa71956ba9edfc0111a8a92e47e7', '9b92604dcaf8c3e47062eb55d3399211e9a46e6a5d9a154cc1ec039f9ee3f9d3', 'dc3e1d0dfc60fb92d1feb169f79d37e405c764983a86750b04333f8a280f00b4', '32e7186b26b7aaa7ce75d97e46bb40f36189abe6cdd2507be4df6c0952642c73', '2026-07-24 19:35:16', 'valido'),
(212, 9, 1, 301, 'de7f38e021fad9b4c8ece4b8e615f9d6aa37611f5b471c81fb300ec252c645bc', '86b104887473aa2c725d17f2df9fdf3234ec7a06287dd9b6e593b234ed0923c3', 'a458075c9ffcb3053e596f5bcff11db179b2a2e76b99beedfb73603b8c26ba86', '6cb42bace9e01e2008e4e694fccb7956c4860e57227f182a2cb6856dbea4c221', '2026-07-24 19:35:40', 'valido'),
(213, 9, 1, 367, 'e512a1aff84d08bcf64de042f2706c9ba5603b934930b0d3a8c508619ff7c8c8', '1cf5f451d2f558233d956fcaca09bb62889cdc0aeb950f111fe1436b5bb9b009', '3451e17b17bfd950dde922eb7f44cc854c0edd0de995a825f758648ec257fbd6', '6cb42bace9e01e2008e4e694fccb7956c4860e57227f182a2cb6856dbea4c221', '2026-07-24 19:35:52', 'valido'),
(214, 9, 1, 394, 'f5522a4c10c97a899e5cd18a15fb9ff3d53562a5170481739628f8a347e25dab', '8c35b27c024d3e5061f0d1320209c5c1ffa0d753c9868fb05afaf0191a803cbb', 'f78f5aed7489883e239a73cd3db5ff2339c505556775b6137c8031e4d66f13ee', '6cb42bace9e01e2008e4e694fccb7956c4860e57227f182a2cb6856dbea4c221', '2026-07-24 19:35:52', 'valido'),
(215, 5, 1, 391, '933c281a25f803c2c60d2b9949472baebf2d384983ea1fa979bd3876fbef3a78', '4faa6c645daef23aeeed8eb36b0af3f8a15d86e1dd95a27b58a8005061e3d203', '22c9e317d31c8d869d9e2160a688ae8dbe2e74d2e9a92197adce788a5f641617', '4cdfb907c1a64dc699ca74d49401a710b9a9bb6cc25245a7f3dcff9632804217', '2026-07-24 19:36:22', 'valido'),
(216, 5, 1, 391, '32d3df6ca9a2f938adcb501f05d916660c94d0040558e99df7e0f17c24654b48', 'e770651ccc6932140c72cc5c1083ddcd081b47b1b83d181d29784fd2d56b1732', '94195961320f9ad9dd3ab1e2055d37929fb16cc50ff19f7edbbe6528751118b4', '42fdc2af0d6966813cc03a7acb947b36a17016aba6d04df3fcf590d9c1aa3413', '2026-07-24 19:36:23', 'valido'),
(217, 5, 1, 391, '49562f52bedc736a80ca7e0528051c838ba7bae2b18a7cde9ae3bbd6f1bf2be1', '786f99877cdfeffaf5d9774cdeca1df2837f88ece2e97dffa3fab90081c9b1c9', '37e058d5a6397e97ed4492cf09821b7906f791fc4b584d0692985d87ce389d31', '6cb42bace9e01e2008e4e694fccb7956c4860e57227f182a2cb6856dbea4c221', '2026-07-24 19:36:30', 'valido'),
(218, 8, 1, 301, '292b7d9f19208c12612699819ec98d5b1502473bfa889dede73a72df6cf068d9', '67df1a2c11f93cf8a187ce38a65929f6a3371dec6f411af7c9048de01ef63ec4', '18fd47b421f1b1632fb394f5448ca60aa5aa78bed67036cd828c877b9e3a1137', '42fdc2af0d6966813cc03a7acb947b36a17016aba6d04df3fcf590d9c1aa3413', '2026-07-24 19:36:46', 'valido'),
(219, 7, 1, 405, 'e5c6d99bc4a20ec434f9c8276d44aaf51c9fdc4b819eb955d321fa656fabdc56', 'c7d083bc4ac852252296d32ca7ee5404d729873ed24cec3177fde7ba17697176', '8dc1332afde750f8ccc3e11bcd9908532b1952abcb0095b14a486f51f76b2a80', '6cb42bace9e01e2008e4e694fccb7956c4860e57227f182a2cb6856dbea4c221', '2026-07-24 19:37:21', 'valido'),
(220, 6, 1, 409, '0d77fcb52e5b842029e23b72a95fec5e98edaf7bc1cd3a8db45ec83f59903f91', 'c6a2328e566a9c547db47670ee2a61db3c1a9c80aabd1a753b952e0f6c6126ac', 'e0795afc602d0ffbc2933564fb8909794c1151a260052b700cac6785429ae189', '6cb42bace9e01e2008e4e694fccb7956c4860e57227f182a2cb6856dbea4c221', '2026-07-24 19:37:50', 'valido'),
(221, 7, 1, 343, 'b5080c83679df84ada18e12450687b4b16563579c1cce8b9c80d020f419896d9', '90956f9488164547059b78578c3d33dfe666b8bebff0504c6f3f68eb5bec0b83', '22c9e317d31c8d869d9e2160a688ae8dbe2e74d2e9a92197adce788a5f641617', '4cdfb907c1a64dc699ca74d49401a710b9a9bb6cc25245a7f3dcff9632804217', '2026-07-24 19:42:25', 'valido'),
(222, 7, 1, 343, 'cc3cf260f8131fa3affd2618847fb65b5dbf589d922af1a55e97ad7f7ef5ee31', '769c464893921c84568163cd4076b55cd3d19680bc133f485827777228a26344', '4cb5330f967b87fa54aa1237aa6a5ee98c2d421dd7bac2c23c249da7a96e8628', 'ebda8aceff1f93ead5a0e16bb48a2a4f75542b1b1e9bc172612e77c2987cd9d5', '2026-07-24 19:42:25', 'valido'),
(223, 7, 1, 391, '87dc101d872004956e63eb0a0544a45697e42beafa0981763a71451b4f6b91ec', '2c4565b2f656cc768259b3977d4032740a369ffa00c7c722eee51cf6345bd788', '37031ebbdb3f538278f7e86a6bee3f993e73811bd1d5b7c8971386dfb6b3e58f', '42fdc2af0d6966813cc03a7acb947b36a17016aba6d04df3fcf590d9c1aa3413', '2026-07-24 19:43:18', 'valido'),
(224, 8, 1, 280, 'c7f5c2a6f2ea7ce4164ded6989d8eb53e38a81fc3aeadd6df881341b3c7e4c2e', 'd1379292322b0caf38795a2fe732f25de64c328eef33fa80c8743ff29ba065b1', 'a458075c9ffcb3053e596f5bcff11db179b2a2e76b99beedfb73603b8c26ba86', '6cb42bace9e01e2008e4e694fccb7956c4860e57227f182a2cb6856dbea4c221', '2026-07-24 19:44:25', 'valido'),
(225, 8, 1, 395, 'a9d27b9aa5cebe8ba9f09d5f9f52a83cb045aa5e25b01fbab49999e5f51c2624', 'ccccfcd971b88b1833cd539ff91f5528f07d550c03759d7dea647c16798d3ac0', '929ba2c11c27cf93f4cefe2bbdd1e1ce12230cf587c763958071475e5cfd5d3c', '42fdc2af0d6966813cc03a7acb947b36a17016aba6d04df3fcf590d9c1aa3413', '2026-07-24 20:05:34', 'valido'),
(226, 5, 1, 391, '7fb589a215a5d288baec7bf8a5963f7e9acd538861588aa3d11ea125dd8e907c', '05afab704c33c62ccf2b6f19d35aa94c26b3b67d66bd7e4eedbf1b2606649de5', '0366febf443c285922829de4f7d549ff62b1facda3bae050ddcad9ab2dd04c91', '42fdc2af0d6966813cc03a7acb947b36a17016aba6d04df3fcf590d9c1aa3413', '2026-07-24 20:37:25', 'valido'),
(227, 9, 1, 395, 'fa12ccaccae94f27d8489bcb8efc69215e4a7a6c8c2dd7df297bd03379c5a2ea', 'cd43d3a8854ac08e741c7d226569f96b0ad6936bfcbe73e8f3f79674e0c5c1a0', '8989d88b60413042a0eb9fbedc90f4f527b45329788199e54bc4eaa467956f1c', '42fdc2af0d6966813cc03a7acb947b36a17016aba6d04df3fcf590d9c1aa3413', '2026-07-24 20:37:35', 'valido'),
(228, 5, 1, 395, '615be2612559b1b2365524c1bb04ad5ae629d8002bfd0b651f8ce28e72509fbc', '5c8523a9df3d4be700e0a76b53120ab3d05bfa14534735c5e767bc8695b1041a', '74e16397e368f41f2771bc8b680fe5582dbdf6f3223b61c04edb6a5c5799a05a', 'ad5b929010afd928f6e09802baf81c98e3a99f6c08d761ed51fee15b7f4e9a12', '2026-07-24 20:37:40', 'valido'),
(229, 5, 1, 292, '13f8fb6ec64c7d33fd4bf0d1d0170e8f7c7e29454225bfddf587d05960c40341', 'bb3167a55713ad5075a5d7cc104375c4d1847d490f4d4ccc74de5db454113d43', 'f68ae2097d8dafd61fd05b6a7f1ff253c62921366102312193d57be83aefb783', 'ad5b929010afd928f6e09802baf81c98e3a99f6c08d761ed51fee15b7f4e9a12', '2026-07-24 20:37:41', 'valido'),
(230, 5, 1, 391, 'de574d927e3458130d70065fb462dfca12a2a5f6cf8295331f09b979febcc957', 'f3f025814d7ab70bc76eea6fe97f2ca32ec44f6036f84dcb386ea947c97342d1', '6d9f3d028e0467047f88e05806c754bf2bfda82f6d880a5f0086e0edbd782e1b', '6cb42bace9e01e2008e4e694fccb7956c4860e57227f182a2cb6856dbea4c221', '2026-07-24 20:37:45', 'valido'),
(231, 5, 1, 292, '51ed32bea44e80d63f344d7b29c6fd4a8e74162df5bcea4061d2719c72e31f57', '593f67b049949182b3df95bb8e2deb6b50eadfe6698ff1be3d566e416083fa05', '3a8fa2961d9d079f64c7385cf12845bb5f1092a3f33c934693de2f0353c260d0', '4cdfb907c1a64dc699ca74d49401a710b9a9bb6cc25245a7f3dcff9632804217', '2026-07-24 20:37:49', 'valido'),
(232, 5, 1, 391, 'a44db5b0dee94c01e763d91b4f9b8bedd7e5ea3d77615957758e2b800f0b74ce', 'a3d4f2eef35aa76cf176ddbea29f2b31a1826c54bf63a2bf0e1e0164741bcb36', '11e88a0d699f007054d3703060ad9d41bab2287ef51f1b4cff58aeed790bdf40', '6cb42bace9e01e2008e4e694fccb7956c4860e57227f182a2cb6856dbea4c221', '2026-07-24 20:37:53', 'valido'),
(233, 5, 1, 395, '7d8398cd8a0e40a11b4e46768796ef37abd7c296443939c0de35693296837707', '219e46696643d40ca51de43808dc4e4fa257aad191a115c3b52e9b9f27761898', '248d150875d7ee0222f7b0c0553634b6812d76911f1e4eed311ea0a63ded2cb9', '97a5088e970c07f3935ad476842e8525b991755b0bb4ffc47773c688ece20f07', '2026-07-24 20:37:55', 'valido'),
(234, 5, 1, 395, '156f309f93167a09aaa9ae03fc130516b15ff44a2a98f01188da35b218e2cd35', 'b97e2bf53905815282effcc3a44ab290b76e7ff2f6872fabb8ed243a43788eb6', '74e16397e368f41f2771bc8b680fe5582dbdf6f3223b61c04edb6a5c5799a05a', 'ad5b929010afd928f6e09802baf81c98e3a99f6c08d761ed51fee15b7f4e9a12', '2026-07-24 20:37:59', 'valido'),
(235, 8, 1, 296, 'fe4bb8824fad3f575aa70566bc575f7795b99e833c3e4be393e79f3424a6de79', '34dd5ba054a8f60099d848646379cf2a4b14c969ff738b1e59f7dee6f61a7bb9', '02ab7f0f939e846885dd862c7e7e053885977e0fa96bec5507b4a91fa27ccd3c', 'ebda8aceff1f93ead5a0e16bb48a2a4f75542b1b1e9bc172612e77c2987cd9d5', '2026-07-24 20:37:59', 'valido'),
(236, 5, 1, 366, 'e178d0837158d0ce2dac46ec84b3ae00d0c8cbaa661abcdee18845969189e3de', 'eb8c018f430464ed976028b0145758e869d9e8fbc1d130f4b516c41c420e8e4d', 'd31c7e2d31a9f51f233f778dab62389ac38582722d845d30a1df0ebcbe9aa2fe', '6cb42bace9e01e2008e4e694fccb7956c4860e57227f182a2cb6856dbea4c221', '2026-07-24 20:38:03', 'valido'),
(237, 5, 1, 366, 'afeb42329778fe34c1f84876f68de43ab0d617971e6882e19be3fcd22d583798', '6558049e03706dd6a2a439f1c13a528fc44bba44ed2037512bf75d19ac410cb6', '4a4109d7ea70e1583cbaff4d65248e1b76a91a7cce91172a02d40e7a5927f0f0', '42fdc2af0d6966813cc03a7acb947b36a17016aba6d04df3fcf590d9c1aa3413', '2026-07-24 20:38:15', 'valido'),
(238, 6, 1, 292, '17987382157b9dacbe41fb4da87d947dfd8f8a759041556b4649d6666a3e50df', '8f4dd83f8c9a248d6971f5be917b4c99c4970008592e878b570d3f6bb860dcf2', '3a8fa2961d9d079f64c7385cf12845bb5f1092a3f33c934693de2f0353c260d0', '4cdfb907c1a64dc699ca74d49401a710b9a9bb6cc25245a7f3dcff9632804217', '2026-07-24 20:39:12', 'valido'),
(239, 6, 1, 302, 'ca5cedd7aab2ba533a25eab6f5b0922f25a94df7680af77854f2512105ba4f64', '605d8907f147a3e0f2201fe93cc62cebc151f7dcd9849e495f86bdb5332ca01e', '92714cdd3fd78b17924fe8a40f5055ba6546471e8455f6944f5a982c8bbf0b31', '6cb42bace9e01e2008e4e694fccb7956c4860e57227f182a2cb6856dbea4c221', '2026-07-24 20:39:16', 'valido'),
(240, 6, 1, 292, '479b1fd616446e16097d0a5b813c0dce05f709c706ef91e61c8650ae4af51c10', 'e3d50d65847aa07d3885158d1bcce78a76c00781431c9051af44301962eb5e92', 'f68ae2097d8dafd61fd05b6a7f1ff253c62921366102312193d57be83aefb783', 'ad5b929010afd928f6e09802baf81c98e3a99f6c08d761ed51fee15b7f4e9a12', '2026-07-24 20:39:18', 'valido'),
(241, 6, 1, 395, '736656cc5b040616d408f4aee1d4948eeb2db8917f4981e56916fccea599718d', '6264689e6d4ec3bd4682a52135dce3fafed52922d74e9d539182ae2c7b0f25c7', '2cf498505b8023b1e9a28ca4879901e3ba702d9b7872c598767b95ed6db698e3', '6cb42bace9e01e2008e4e694fccb7956c4860e57227f182a2cb6856dbea4c221', '2026-07-24 20:39:21', 'valido'),
(242, 6, 1, 292, '1e514c06bda68d291b199d183e38593f48cbf264aeb0d498c2d44664f2924748', '77fb58b19fd1576a4bb6a9887e26c93800378d0e3fccdd31f259f9512bb2f84b', '02ab7f0f939e846885dd862c7e7e053885977e0fa96bec5507b4a91fa27ccd3c', 'ebda8aceff1f93ead5a0e16bb48a2a4f75542b1b1e9bc172612e77c2987cd9d5', '2026-07-24 20:39:21', 'valido'),
(243, 6, 1, 395, '8a4e38c0b2ab6f6bb5367374057ad3ba2a86671a28e4387276cd9debcaa279db', 'c5f8613efd5b9b0a7813a4eb2951bd3213d90264786635423c2b05aba26f4f1e', '74e16397e368f41f2771bc8b680fe5582dbdf6f3223b61c04edb6a5c5799a05a', 'ad5b929010afd928f6e09802baf81c98e3a99f6c08d761ed51fee15b7f4e9a12', '2026-07-24 20:39:21', 'valido'),
(244, 6, 1, 404, 'd69d12ad2e5449d04dcc784f51b6473c7b6fb03feeecb15dc4a5fca4ef5f5aa6', '9a12a07769db3d1fce069304ff1c41f1c37f20e71e494dbcf7fdee340d77c633', '3f869f3f0a998ef6a219bb01b2325400905c59b1cb99e3728c8b19f4cc46f19a', '6cb42bace9e01e2008e4e694fccb7956c4860e57227f182a2cb6856dbea4c221', '2026-07-24 20:39:22', 'valido'),
(245, 6, 1, 292, '68c8cb437caa98423107e20b84a8c9c7c364b75c24b4ee1f11ca3a17f722ab54', 'e48f64426613fb8fa55e272987dfb850c2488c5af28a1ae12afacdc4e540d499', 'a012a91f43f69abda7db8bd0f4b52454dd402e792a9b9592650b596cc5e97dc6', '6cb42bace9e01e2008e4e694fccb7956c4860e57227f182a2cb6856dbea4c221', '2026-07-24 20:39:22', 'valido'),
(246, 6, 1, 398, '3f340c9661b2e4980b2d12b931551484254aa28bf6beb27a48d01154f4b8d630', '86cabe2c79f8d12751f9a8a1cb7546344cb21f9c7396993d5ede58069c9ab079', '8848ff8de52e7115576847a59e35aed883c581e1d30ab3e1d889fa279bc8c3a5', 'ff112c7cba635e17e27ee1b52407b9bb982839004a78907ab1a4f4a9414554e0', '2026-07-24 20:39:22', 'valido'),
(247, 6, 1, 292, '03356f7071ff75d735e9d48e7d9e280d5113d45a9eb9ac188dfbacba799a77a1', '0ddbabc99e9d07ec33489b9eaaf8afb0324142a82484c825861914f4a0428235', '9b5de71e8321eee6382b7ab760d24ce744be14320ebca753e69ec5449e8483c0', '6cb42bace9e01e2008e4e694fccb7956c4860e57227f182a2cb6856dbea4c221', '2026-07-24 20:39:26', 'valido'),
(248, 6, 1, 292, 'b786eb184f5d6895cd32b12b1e7e745de111f1adbf1d348cd1be9159cd19473b', '80fb3ae0da41cb32f6f42649b9c69274d134bce591b5f012747edbdb0f90f8e0', '55b3c3f8124cbc0edcad3e70c3fd305dd7f8248bb3a21e28301a23db29458371', '6cb42bace9e01e2008e4e694fccb7956c4860e57227f182a2cb6856dbea4c221', '2026-07-24 20:39:27', 'valido'),
(249, 6, 1, 276, 'baf237dd33df5ad1badff302983598110cc806f36d5e6375c7a3f4dcb3b062f7', '28849df3dd3c082e937782c1e7758ce33bc0ea552ed9bc5f9307441e3eee13bb', '00f721b2488f2b4fb08a235ffdee180e9810c663d386afed6d65e89f7be8a503', '61445c1e9b71032136f867b0aa89090b09bbea6dc9bd34ec93b829fafebcf3ca', '2026-07-24 20:39:30', 'valido'),
(250, 6, 1, 395, 'e3a3022bf0671fc78a9180ad22cdd6c29c2ad6ffa7f3727562f19704f6a55b4d', '0df6292963a461505dfba34c3b9571e0292dcfd0104b764bbf6775acc33f85eb', 'a110ce10e582b3b0ba02924d68b19d59fc719b4cbf926baff80fdd93ea22dcc0', 'ad5b929010afd928f6e09802baf81c98e3a99f6c08d761ed51fee15b7f4e9a12', '2026-07-24 20:39:30', 'valido'),
(251, 6, 1, 398, '36158d77500c200ab501270850eacfdcf07b37e4786ba0525a70f9bb48622e13', '38e08b06dcb374012ce52c706319c609a82749fefd7c014f4d895ebadd790770', '6d89dfebf1b9d9c1fbc99ff154d86a547485fc8c8054cb1d8e289572ee228d87', '42fdc2af0d6966813cc03a7acb947b36a17016aba6d04df3fcf590d9c1aa3413', '2026-07-24 20:39:32', 'valido'),
(252, 6, 1, 292, '97c076676c6e1ade7f918d36f3b918e4bc781bbfc94969f5d5d020ef898820f2', 'e1a5ea045e06f911a3338c8a55142ce24493bc44bf39167a234ebe88b3dd3d25', 'ff665f38d2aaf869942d8f513ad059a88a11e65b74d28044aab4c1a0a1636093', '6cb42bace9e01e2008e4e694fccb7956c4860e57227f182a2cb6856dbea4c221', '2026-07-24 20:39:32', 'valido'),
(253, 6, 1, 276, 'a36b62451192f67e7ef577b0eaaee9b57b1f82711592839e6a9ab30a3ce97dc2', 'b20d27832d973c0bd388d265be8443a42421dafb89c51b65956f94b809967ba7', 'f8a39d1d47e2fac4ff6b1bc14f84610f51f11b596c95e0418b80a337dcb3cc21', 'd43ed4c4f32995df665aff250d1885683b4eb99ded50ddd32fe14c24e5d6c123', '2026-07-24 20:39:38', 'valido'),
(254, 6, 1, 292, 'cafbdff768f524d5f1a959d91c0a801cc57a641b289cd8459263b7f56bedf58c', '382ce7c468ba2c70d7a67b279d9b7e4ddea0effcc74fc6acba53a0097bfeb623', 'a18fb5bd17037003fda14bafd60bdcd286232f818bf0cb44f09778aa665c80a0', 'c8a8b133813b8d41a44deb51c0cb7a1e26d1f1387c40dcd86f6351e8bca88c25', '2026-07-24 20:39:38', 'valido'),
(255, 6, 1, 395, 'daa9176b53236e4a0eceac5a6c8422370666b6466b5e3532a95fc5f661f9dcff', '1bbf6fe2694526ca04ba32ca3dd13865d03538bb2e6eeb4cd271423ad8865b8f', '8989d88b60413042a0eb9fbedc90f4f527b45329788199e54bc4eaa467956f1c', '42fdc2af0d6966813cc03a7acb947b36a17016aba6d04df3fcf590d9c1aa3413', '2026-07-24 20:39:40', 'valido'),
(256, 6, 1, 276, '208f138f2ac306eb64a008393ee788a40868b4117661d811f0aa3adf46a68b63', 'e91a740e08fce9cab381cd38c7ebe782a87639ae03e07e3fb522fa6aa3a91d5d', '02871338afe514438cbf4d68942f552c9ae0b931e50dda1f78cdc4d0631ee7e7', '6cb42bace9e01e2008e4e694fccb7956c4860e57227f182a2cb6856dbea4c221', '2026-07-24 20:39:42', 'valido'),
(257, 6, 1, 302, 'd029aeffec4c4503902fcc20c315ffacc5335c53584e7fe6c27de32d44d4a5d2', 'd206033de891f44be9921e0199192eec72fdb587c23429b10b43820e27db6e02', '590735675d224a9a381c032d81ebb54e5c20f42a2c02028eb6f64823b8d5a872', '6cb42bace9e01e2008e4e694fccb7956c4860e57227f182a2cb6856dbea4c221', '2026-07-24 20:39:43', 'valido'),
(258, 6, 1, 395, 'af12ab8cfd2c22afd0d10cc14ad8e1c33b370455b77955157e878b3f464367ae', '594f2de311e348751250a65e20e93b67588e1fbaf1296b477a40df8d8dd64716', '74e16397e368f41f2771bc8b680fe5582dbdf6f3223b61c04edb6a5c5799a05a', 'ad5b929010afd928f6e09802baf81c98e3a99f6c08d761ed51fee15b7f4e9a12', '2026-07-24 20:39:49', 'valido'),
(259, 6, 1, 366, 'e37ea7eaee74db17c52bb56a737234807b99912c5f4a7bb29f48dc87c65bfc6f', 'b3fb5b93824b4506dc500254921d32dfc2a25bf6579dd0789e8f1d064e660a25', '4a4109d7ea70e1583cbaff4d65248e1b76a91a7cce91172a02d40e7a5927f0f0', '42fdc2af0d6966813cc03a7acb947b36a17016aba6d04df3fcf590d9c1aa3413', '2026-07-24 20:39:51', 'valido'),
(260, 6, 1, 302, 'b044c43020484a91b91eed7e2126da96c8da736d906c6c5eecce86bad4764d84', 'b54d781088ce53ea3c032ed4ec819f9e823705da5f0ee718cd024423ea497438', 'd31c7e2d31a9f51f233f778dab62389ac38582722d845d30a1df0ebcbe9aa2fe', '6cb42bace9e01e2008e4e694fccb7956c4860e57227f182a2cb6856dbea4c221', '2026-07-24 20:39:53', 'valido'),
(261, 7, 1, 292, '40186a2f7d3bcb13a9b6d596c282c7ac5683c3a666a74b35d867fd2bc2a35552', '04163ff1e86148714401251a0ece4495804a810ecd987c4949e6eebb37dbdbfe', 'f68ae2097d8dafd61fd05b6a7f1ff253c62921366102312193d57be83aefb783', 'ad5b929010afd928f6e09802baf81c98e3a99f6c08d761ed51fee15b7f4e9a12', '2026-07-24 20:40:53', 'valido'),
(262, 7, 1, 292, '97466267be5087152b807c4220a4467f6bb5bb0042b82fcaaec5ecd9e63973dd', '1aa2e10c93ea39c80bdace4defac07487c9b720540c0942bb87a5c950b69dfc2', '3a8fa2961d9d079f64c7385cf12845bb5f1092a3f33c934693de2f0353c260d0', '4cdfb907c1a64dc699ca74d49401a710b9a9bb6cc25245a7f3dcff9632804217', '2026-07-24 20:40:53', 'valido'),
(263, 7, 1, 292, '2767e1a5f80ed6bfa0475d352a1c5bd2f9412d5f866a8b507723cb9fc92ca22d', 'a1ab055c0365e18d5b71980ad1eca6c0fcbfe6641e1fb7abafdd2c33b72a3d46', '55b3c3f8124cbc0edcad3e70c3fd305dd7f8248bb3a21e28301a23db29458371', '6cb42bace9e01e2008e4e694fccb7956c4860e57227f182a2cb6856dbea4c221', '2026-07-24 20:40:54', 'valido'),
(264, 7, 1, 292, '897580a46ddf42a1b7ae48bd341dce6a038d82b3cd97299d5ceb82feaca9dc7d', 'a1a41a61dfb53542904782bf53855f7bbbe11b34c019f9eba2a07906f07d2f7c', 'a012a91f43f69abda7db8bd0f4b52454dd402e792a9b9592650b596cc5e97dc6', '6cb42bace9e01e2008e4e694fccb7956c4860e57227f182a2cb6856dbea4c221', '2026-07-24 20:40:54', 'valido'),
(265, 7, 1, 292, '41a9d88cae926d3d32e0f070a13762d0ce52ce57b22e4e6acdae1021348dc0ea', 'cbf2b7ddc47b20340ea3a76afbe2d79b6ed070ac1a6a19c9f43d3c8535f8feff', 'ff665f38d2aaf869942d8f513ad059a88a11e65b74d28044aab4c1a0a1636093', '6cb42bace9e01e2008e4e694fccb7956c4860e57227f182a2cb6856dbea4c221', '2026-07-24 20:40:56', 'valido'),
(266, 7, 1, 292, 'b2696e0bffc79b2484ee0156fda99167baa5a2521cb67b4f0c6368ded329066a', '132f53007018be1e455079348f923cd2654366f5d5369f382cdd90f88380bb30', 'a18fb5bd17037003fda14bafd60bdcd286232f818bf0cb44f09778aa665c80a0', 'c8a8b133813b8d41a44deb51c0cb7a1e26d1f1387c40dcd86f6351e8bca88c25', '2026-07-24 20:40:56', 'valido'),
(267, 7, 1, 343, '12067b367017e236c524ef3462d6aa9576c59e95caa88ace2b27ae4124297224', '78045d76df4929adbd218762c6583ae0ee757d061aff641f483588e978f7b409', '8f6cc33e08f2b0e9d704e39820d261a3d92e42dce231bdeec4d062fed98937ea', '6cb42bace9e01e2008e4e694fccb7956c4860e57227f182a2cb6856dbea4c221', '2026-07-24 20:40:59', 'valido'),
(268, 7, 1, 292, '41c52029ecd895e3133dd9477647fdca37f3b19cf9d4f5636ca38885deb54d6f', '149d3e250c045be6125ede0ba3aef74c604c265179688e4feed2c3f818cfd6a6', '02ab7f0f939e846885dd862c7e7e053885977e0fa96bec5507b4a91fa27ccd3c', 'ebda8aceff1f93ead5a0e16bb48a2a4f75542b1b1e9bc172612e77c2987cd9d5', '2026-07-24 20:40:59', 'valido'),
(269, 7, 1, 292, '45ff5dc4d931314e7289b5e972b8175ecf2c53da124d1d8088d376ac0ba0ae22', 'd1e5fcbd2eb97825986915f873c9d28e83de43cb5841451ba58afd63ee19fd45', '9b5de71e8321eee6382b7ab760d24ce744be14320ebca753e69ec5449e8483c0', '6cb42bace9e01e2008e4e694fccb7956c4860e57227f182a2cb6856dbea4c221', '2026-07-24 20:41:00', 'valido'),
(270, 7, 1, 395, 'cae8700cfc469fc5747fbf7d708c15d09772b80a4a6f48c8b98d1e48d92cdf32', 'b0bf1963c0d061748f1417be07b14173e06b6288caf3db44b6fb47c47be881aa', 'a110ce10e582b3b0ba02924d68b19d59fc719b4cbf926baff80fdd93ea22dcc0', 'ad5b929010afd928f6e09802baf81c98e3a99f6c08d761ed51fee15b7f4e9a12', '2026-07-24 20:41:01', 'valido'),
(271, 7, 1, 343, '6dfbbdedabf80d2cc7a4fdc1b403d242594d9444d461b0db47ed4f6ed4341aca', '1a781346080d27eca346882403c50559c2a4803f928797221ea4dc2bb95afd79', 'a458075c9ffcb3053e596f5bcff11db179b2a2e76b99beedfb73603b8c26ba86', '4cdfb907c1a64dc699ca74d49401a710b9a9bb6cc25245a7f3dcff9632804217', '2026-07-24 20:41:08', 'valido'),
(272, 7, 1, 292, '9631572acb4363126aac5ab0972b7cb551f4d51dbf65c96a4ce0deb073ce7e5f', 'dfe94fa0650979dcdb822ce101e36a785da54f816e4e16bc759b54a937131a71', '2cf498505b8023b1e9a28ca4879901e3ba702d9b7872c598767b95ed6db698e3', 'ebda8aceff1f93ead5a0e16bb48a2a4f75542b1b1e9bc172612e77c2987cd9d5', '2026-07-24 20:41:08', 'valido'),
(273, 7, 1, 366, 'd0a38fbf10df62be43ffcd459a98f0e06ac3955ede417f95dfbcb976b14d0261', '3556720e6b52151d6288168e6c17e7af6d2ca7d92719d249715ff1a121f34506', 'd31c7e2d31a9f51f233f778dab62389ac38582722d845d30a1df0ebcbe9aa2fe', '6cb42bace9e01e2008e4e694fccb7956c4860e57227f182a2cb6856dbea4c221', '2026-07-24 20:41:10', 'valido'),
(274, 7, 1, 366, 'ae16ebc7754a999f8cafe63756abe84e46cdc1e5475591675984ef4766895f2a', '12b5aaa5cfba35c033e761280e968d5fc96f24f6fb8cdb466760a56af6f8cf13', '69d69e4fa8dfe30758104da6e205afeb786aa99d96cf43b5159b042df789661f', '6cb42bace9e01e2008e4e694fccb7956c4860e57227f182a2cb6856dbea4c221', '2026-07-24 20:41:11', 'valido'),
(275, 7, 1, 292, '93e15e360d6f9fb5b3dc57412517b3cfa0f115e9f2ef790456f2f22f187bd734', '96f47b43cc77a072ea049069aa2dfdf598f2fb089d0b364de4c817c0f0d0d4f9', 'e0795afc602d0ffbc2933564fb8909794c1151a260052b700cac6785429ae189', '6cb42bace9e01e2008e4e694fccb7956c4860e57227f182a2cb6856dbea4c221', '2026-07-24 20:41:12', 'valido'),
(276, 7, 1, 366, '3c76858cdc016a376466f616bd49721b6b32f9a0e9095688a3e93ef05ff55ec0', '56f4e4be2f2f94e2c4e127949f7ef24c70f9e5feeefa7262cbc3f557aa2afd34', 'beabad99a6c2be92eb7f78ac2e8216b00e4a6a16146b19d31c4f354dae2f0184', '6cb42bace9e01e2008e4e694fccb7956c4860e57227f182a2cb6856dbea4c221', '2026-07-24 20:41:13', 'valido'),
(277, 7, 1, 292, '0047ae6342a35f594f6467f9ee7419a28e51dfb21a29ffebb12e75951038c6bd', 'a0e898b98768ab6cc1cb0a827489c629dcd8cae19e20d68050ff6215ce897976', '6d89dfebf1b9d9c1fbc99ff154d86a547485fc8c8054cb1d8e289572ee228d87', '42fdc2af0d6966813cc03a7acb947b36a17016aba6d04df3fcf590d9c1aa3413', '2026-07-24 20:41:14', 'valido'),
(278, 7, 1, 292, '050be37970e5dd0a1721c06df5f019adfddd8dd77dbc0d0393eea6d987f34007', 'ca2450c83142452b35a89f133997c9c2e71d17e1fa4812c25155ebda4779ed7b', '4a4109d7ea70e1583cbaff4d65248e1b76a91a7cce91172a02d40e7a5927f0f0', '42fdc2af0d6966813cc03a7acb947b36a17016aba6d04df3fcf590d9c1aa3413', '2026-07-24 20:41:14', 'valido'),
(279, 7, 1, 343, '87351ef265c42f1dd922d295576017ef1b12b113ffb318d6ed322f50b8e88cfc', '76b2ca50b5444f48af427802c78127db5d5bc3bc2a1d9b25ce53bc2477be4ad5', '02871338afe514438cbf4d68942f552c9ae0b931e50dda1f78cdc4d0631ee7e7', '6cb42bace9e01e2008e4e694fccb7956c4860e57227f182a2cb6856dbea4c221', '2026-07-24 20:41:17', 'valido'),
(280, 7, 1, 292, 'b0dd011f9d41894beb15fe3652cddf64e98e95a9f7f4944e8e639cd53685f5b1', '61e1a2a8df6e68875759ebdb2635a0866b3e37771359e3c57451931e8a36decb', '8e1b2cbfa4eaf61299ffbb4a03439543006b01a15db413d7bf97028bfd615437', '5ad1664fca4065cf16cf3a9b519df76945a76ccbdafd60d9aa968c97358525d6', '2026-07-24 20:41:18', 'valido'),
(281, 7, 1, 343, '49c35cc90b377183df5b227f691b7f3f268ebd51ea1d5852670dcef9209a12f2', '967c6bdc683636660ddd2228c7ad85280bfd69eebbeed05499e69fb9db17f839', 'dabf02353fb3d2c801b3de6727d620c155091017d2d73374cbdc4458cc52ccd0', '6cb42bace9e01e2008e4e694fccb7956c4860e57227f182a2cb6856dbea4c221', '2026-07-24 20:41:19', 'valido'),
(282, 7, 1, 292, '955e3f05754fd1c9cc6d8d0172d89cbf78b93deecc74f951b87a444a57f660a4', 'ef2fb62b525e55bd1730cbbaeb2ea93ffcf3e16d0df13c409f51cd534dd652f8', '00f721b2488f2b4fb08a235ffdee180e9810c663d386afed6d65e89f7be8a503', '61445c1e9b71032136f867b0aa89090b09bbea6dc9bd34ec93b829fafebcf3ca', '2026-07-24 20:41:22', 'valido'),
(283, 7, 1, 343, '4f7ca513e5c407b08a584db89114c807786c4f7b5f58016938dc322b5a2ebc4d', '65d289c4d8fe2b6c4a8433acf7f7a9773ae1cf32cb37ee7239bf4eff7c6b2abd', '4d6ba39fc0d75a705bf7d610dbcd28db989d70002c0fc543b8144112266d6eff', '42fdc2af0d6966813cc03a7acb947b36a17016aba6d04df3fcf590d9c1aa3413', '2026-07-24 20:41:27', 'valido'),
(284, 7, 1, 366, '6a3428722a43dfa65fa775599584fccf97bd671579a8418070a66679d7840d51', '10e0a9db998a28ceff08f506c7c1b3a7f4bb880a2176a17103332ac935739185', '97cdc223028f469e5ee5fdc495d1d04bea91add0a152663a67383f20970a27a7', '6a367c8c66f0a268cc75e4e24075935da193a31d0356b257e03b95602d8a7bc1', '2026-07-24 20:41:27', 'valido'),
(285, 7, 1, 292, 'd1f102f078b500d5c2c433df86bb17630706be045796bad2573d62fda2ca910d', '56e0d528647562a25f43c2b807aca470d074e9edc1c6a86d588028588805cbad', '141de39d5b73f0605815f527bc8e503c1b3d5e47f3b8b718bad5eec2cb339ac1', '6cb42bace9e01e2008e4e694fccb7956c4860e57227f182a2cb6856dbea4c221', '2026-07-24 20:41:29', 'valido'),
(286, 7, 1, 367, '716ab15c55900b33164b34706a84454ed83990981c7dc0daf341776bc3dfb293', 'dbcb176811bc7e1153581fe62d8f17ea34679966b3fcb931d1a06fd06265a7b7', '3f869f3f0a998ef6a219bb01b2325400905c59b1cb99e3728c8b19f4cc46f19a', '6cb42bace9e01e2008e4e694fccb7956c4860e57227f182a2cb6856dbea4c221', '2026-07-24 20:41:36', 'valido'),
(287, 7, 1, 343, 'effe7ea844b99199b496ffce0edeb9779fad2637d10a9e6cb8754b5d6a364d1f', '11863b16e95129ea0e53a7a1ec0f995400f24eaf69959e9a7a887a7529e9f237', 'a94e23a37887dc727b9336f4045ca3a3d4f4ce12d759884dd7ba1bb231119ddf', '6cb42bace9e01e2008e4e694fccb7956c4860e57227f182a2cb6856dbea4c221', '2026-07-24 20:41:38', 'valido'),
(288, 7, 1, 343, 'd0b97508441499c46d2a50e392eb3599fd4fe0faa0ff40bd3fcd508ceaaffd7d', '7fee17dadd84f820d11d5294cb6ee811ce1428ddde46afc2735827f9fd6b00b1', '654b431836fa1d255c1146de839281ee8463aac81b31c33cfb9d13db58ed1f4a', '6cb42bace9e01e2008e4e694fccb7956c4860e57227f182a2cb6856dbea4c221', '2026-07-24 20:41:41', 'valido'),
(289, 7, 1, 395, 'a5ac29541deaa32d403b9547fbdd1d1092ffd9b3ab15f37c29dfc5a76c9cfa5f', '274a822ad3671eb747de484ee552cb39b18af90662722515464eb284c50bc253', 'ae51645a9bfddb1c5f93b64deca819f31820ddc37f85298f0ac1b61bfe2c11ee', '42fdc2af0d6966813cc03a7acb947b36a17016aba6d04df3fcf590d9c1aa3413', '2026-07-24 20:41:41', 'valido'),
(290, 7, 1, 343, '17cc6caaa5b14cc4ac8eea9c2e4eb8777acaad4648b1a57007f723ac09b87c31', 'f89727334fe074e080699c014dda5c5cf12b23162b8413c2900a8533639da4ba', '94195961320f9ad9dd3ab1e2055d37929fb16cc50ff19f7edbbe6528751118b4', '42fdc2af0d6966813cc03a7acb947b36a17016aba6d04df3fcf590d9c1aa3413', '2026-07-24 20:41:46', 'valido'),
(291, 7, 1, 343, '0d99e02ccf8d4a108f491a188082851d6eb2929d7720b0eb70686dfedc802674', '90a159df01b11c111a2014f1b668ff7a2cf1ad18d14d339f98ee4541823d69c1', 'f8a39d1d47e2fac4ff6b1bc14f84610f51f11b596c95e0418b80a337dcb3cc21', 'd43ed4c4f32995df665aff250d1885683b4eb99ded50ddd32fe14c24e5d6c123', '2026-07-24 20:41:53', 'valido'),
(292, 8, 1, 292, '049c06428fcdb20f080d8b2e259a857640ac80563ce85b7a9a01a3a9d38b794d', '6a41e7683c4f08cf8f87608bacf52184c33be07d0ea409ded175b05c0df10254', 'f68ae2097d8dafd61fd05b6a7f1ff253c62921366102312193d57be83aefb783', 'ad5b929010afd928f6e09802baf81c98e3a99f6c08d761ed51fee15b7f4e9a12', '2026-07-24 20:42:35', 'valido'),
(293, 8, 1, 292, '7dc4398ceb45b1020a49b71b634aba9eeb2adb2002138fda5176a1fe8ed609df', '4b57550cd8ac47f4022a36c6d7ceb7c7aaa78272948350d18451e6a1c6a42f1f', 'a012a91f43f69abda7db8bd0f4b52454dd402e792a9b9592650b596cc5e97dc6', '6cb42bace9e01e2008e4e694fccb7956c4860e57227f182a2cb6856dbea4c221', '2026-07-24 20:42:36', 'valido'),
(294, 8, 1, 292, '08a7918a91a4b57ff7fbdef5ad9dc217b70887c3e60f2f21d6d7bbc72ddea891', '8e9011a91a35188d804711ff48dd64d7b7a8538d9faa27133396a66766079f02', 'a18fb5bd17037003fda14bafd60bdcd286232f818bf0cb44f09778aa665c80a0', 'c8a8b133813b8d41a44deb51c0cb7a1e26d1f1387c40dcd86f6351e8bca88c25', '2026-07-24 20:42:40', 'valido'),
(295, 9, 1, 395, 'ef2f224967ddc220217538072203489cf49fbe048dba08fbf3079916ff94b959', '5b2ddb7184613f3b30923a954adb4406b1423b8e64a9e2cb2e08eaf6fa220a86', '510af596c6451154b6aa3244f623f7329c1ae7b8f8c0ac8f90fda723348bf699', '42fdc2af0d6966813cc03a7acb947b36a17016aba6d04df3fcf590d9c1aa3413', '2026-07-24 20:42:41', 'valido'),
(296, 8, 1, 301, '937ce5293e828f872f05880190a30bde8310eb3a7f4d78f6eda76f01c387da33', 'bcd2e61c96438c4c34e340a6f8495bb05db7d62fd83bf1094a2e0bfceee8f839', '063c95072ac7374d439a40937263a4601482ee0a3d52224774034a4165f08fa2', '6cb42bace9e01e2008e4e694fccb7956c4860e57227f182a2cb6856dbea4c221', '2026-07-24 20:42:41', 'valido'),
(297, 8, 1, 292, '0455f8530d916da81b1731b2d733aa92f25d35570af4a38712c535a274c37d0e', 'aac4b6bb2cbe33b7b007a40f614203ed5896b3bdff3a17c36c43cd1dd612e0b2', 'c8e215930e9e1aa2799208dd1dea3e9563d77bec6f16d19568158974addf0acb', '9f9a23d6574d0ee8add53d54e6a557cfb555adb219ce582412c51f57eec46b2a', '2026-07-24 20:42:42', 'valido'),
(298, 8, 1, 301, 'c1d9561f170717fcc9be7eb4435d1f855e16b2aebbe5018700470c19ffd9c624', '36ff345165ed7d68c7e8bd57f5ef5ad2453abfd4609f1f95696e2c0b071f1665', '94195961320f9ad9dd3ab1e2055d37929fb16cc50ff19f7edbbe6528751118b4', '42fdc2af0d6966813cc03a7acb947b36a17016aba6d04df3fcf590d9c1aa3413', '2026-07-24 20:42:44', 'valido'),
(299, 8, 1, 292, 'd2ce7f79d9206a5c98b508a494dd085ce4274bad882657ff84a4d794bcdd4bf4', '1349a176e5e75fe573b27d84a7e274c31a74f73e663bdb3650d355d004b370ef', '9b5de71e8321eee6382b7ab760d24ce744be14320ebca753e69ec5449e8483c0', '6cb42bace9e01e2008e4e694fccb7956c4860e57227f182a2cb6856dbea4c221', '2026-07-24 20:42:45', 'valido'),
(300, 8, 1, 301, '3941271d1cdc4a4a1f68df0e3cccf7b39f47375e91ab2845f03c5f5ec445738b', 'de13d416bea1c5c34d2303245fc1b51e6308e2c84bfae899f829ae3576b78768', '4d6ba39fc0d75a705bf7d610dbcd28db989d70002c0fc543b8144112266d6eff', '42fdc2af0d6966813cc03a7acb947b36a17016aba6d04df3fcf590d9c1aa3413', '2026-07-24 20:42:47', 'valido'),
(301, 8, 1, 315, 'daf8aa94b28e77e35c19832f3027fc794c78200411128649a5c09056cc149a67', 'e17e1d5d803ad1e6cda5658e48e680f56fd34cca91d2996095fbeef4a39be78e', 'a94e23a37887dc727b9336f4045ca3a3d4f4ce12d759884dd7ba1bb231119ddf', '6cb42bace9e01e2008e4e694fccb7956c4860e57227f182a2cb6856dbea4c221', '2026-07-24 20:42:48', 'valido'),
(302, 8, 1, 292, '7c18f3267c882a38b1be3c9759d05d7ecd228b85aa288fbfc8969c2e2b7ee837', '7e2130415e254fb00290f4496e55172dd8adfdac69670367ae5f86f5c1520364', '3a8fa2961d9d079f64c7385cf12845bb5f1092a3f33c934693de2f0353c260d0', '4cdfb907c1a64dc699ca74d49401a710b9a9bb6cc25245a7f3dcff9632804217', '2026-07-24 20:42:48', 'valido'),
(303, 8, 1, 301, '7d6721557c71be128fccf5756149af075c16f6e7d932007e6eff5431f7024c51', 'dcb52cd3aef07bb1f3d9d1bb14c36f8d9ac1a8ed8d29c57c256f29cef948365a', '0366febf443c285922829de4f7d549ff62b1facda3bae050ddcad9ab2dd04c91', '42fdc2af0d6966813cc03a7acb947b36a17016aba6d04df3fcf590d9c1aa3413', '2026-07-24 20:42:48', 'valido'),
(304, 8, 1, 292, 'b012b8721c6e8ba7937f358f901a650ff55bfba17e309b2a9932ec940d47e38b', '6823a15b981d264a01791259d07a5886ada7ab48db046aa1ab7fec43aa924372', '4a4109d7ea70e1583cbaff4d65248e1b76a91a7cce91172a02d40e7a5927f0f0', '42fdc2af0d6966813cc03a7acb947b36a17016aba6d04df3fcf590d9c1aa3413', '2026-07-24 20:42:49', 'valido'),
(305, 8, 1, 370, '8625b454c8627706438b1aa8e9dc7c96182576d5e35001a1f4d247186c0668d4', '99127d91e483c761837719afa3669ab993639eb2ecf14c5f0171dc0bdaa5eccb', '00f721b2488f2b4fb08a235ffdee180e9810c663d386afed6d65e89f7be8a503', '61445c1e9b71032136f867b0aa89090b09bbea6dc9bd34ec93b829fafebcf3ca', '2026-07-24 20:42:50', 'valido'),
(306, 8, 1, 301, 'd811a187bb0a607ca33634de35c3332d7817c37738d8dcdeeb4cce3ea90a3090', 'cbdafca28016a1e61e3dd390a34e27cdc4f9d92a40855d7c571f691176f498b7', '8e1b2cbfa4eaf61299ffbb4a03439543006b01a15db413d7bf97028bfd615437', '5ad1664fca4065cf16cf3a9b519df76945a76ccbdafd60d9aa968c97358525d6', '2026-07-24 20:42:51', 'valido'),
(307, 8, 1, 301, '1ca66081a83f6abbcee96805582ca2bad3dbbf004c94373823a769dc57ca4cc6', '81bfba8c19869807e03c072b52120f0b99194cee2a8c39651e12cf3cc33b0f54', 'd31c7e2d31a9f51f233f778dab62389ac38582722d845d30a1df0ebcbe9aa2fe', '6cb42bace9e01e2008e4e694fccb7956c4860e57227f182a2cb6856dbea4c221', '2026-07-24 20:42:51', 'valido'),
(308, 8, 1, 292, '6f67b6c207795685297d12c816b2abb8d4f3ffe192bc837587d0ee7e49b4012b', '5e6a13ebfe12b74ac9f57385a8ef49af61c1431759517aede90a2ed727be118b', '55b3c3f8124cbc0edcad3e70c3fd305dd7f8248bb3a21e28301a23db29458371', '6cb42bace9e01e2008e4e694fccb7956c4860e57227f182a2cb6856dbea4c221', '2026-07-24 20:42:52', 'valido'),
(309, 8, 1, 301, '2032eb20ba266ac9bec7621e5b0adc45ee40597992f0fabd813b8de61d9c0364', '45601670c3201005e45bdbb16816d54be896ace01f00a22ebb5407569beeab8f', 'beabad99a6c2be92eb7f78ac2e8216b00e4a6a16146b19d31c4f354dae2f0184', '6cb42bace9e01e2008e4e694fccb7956c4860e57227f182a2cb6856dbea4c221', '2026-07-24 20:42:53', 'valido'),
(310, 8, 1, 370, '24c562304b0c082baa0b6771cf1f11d6ceb000b1e334e1274afc832564638323', '68b27af8135419b1f04e098da0ae1c32bbcfbdc5dbaadf1a0406f1648c4c6726', '6d31c009d6c58323f6e6ceed80ded4d7e009c4ece1d777d906a624594a151971', '6cb42bace9e01e2008e4e694fccb7956c4860e57227f182a2cb6856dbea4c221', '2026-07-24 20:42:59', 'valido'),
(311, 8, 1, 395, '2a585a8944c3d174568ec331002d48a2fb9a27f138cb52a0c5a34853132dec3c', '286b8ed085b19f91f60225173333affb5024ce6bab86bc181fc2fcf0e6f04c4f', '37031ebbdb3f538278f7e86a6bee3f993e73811bd1d5b7c8971386dfb6b3e58f', '42fdc2af0d6966813cc03a7acb947b36a17016aba6d04df3fcf590d9c1aa3413', '2026-07-24 20:43:03', 'valido'),
(312, 8, 1, 366, '614757e189f9aa61c23ed230bad610559ceda0e0e20058ebf0ac4fa68bfbbf0a', '0e9cffd0ebddae7e5fabbac7754154685192992a9c24364b98f6e6c9d2d44ffe', '97cdc223028f469e5ee5fdc495d1d04bea91add0a152663a67383f20970a27a7', '6a367c8c66f0a268cc75e4e24075935da193a31d0356b257e03b95602d8a7bc1', '2026-07-24 20:43:04', 'valido'),
(313, 8, 1, 301, '26404e064cdf69a22641b04a0fa1d132a4b78bd5658569ca376b9f1eb97fe56d', 'd5eb0be65cafadd763e63e46e160bdd3a1ef0cd4d86a4762fa4f02a4c05176c1', '654b431836fa1d255c1146de839281ee8463aac81b31c33cfb9d13db58ed1f4a', '6cb42bace9e01e2008e4e694fccb7956c4860e57227f182a2cb6856dbea4c221', '2026-07-24 20:43:04', 'valido'),
(314, 8, 1, 395, 'f8de7126bbea54adb8203bda35e07ad37d80e30a5b317feb6e17d9286ecddc4c', '42f85e58578e19282d1c9850d84ae3dab3da896f9cece5b6adb1ecd3ffc4a55e', 'dabf02353fb3d2c801b3de6727d620c155091017d2d73374cbdc4458cc52ccd0', '6cb42bace9e01e2008e4e694fccb7956c4860e57227f182a2cb6856dbea4c221', '2026-07-24 20:43:06', 'valido'),
(315, 8, 1, 301, '8a851bbcc052f9adb7cf4c3721e35c7364a2ab4bdc5966452a82944d0bbe51b1', 'd96872b04cf3656c9c706d6f1f795c6afa11c9b43d87f2b9837616dd255a8c6f', 'e0795afc602d0ffbc2933564fb8909794c1151a260052b700cac6785429ae189', '6cb42bace9e01e2008e4e694fccb7956c4860e57227f182a2cb6856dbea4c221', '2026-07-24 20:43:08', 'valido'),
(316, 8, 1, 292, '59beb0d42be1e713cfa0c7dd127df9bc68853a813eec36cb46477e2ea8765c77', 'daaf5566934e5cd1d5079cd582a650cb78eee8081975a05cf01708290febc955', '779ccb093cda4c9ecd5456e69327b28bc60c85819f832664e026e6d7f88d00ce', '6cb42bace9e01e2008e4e694fccb7956c4860e57227f182a2cb6856dbea4c221', '2026-07-24 20:43:11', 'valido'),
(317, 8, 1, 301, 'ebdb6f928883ab511ad02b6a5acc3a80b73a8374782792a495495fc406c0db78', '68cdcd46a2ef4aaa7935a3d8ff1d88a67c4b301f9ebc6eb1a93659db94aa6955', '92714cdd3fd78b17924fe8a40f5055ba6546471e8455f6944f5a982c8bbf0b31', '6cb42bace9e01e2008e4e694fccb7956c4860e57227f182a2cb6856dbea4c221', '2026-07-24 20:43:12', 'valido'),
(318, 8, 1, 370, 'ffbd806d7789f73e52bb9961915c2eec91a575bf8b95200cff95dc418d239c32', 'ff28cdfc7f9af4c46671e6a2180af2dfe21bb8756d050a3e546a2ab9b89b22a1', '098c58384bd3fcbf055a3db90b0722f6d1b0c89a51dfc90e4a3acf46037735c8', '42fdc2af0d6966813cc03a7acb947b36a17016aba6d04df3fcf590d9c1aa3413', '2026-07-24 20:43:13', 'valido'),
(319, 8, 1, 292, '259fca611d4a837d3bbb0da87644818056070430521079cf24d7a92fcf9e7c00', '1808976f2affa8532a2c81a159457993eb5254f83b89e65b88ceb998882b0bbd', '8373ad4e73c82d527eb1e8e152777652e4701dad580cefe55e571700e7edc0e2', '6cb42bace9e01e2008e4e694fccb7956c4860e57227f182a2cb6856dbea4c221', '2026-07-24 20:43:14', 'valido'),
(320, 8, 1, 370, '4d5a5d45f982842a7e608e4d105c7ea2c6efd69e8916e39f59d90f0bdd146d4d', 'c73126c7898aac65698fc4b547a0fba5a21d68d4f8fcfb8aeef28164dc3e438b', '931de007bd4073ce1f13dd3ef333195bd9854bf0f2e8a1a5d34c3d9fb7f9f2f2', '42fdc2af0d6966813cc03a7acb947b36a17016aba6d04df3fcf590d9c1aa3413', '2026-07-24 20:43:15', 'valido');
INSERT INTO `votacion_votos` (`id`, `votacion_id`, `ronda`, `participante_id`, `navegador_hash`, `token_hash`, `ip_hash`, `user_agent_hash`, `fecha_hora`, `estado`) VALUES
(321, 8, 1, 301, '1062429dff65bc666c33546d909d7c7bdcaaa5bd33b09af8d63af82a3303f7b5', 'e633c07922913c4beb4ed2426eb2238820fbf2a13b6d9f0fb8395bb3b1660b59', '00da9cb07215e8801fc1e180ff2ab1a612d1d1a4b838c44c40db0614a6e98941', '6cb42bace9e01e2008e4e694fccb7956c4860e57227f182a2cb6856dbea4c221', '2026-07-24 20:43:15', 'valido'),
(322, 8, 1, 301, '729ef8fa368df5dd795425c4231b6a1e77d19cb1ec29007c32eac27642e4a2b1', '13d76217cce19a81a204ee54ff21a5d47499eb900f9ad0b657bbe1ddc643dcf4', '66db867b9e275835ab85c75e1966beb686c0bded04614d9b88958947b1738ffa', '6cb42bace9e01e2008e4e694fccb7956c4860e57227f182a2cb6856dbea4c221', '2026-07-24 20:43:15', 'valido'),
(323, 8, 1, 301, '40544cd94d308d21c0fce74d44fc96dff0de42cd86f64b6e4133f59c30978cb9', 'fa41bf172929df8c5df0ea01f88a8079300723162898d5c0c2d7bf1577ce900c', '845e50ad9229a1eda740962d42302dc8f2839199407e5a204264bedad949ab1c', '42fdc2af0d6966813cc03a7acb947b36a17016aba6d04df3fcf590d9c1aa3413', '2026-07-24 20:43:16', 'valido'),
(324, 8, 1, 301, '4a74513378ed30dce5ba8b4849cd9e66f2ba90e725344bd9d5bb591a5a37bcef', 'a053aba71e72300aeab9364c464ae2aa7a2708e7be54607f94a8010eb1f8172a', '9c01af3ea7fd8e6e2a30fa7556bdc5cd3fa329f36f879176a0ce39d1507cf844', '6cb42bace9e01e2008e4e694fccb7956c4860e57227f182a2cb6856dbea4c221', '2026-07-24 20:43:17', 'valido'),
(325, 8, 1, 370, 'f9a1ecf17cb998b8237869fb93173de5aa99804e436ee217a5aa25fbc5693488', '4dfd2b75005788821da940e157cdba394501d191c9fb832647793a8e9c1aee1b', '02871338afe514438cbf4d68942f552c9ae0b931e50dda1f78cdc4d0631ee7e7', '6cb42bace9e01e2008e4e694fccb7956c4860e57227f182a2cb6856dbea4c221', '2026-07-24 20:43:17', 'valido'),
(326, 9, 1, 395, '3b7adaeda3f7f074cacae1067df6451fd78194e2ef7bb0162c44d3a4c7a995bb', '90e3c8d6a61bdddc4c86520430345e6bdee17f9e62078d4a0aae1bb2f775f068', '8989d88b60413042a0eb9fbedc90f4f527b45329788199e54bc4eaa467956f1c', '42fdc2af0d6966813cc03a7acb947b36a17016aba6d04df3fcf590d9c1aa3413', '2026-07-24 20:43:29', 'valido'),
(327, 9, 1, 395, '583434f579866351ba077bb5dbb2985bd5abf93c36d248933bdf4ab06e49d099', 'ab2c79fd38a71c43dbd35f830023e3bbceaf1cf30ebd536751e52ca4c8d909e8', '510af596c6451154b6aa3244f623f7329c1ae7b8f8c0ac8f90fda723348bf699', '42fdc2af0d6966813cc03a7acb947b36a17016aba6d04df3fcf590d9c1aa3413', '2026-07-24 20:43:29', 'valido'),
(328, 9, 1, 292, '97fc89be86a6d145d3fafba8b8c5858256ca1e3972b85580678e8d8344d97ffe', '8b9a53c7b3af4f93229c9dfb7ada4d24e39f5fe67313a0f8f913582fccac64fd', 'f68ae2097d8dafd61fd05b6a7f1ff253c62921366102312193d57be83aefb783', 'ad5b929010afd928f6e09802baf81c98e3a99f6c08d761ed51fee15b7f4e9a12', '2026-07-24 20:43:49', 'valido'),
(329, 9, 1, 292, '1faad38d9444efe60f5d8b776a30ebeba529aa2f3cbbf61ffeb4c3fe0e9dbc1f', 'c278e09c992ffb1976d852afb74c97a9bfcd01f8e9d19b0b0846916b20acb291', 'a012a91f43f69abda7db8bd0f4b52454dd402e792a9b9592650b596cc5e97dc6', '6cb42bace9e01e2008e4e694fccb7956c4860e57227f182a2cb6856dbea4c221', '2026-07-24 20:43:57', 'valido'),
(330, 9, 1, 292, 'cb528aa9568d350f41e446f245d4306c271651ce2562920880cf86d0e14c633d', '259ac546ee895e3582c20d1d007c319f8366372b10b177a0eb6bb87a61deef63', 'a18fb5bd17037003fda14bafd60bdcd286232f818bf0cb44f09778aa665c80a0', 'c8a8b133813b8d41a44deb51c0cb7a1e26d1f1387c40dcd86f6351e8bca88c25', '2026-07-24 20:44:01', 'valido'),
(331, 9, 1, 408, '1342f25a252256a30389c6efd9f23c5616db102fa87e4388c1949b689d9a0951', 'db4432e57e8a01bccffcb40d2462a9fb7bb9c762b5cdd564be18965fc4db47ba', '94195961320f9ad9dd3ab1e2055d37929fb16cc50ff19f7edbbe6528751118b4', '42fdc2af0d6966813cc03a7acb947b36a17016aba6d04df3fcf590d9c1aa3413', '2026-07-24 20:44:01', 'valido'),
(332, 9, 1, 408, 'cbc15718799f4f7daca3f0fb34a0881fc5929cc84151604c26e0b00498e0f379', '061a785f3323e9585a619d128e1cb31d75256cbcd81f168da5b757eedea4bd72', 'd34148f4bcc233b5da61322363e5e3afcf78fbc90045e5eea2e6ac5ef1a65f9b', '6cb42bace9e01e2008e4e694fccb7956c4860e57227f182a2cb6856dbea4c221', '2026-07-24 20:44:02', 'valido'),
(333, 9, 1, 395, '7ff8d2b0feb6e62e803935fb24517a5db98afcb26ad80d65c44ac34cb1c93641', '3351901319a1cadba107188baf0dca2ecc6e60cf7bb706ba78997efec9a5ce23', '87b33221af464156f4cb7a37260530836f1070bccfa7c5c96edcae4f26989c0c', '6cb42bace9e01e2008e4e694fccb7956c4860e57227f182a2cb6856dbea4c221', '2026-07-24 20:44:02', 'valido'),
(334, 9, 1, 292, 'f93486c4c713b2c8b7e5be5e8dbf7d4ce1314a80fbdffdc74e2c65352508e376', 'd3bb904251047bc2d76cbd9a0f43d91f4e1b4475e3889b1a7fd299c1c7bd00ba', '3a8fa2961d9d079f64c7385cf12845bb5f1092a3f33c934693de2f0353c260d0', '4cdfb907c1a64dc699ca74d49401a710b9a9bb6cc25245a7f3dcff9632804217', '2026-07-24 20:44:05', 'valido'),
(335, 9, 1, 292, '3b87ded93500d4c1af1c497c172bf08ef3180265acd89877fa3951df7647348f', 'e799280d66c0427627cc9380574d99f57fa5ca1abdd4191986462eff5e4233c2', '55b3c3f8124cbc0edcad3e70c3fd305dd7f8248bb3a21e28301a23db29458371', '6cb42bace9e01e2008e4e694fccb7956c4860e57227f182a2cb6856dbea4c221', '2026-07-24 20:44:05', 'valido'),
(336, 9, 1, 290, 'af00d05e9e07977de38369b4be7a15b843f6ae2aa4b74ea07f27d692f2a826cf', 'cfd6247c7428629904a615c3fdee02180275d9a849aef704af5d5d0ad102fe58', '063c95072ac7374d439a40937263a4601482ee0a3d52224774034a4165f08fa2', '6cb42bace9e01e2008e4e694fccb7956c4860e57227f182a2cb6856dbea4c221', '2026-07-24 20:44:06', 'valido'),
(337, 9, 1, 408, 'bc069b38aafa5d78a743626b9480bdc6b624d1a3580ac908cedee68231560438', '31d66d336d7ea19e24cd93173f88395c5bade8471c59d4574e4df154e6d1ced5', 'e0795afc602d0ffbc2933564fb8909794c1151a260052b700cac6785429ae189', '6cb42bace9e01e2008e4e694fccb7956c4860e57227f182a2cb6856dbea4c221', '2026-07-24 20:44:08', 'valido'),
(338, 9, 1, 395, '8349064515fbbe83d2823d8ac2d4a5b3ec458f91059ceb114938f4203fea9327', '290abb1cb565d5a99a2a8d2250139a3c8113f050afd0bb0ddb0e6e7745834ed4', '510af596c6451154b6aa3244f623f7329c1ae7b8f8c0ac8f90fda723348bf699', '42fdc2af0d6966813cc03a7acb947b36a17016aba6d04df3fcf590d9c1aa3413', '2026-07-24 20:44:08', 'valido'),
(339, 9, 1, 292, 'f29c0d7b35c6d5da0485769cb9970973381cc6747809192d06328656aa9ae333', 'fa96b0a5394276c801ed5af2251a870daf6b3973e9b244dbca040b93a9ac96e4', '7f8c64a48f75ccdab1a43a8c5a734e37aba9d749b0059fa4f22d12546a1223bc', 'ebda8aceff1f93ead5a0e16bb48a2a4f75542b1b1e9bc172612e77c2987cd9d5', '2026-07-24 20:44:10', 'valido'),
(340, 9, 1, 408, '55c578bea533a3445b9a0f80d5f88e3feea32fc52927cdcfbbcc67e8cfaeda76', '8377c1d5510f7502906fe16e4c1710e30a955b7feb96942d2ac2c39da662c4a7', '6d89dfebf1b9d9c1fbc99ff154d86a547485fc8c8054cb1d8e289572ee228d87', '42fdc2af0d6966813cc03a7acb947b36a17016aba6d04df3fcf590d9c1aa3413', '2026-07-24 20:44:10', 'valido'),
(341, 9, 1, 292, '7ddbff2ff7a2840847e20e2ff3adde0887ee93a9c80c237d97267c1484d1bf2a', 'a2bc5250de01f7377797921caa55d1b34eb889feb733bca85a5d7c55515ec5b7', '9b5de71e8321eee6382b7ab760d24ce744be14320ebca753e69ec5449e8483c0', '6cb42bace9e01e2008e4e694fccb7956c4860e57227f182a2cb6856dbea4c221', '2026-07-24 20:44:11', 'valido'),
(342, 9, 1, 395, '0a51bc2a7347affa943955aab3e3c912ee725958216a0ce60d6bb7a08d957bbc', 'f6f442ff033fd9b0f3c199ff0f104ea52434b2a926e6dd2ca6338c95b0be8722', '8989d88b60413042a0eb9fbedc90f4f527b45329788199e54bc4eaa467956f1c', '42fdc2af0d6966813cc03a7acb947b36a17016aba6d04df3fcf590d9c1aa3413', '2026-07-24 20:44:11', 'valido'),
(343, 9, 1, 290, '04046e8c3dc93d493be8bd03cfca021c6175da3c830a8cbe35e89e695b13b802', 'aa17b4b37c1261bcf673160d75eff1536d1c9834049fd63e81728bef439c1902', '02871338afe514438cbf4d68942f552c9ae0b931e50dda1f78cdc4d0631ee7e7', '6cb42bace9e01e2008e4e694fccb7956c4860e57227f182a2cb6856dbea4c221', '2026-07-24 20:44:12', 'valido'),
(344, 9, 1, 292, 'eccb2e13d7d9f5869c39d3aa29703d9b1f4dc84cedd2750f76b8e8595a8d490d', '6d6dd11fa7ae0d349faf1ca07b289a7fcaf0684d02b9740899a8f15b1ef4dea8', '66db867b9e275835ab85c75e1966beb686c0bded04614d9b88958947b1738ffa', '6cb42bace9e01e2008e4e694fccb7956c4860e57227f182a2cb6856dbea4c221', '2026-07-24 20:44:13', 'valido'),
(345, 9, 1, 292, '562b37a91de0f8e4c967abc8ca899b15c7f838b9f715985dcf7193e65b6b27d2', 'cd30d4ee020b5bdaa3935ca68b3bbf3d44a12ac2d314c55b07e358b1aa7e9736', 'bb40285b62e86d297c3821d1cc5efe1b5242002354c03d76f407473980745574', 'ebda8aceff1f93ead5a0e16bb48a2a4f75542b1b1e9bc172612e77c2987cd9d5', '2026-07-24 20:44:13', 'valido'),
(346, 9, 1, 290, '95aa79dcc7eadc5d930dae1dc64cd85314cd800d8585834d5a4d188c2e35613c', '76b4497c76e391afa492a811679fcb584c3966682f1c202475a64ccfe1090b3e', 'f8a39d1d47e2fac4ff6b1bc14f84610f51f11b596c95e0418b80a337dcb3cc21', 'd43ed4c4f32995df665aff250d1885683b4eb99ded50ddd32fe14c24e5d6c123', '2026-07-24 20:44:13', 'valido'),
(347, 9, 1, 292, '87a9e3aee8346a635124ceaf4a55b8f73b3e90221c8f4bad0f2b95e0c4c5029e', '9a4521aab839440abf4dbb879014b64636032233d31f614d244505eb61ef0f17', '75cdd61ff8895b861bf1ba1121ce0259da136fb0638d8afa10a02065471e4852', '5cd4e96070974337cdecea1fd459c044ef37d2a5944cac59ce1defc96c97b48f', '2026-07-24 20:44:14', 'valido'),
(348, 9, 1, 385, '05809e891609ac9564d0c788822274e467814d7ad121377c039b17e908668f59', 'af013f029ce3152ff2895615ecb1fa3c18c61b2f1c2179923237eb295e2d218b', 'bfb1204feb5ad4c5bdb61d9fe6cf52b2eccfcfba302c2c81ac380283b4dd00b8', '6cb42bace9e01e2008e4e694fccb7956c4860e57227f182a2cb6856dbea4c221', '2026-07-24 20:44:14', 'valido'),
(349, 9, 1, 290, '12f0a88752e0b1a8b29890c590b01af342763fb0093288554281ce943ee2e1fe', 'c20a865ea116293dcd79cb0291c1e9daf7ecb39d6130c65a36f6d0d33fb113ce', '00da9cb07215e8801fc1e180ff2ab1a612d1d1a4b838c44c40db0614a6e98941', '6cb42bace9e01e2008e4e694fccb7956c4860e57227f182a2cb6856dbea4c221', '2026-07-24 20:44:19', 'valido'),
(350, 9, 1, 408, '5ea174060572fff06435923a36d9e1c0dcb19428bca144be733ad8a5aca67b65', '5f8fd66ceeda5d7acdbb4e3c34d483da613f1372de8d50e79ab2115287d84800', 'beabad99a6c2be92eb7f78ac2e8216b00e4a6a16146b19d31c4f354dae2f0184', '6cb42bace9e01e2008e4e694fccb7956c4860e57227f182a2cb6856dbea4c221', '2026-07-24 20:44:21', 'valido'),
(351, 9, 1, 395, 'c736ab15af5d76bb1fea47ed667effbfd4832bd81e36182909880e33a0796010', '341666ac32a47823b40ce0079abcb98fe7c398204e524f88a1e1815b190dc4b0', '74e16397e368f41f2771bc8b680fe5582dbdf6f3223b61c04edb6a5c5799a05a', 'ad5b929010afd928f6e09802baf81c98e3a99f6c08d761ed51fee15b7f4e9a12', '2026-07-24 20:44:21', 'valido'),
(352, 9, 1, 290, '035a4c7b32a786413e746f0e4d85808edc43046b1cca55ad30c379c7234fd5d7', 'f52651eed3bd3a95afe80a263b41a37366c7571507180b58972e978c406bf58a', '37031ebbdb3f538278f7e86a6bee3f993e73811bd1d5b7c8971386dfb6b3e58f', '42fdc2af0d6966813cc03a7acb947b36a17016aba6d04df3fcf590d9c1aa3413', '2026-07-24 20:44:21', 'valido'),
(353, 9, 1, 290, '9bf45c07ce1c83075bb7a66429b8c26be653405681744d4999438931a14de9ef', '62b42e54152f83f03b0f13d0478b8032e8a2d8834190ec0506305938a44c4eff', 'f2efeee6bf4a51d010ea65cdb826feb792f456834ae9560eb995fa65b00ffd7a', '6cb42bace9e01e2008e4e694fccb7956c4860e57227f182a2cb6856dbea4c221', '2026-07-24 20:44:23', 'valido'),
(354, 9, 1, 290, 'c466f7a36e638da984f410c65c3e4a0cd82197e0d5a14cd83472149aceea6b6b', '54eeede740cd019fa58b8bea165fa7288b6093fca35feea26fbebcc17eebde29', '6d31c009d6c58323f6e6ceed80ded4d7e009c4ece1d777d906a624594a151971', '6cb42bace9e01e2008e4e694fccb7956c4860e57227f182a2cb6856dbea4c221', '2026-07-24 20:44:24', 'valido'),
(355, 9, 1, 395, 'c0aa5133cb7a3fab5e87393282e3859fee3c8a68cd26ba81fee0d1eb28048312', 'e8b1b78692cbd1a2c1f0d65a64e58bd7dae9d67eda443e3b86a5daf0608c898a', '510af596c6451154b6aa3244f623f7329c1ae7b8f8c0ac8f90fda723348bf699', '42fdc2af0d6966813cc03a7acb947b36a17016aba6d04df3fcf590d9c1aa3413', '2026-07-24 20:44:26', 'valido'),
(356, 9, 1, 408, '2650d91702480ddd6f85207e225301fff41ddfa3f0f631918393a366aad6e732', '78cb7caa4c43cac280e39ccf4fe11e6e43f00f7dc1448a5d78bc22358bf3303b', '92714cdd3fd78b17924fe8a40f5055ba6546471e8455f6944f5a982c8bbf0b31', '6cb42bace9e01e2008e4e694fccb7956c4860e57227f182a2cb6856dbea4c221', '2026-07-24 20:44:27', 'valido'),
(357, 9, 1, 408, '206ac634f48450a1ff0a2ec913aa31428a0e7f858291302b2b73a2b5b2112932', '5b83bd498dfb767130283e9a75f5a6efe725257d921b36f93b0dcd91132a5dd5', 'd31c7e2d31a9f51f233f778dab62389ac38582722d845d30a1df0ebcbe9aa2fe', '6cb42bace9e01e2008e4e694fccb7956c4860e57227f182a2cb6856dbea4c221', '2026-07-24 20:44:29', 'valido'),
(358, 9, 1, 290, '45dfd1bdfd1d4c5cc8d3f562cc059841035d505efb766f0806e2b5d0a1563531', 'b99c1ba6676baff032e9d00a97bb51d4f613ddf15c228fa2cc71c4a3db6f6b93', 'bebbdfc459728fb6a6115c893e84fdb175b5f02601393a715d2ad77be5974591', '42fdc2af0d6966813cc03a7acb947b36a17016aba6d04df3fcf590d9c1aa3413', '2026-07-24 20:44:30', 'valido'),
(359, 9, 1, 290, '1c70608c3cb7df3604fd4c111853d4f333df9dfdfb1d0b1008507e5cc402ade6', '6e75144f899cadd10a43b974354321db01acb45f0d9656daca9874deb8fddbb1', '098c58384bd3fcbf055a3db90b0722f6d1b0c89a51dfc90e4a3acf46037735c8', '42fdc2af0d6966813cc03a7acb947b36a17016aba6d04df3fcf590d9c1aa3413', '2026-07-24 20:44:30', 'valido'),
(360, 9, 1, 290, '311ce068ecee9476070461fec61d34ad98f950e3f2bd3d19e76ccc7b7c7fdb4e', 'd31fea2f7367a402dbfc5eb76118f0d2b79a6ee1e17899d971c2b5e188a2abf8', '01b6c0628fa7cee34018000affc446057247c595fb872dbae942a8891e0f8014', '4cdfb907c1a64dc699ca74d49401a710b9a9bb6cc25245a7f3dcff9632804217', '2026-07-24 20:44:33', 'valido');

-- --------------------------------------------------------

--
-- Estructura de tabla para la tabla `_bak_encuestas`
--

CREATE TABLE `_bak_encuestas` (
  `id` int(11) NOT NULL DEFAULT 0,
  `titulo` varchar(255) NOT NULL,
  `descripcion` text DEFAULT NULL,
  `activa` tinyint(1) DEFAULT 1,
  `fecha_creacion` timestamp NOT NULL DEFAULT current_timestamp(),
  `fecha_cierre` timestamp NULL DEFAULT NULL,
  `total_votos` int(11) DEFAULT 0,
  `admin_id` int(11) DEFAULT NULL
) ENGINE=InnoDB DEFAULT CHARSET=latin1 COLLATE=latin1_swedish_ci;

-- --------------------------------------------------------

--
-- Estructura de tabla para la tabla `_bak_opciones`
--

CREATE TABLE `_bak_opciones` (
  `id` int(11) NOT NULL DEFAULT 0,
  `encuesta_id` int(11) NOT NULL,
  `texto_opcion` varchar(255) NOT NULL,
  `votos` int(11) DEFAULT 0,
  `orden` int(11) DEFAULT 0
) ENGINE=InnoDB DEFAULT CHARSET=latin1 COLLATE=latin1_swedish_ci;

-- --------------------------------------------------------

--
-- Estructura de tabla para la tabla `_bak_sorteos`
--

CREATE TABLE `_bak_sorteos` (
  `id` int(11) NOT NULL DEFAULT 0,
  `encuesta_id` int(11) DEFAULT NULL,
  `usuario_ganador_id` int(11) NOT NULL,
  `fecha_sorteo` timestamp NOT NULL DEFAULT current_timestamp(),
  `admin_id` int(11) DEFAULT NULL,
  `descripcion` varchar(255) DEFAULT NULL,
  `nombre_premio` varchar(255) NOT NULL DEFAULT '',
  `tipo_sorteo` enum('general','encuesta') DEFAULT 'general'
) ENGINE=InnoDB DEFAULT CHARSET=latin1 COLLATE=latin1_swedish_ci;

--
-- Volcado de datos para la tabla `_bak_sorteos`
--

INSERT INTO `_bak_sorteos` (`id`, `encuesta_id`, `usuario_ganador_id`, `fecha_sorteo`, `admin_id`, `descripcion`, `nombre_premio`, `tipo_sorteo`) VALUES
(21, NULL, 264, '2026-07-21 20:00:40', 1, 'Sorteo de iPhone 15', 'iPhone 15', 'general');

-- --------------------------------------------------------

--
-- Estructura de tabla para la tabla `_bak_usuarios_sorteo`
--

CREATE TABLE `_bak_usuarios_sorteo` (
  `id` int(11) NOT NULL DEFAULT 0,
  `nombre` varchar(255) NOT NULL,
  `email` varchar(255) DEFAULT NULL,
  `telefono` varchar(20) DEFAULT NULL,
  `documento` varchar(50) DEFAULT NULL,
  `activo` tinyint(1) DEFAULT 1,
  `fecha_carga` timestamp NOT NULL DEFAULT current_timestamp(),
  `encuesta_id` int(11) DEFAULT NULL
) ENGINE=InnoDB DEFAULT CHARSET=latin1 COLLATE=latin1_swedish_ci;

--
-- Volcado de datos para la tabla `_bak_usuarios_sorteo`
--

INSERT INTO `_bak_usuarios_sorteo` (`id`, `nombre`, `email`, `telefono`, `documento`, `activo`, `fecha_carga`, `encuesta_id`) VALUES
(159, '1', 'Aguirre', 'Quijada', 'Alicia Cristina', 1, '2026-07-21 20:00:27', NULL),
(160, '2', 'Alcaino', 'Valenzuela', 'Miguel Ignacio', 1, '2026-07-21 20:00:27', NULL),
(161, '3', 'Álvarez', 'Sepúlveda', 'Macarena Fernanda', 1, '2026-07-21 20:00:27', NULL),
(162, '4', 'Arango', 'Delgado', 'María del Pilar', 1, '2026-07-21 20:00:27', NULL),
(163, '5', 'Arenas', 'Díaz', 'Víctor Gabriel', 1, '2026-07-21 20:00:27', NULL),
(164, '6', 'Barahona', 'Kaschel', 'Verónica Andrea', 1, '2026-07-21 20:00:27', NULL),
(165, '7', 'Barria', 'Sáez', 'Yanira del Carmen', 1, '2026-07-21 20:00:27', NULL),
(166, '8', 'Barrientos', 'Fuentes', 'Bayron Alejandro', 1, '2026-07-21 20:00:27', NULL),
(167, '9', 'Barrios', 'Basanta', 'Johannymar Nazareth', 1, '2026-07-21 20:00:27', NULL),
(168, '10', 'Becerra', 'Verdugo', 'Marisol Pilar', 1, '2026-07-21 20:00:27', NULL),
(169, '11', 'Benavides', 'Silva', 'Antonio Francisco', 1, '2026-07-21 20:00:27', NULL),
(170, '12', 'Blanco', 'De La Parra', 'Daniel Ignacio', 1, '2026-07-21 20:00:27', NULL),
(171, '13', 'Bossi', 'Martínez', 'Claudia Erna', 1, '2026-07-21 20:00:27', NULL),
(172, '14', 'Bravo', 'Huenchulaf', 'Francesco Alexander', 1, '2026-07-21 20:00:27', NULL),
(173, '15', 'Bruce', 'Montes', 'María José', 1, '2026-07-21 20:00:27', NULL),
(174, '16', 'Bustos', 'Rioseco', 'Romina Salome', 1, '2026-07-21 20:00:27', NULL),
(175, '17', 'Cáceres', 'Salas', 'Valerie Andrea', 1, '2026-07-21 20:00:27', NULL),
(176, '19', 'Campillay', 'Martínez', 'Ana Isabel', 1, '2026-07-21 20:00:27', NULL),
(177, '20', 'Carrasco', 'Muñoz', 'Josefa Andrea', 1, '2026-07-21 20:00:27', NULL),
(178, '21', 'Castro', 'Vega', 'Romina Andrea', 1, '2026-07-21 20:00:27', NULL),
(179, '23', 'Cepeda', 'Bleck', 'Franchesca Andrea', 1, '2026-07-21 20:00:27', NULL),
(180, '24', 'Collipal', 'Aedo', 'Rocío Estrella', 1, '2026-07-21 20:00:27', NULL),
(181, '25', 'Contreras', 'Pittaluga', 'Lorena Ángelica', 1, '2026-07-21 20:00:27', NULL),
(182, '26', 'Cornejo', 'Rodríguez', 'Elizabeth Viviana', 1, '2026-07-21 20:00:27', NULL),
(183, '27', 'Cristi', 'Tejeda', 'Rosario Andrea', 1, '2026-07-21 20:00:27', NULL),
(184, '28', 'Cubelli', 'Nazer', 'Ornella Karime', 1, '2026-07-21 20:00:27', NULL),
(185, '29', 'Díaz', 'Leyton', 'Lissette', 1, '2026-07-21 20:00:27', NULL),
(186, '31', 'Duque', 'Aponte', 'Alejandra Carolina', 1, '2026-07-21 20:00:27', NULL),
(187, '32', 'Duran', 'Portales', 'Barbara Isidora', 1, '2026-07-21 20:00:27', NULL),
(188, '33', 'Elgueta', 'Orellana', 'Ivette Erna', 1, '2026-07-21 20:00:27', NULL),
(189, '34', 'Erazo', 'Pérez', 'Noelia Naomi', 1, '2026-07-21 20:00:27', NULL),
(190, '35', 'Facciolo', '', 'María Eugenia', 1, '2026-07-21 20:00:27', NULL),
(191, '36', 'Farías', 'Flores', 'Patricia Ángelica', 1, '2026-07-21 20:00:27', NULL),
(192, '37', 'Fernández', 'Rioseco', 'Karla Patricia', 1, '2026-07-21 20:00:27', NULL),
(193, '39', 'Figueroa', 'Orellana', 'Marianela Catalina', 1, '2026-07-21 20:00:27', NULL),
(194, '40', 'Flores', 'Olea', 'Valeria Katerina', 1, '2026-07-21 20:00:27', NULL),
(195, '41', 'Friz', 'Ramírez', 'Camila Constanza', 1, '2026-07-21 20:00:27', NULL),
(196, '42', 'Fuentes', 'Bastidas', 'Amalia Yaneska', 1, '2026-07-21 20:00:27', NULL),
(197, '43', 'Gaete', 'Garrido', 'Karin Valeria', 1, '2026-07-21 20:00:27', NULL),
(198, '44', 'Garay', 'González', 'Francisco Andres', 1, '2026-07-21 20:00:27', NULL),
(199, '45', 'García', 'De La Huerta', 'Francisca Arrau', 1, '2026-07-21 20:00:27', NULL),
(200, '47', 'González', 'Muñoz', 'Fabiola Alejandra', 1, '2026-07-21 20:00:27', NULL),
(201, '48', 'Guevara', 'Gutiérrez', 'Joyce Vanessa', 1, '2026-07-21 20:00:27', NULL),
(202, '49', 'Guzmán', 'Osorio', 'Javiera Francisca', 1, '2026-07-21 20:00:27', NULL),
(203, '50', 'Henríquez', 'Mora', 'Claudio Andres', 1, '2026-07-21 20:00:27', NULL),
(204, '51', 'Hermosilla', 'Bravo', 'Nancy Ximena', 1, '2026-07-21 20:00:27', NULL),
(205, '52', 'Hernández', 'Salas', 'Kevin Ignacio', 1, '2026-07-21 20:00:27', NULL),
(206, '53', 'Herrera', 'Campos', 'Daniela Alejandra', 1, '2026-07-21 20:00:27', NULL),
(207, '54', 'Ibañez', 'González', 'Leonardo Sebastían', 1, '2026-07-21 20:00:27', NULL),
(208, '55', 'Ibarra', 'Muñoz', 'Barbara', 1, '2026-07-21 20:00:27', NULL),
(209, '56', 'Irarrazabal', 'Chamorro', 'Juan Cristian', 1, '2026-07-21 20:00:27', NULL),
(210, '57', 'Iturrieta', 'González', 'Yessenia Andrea', 1, '2026-07-21 20:00:27', NULL),
(211, '58', 'Jaime', 'Barrientos', 'Karina Alejandra', 1, '2026-07-21 20:00:27', NULL),
(212, '59', 'Jara', 'Ureta', 'Nicole Marisol', 1, '2026-07-21 20:00:27', NULL),
(213, '61', 'Lizama', 'Ormeño', 'Barbara Elizabeth', 1, '2026-07-21 20:00:27', NULL),
(214, '62', 'López', 'Ponce', 'Marietta Angelina', 1, '2026-07-21 20:00:27', NULL),
(215, '63', 'Loukachevitch', '', 'Olga', 1, '2026-07-21 20:00:27', NULL),
(216, '64', 'Maldonado', 'Vásquez', 'Pablo Andres', 1, '2026-07-21 20:00:27', NULL),
(217, '65', 'Malio', 'Rojas', 'Miguel Andres', 1, '2026-07-21 20:00:27', NULL),
(218, '66', 'Malschafsky', 'Corvalán', 'Camila Nicole', 1, '2026-07-21 20:00:27', NULL),
(219, '67', 'Mancilla', 'Cárcamo', 'Francisca Belen', 1, '2026-07-21 20:00:27', NULL),
(220, '68', 'Manquehual', 'Pincheira', 'Natalia Isabel', 1, '2026-07-21 20:00:27', NULL),
(221, '69', 'Marnich', 'Navarrete', 'Hans Mirko', 1, '2026-07-21 20:00:27', NULL),
(222, '70', 'Márquez', 'Lavanderos', 'Jocelyn Alejandra', 1, '2026-07-21 20:00:27', NULL),
(223, '71', 'Mendoza', 'Veas', 'Julio Hernan', 1, '2026-07-21 20:00:27', NULL),
(224, '72', 'Merino', 'Venegas', 'Marcela Andrea', 1, '2026-07-21 20:00:27', NULL),
(225, '73', 'Mieres', 'Cayul', 'David Alfredo', 1, '2026-07-21 20:00:27', NULL),
(226, '74', 'Montero', 'Cerda', 'Luis Marcelo', 1, '2026-07-21 20:00:27', NULL),
(227, '75', 'Morales', 'Torres', 'Rodrigo Andres', 1, '2026-07-21 20:00:27', NULL),
(228, '78', 'Moreno', 'Moreno', 'Luciana Jimena', 1, '2026-07-21 20:00:27', NULL),
(229, '79', 'Muñoz', 'Muñoz', 'Gricel Andrea', 1, '2026-07-21 20:00:27', NULL),
(230, '81', 'Navarro', 'Gutiérrez', 'Daniela Susana', 1, '2026-07-21 20:00:27', NULL),
(231, '82', 'Novoa', 'Cea', 'Camila Estrella', 1, '2026-07-21 20:00:27', NULL),
(232, '83', 'Nuñez', 'Valencia', 'Claudia Ximena', 1, '2026-07-21 20:00:27', NULL),
(233, '84', 'Olivares', '', 'María Julieta', 1, '2026-07-21 20:00:27', NULL),
(234, '85', 'Opazo', 'Medina', 'Matias Andres', 1, '2026-07-21 20:00:27', NULL),
(235, '86', 'Ortiz', 'Clift', 'Makarena Constanza', 1, '2026-07-21 20:00:27', NULL),
(236, '87', 'Osorio', 'Lisboa', 'Cecilia Angelina', 1, '2026-07-21 20:00:27', NULL),
(237, '88', 'Pacheco', 'Moller', 'Erika Edith', 1, '2026-07-21 20:00:27', NULL),
(238, '89', 'Peña', 'Cartes', 'Carolina Alejandra', 1, '2026-07-21 20:00:27', NULL),
(239, '90', 'Pérez', 'Salinas', 'Katty de las N.', 1, '2026-07-21 20:00:27', NULL),
(240, '92', 'Pichara', 'Saud', 'Tarek', 1, '2026-07-21 20:00:27', NULL),
(241, '93', 'Pinilla', 'Araya', 'Alfredo', 1, '2026-07-21 20:00:27', NULL),
(242, '94', 'Pino', 'Muñoz', 'Andrew Sebastian', 1, '2026-07-21 20:00:27', NULL),
(243, '95', 'Pizarro', 'Morales', 'Vania Lenka', 1, '2026-07-21 20:00:27', NULL),
(244, '96', 'Poblete', 'Carrillanca', 'Ruth Maria', 1, '2026-07-21 20:00:27', NULL),
(245, '97', 'Pradel', 'Villalobos', 'Rodrigo Martin', 1, '2026-07-21 20:00:27', NULL),
(246, '98', 'Reyes', 'Rodríguez', 'Natalia Teresa', 1, '2026-07-21 20:00:27', NULL),
(247, '100', 'Rincon', 'Pinilla', 'Sandra Milena', 1, '2026-07-21 20:00:27', NULL),
(248, '101', 'Ríos', 'Montenegro', 'Fernanda Constanza', 1, '2026-07-21 20:00:27', NULL),
(249, '102', 'Robles', 'Astudillo', 'Priscilla Jessica', 1, '2026-07-21 20:00:27', NULL),
(250, '103', 'Rojas', 'Burgos', 'Karen Carolina', 1, '2026-07-21 20:00:27', NULL),
(251, '104', 'Román', 'Sepúlveda', 'Mitzi Carolina', 1, '2026-07-21 20:00:27', NULL),
(252, '105', 'Rubina', 'Espinoza', 'Sebastian', 1, '2026-07-21 20:00:27', NULL),
(253, '106', 'Rubio', 'Vera', 'Carlos Andres', 1, '2026-07-21 20:00:27', NULL),
(254, '107', 'Ruíz', 'Rodríguez', 'Nancy Susana', 1, '2026-07-21 20:00:27', NULL),
(255, '108', 'Sánchez', 'Zamorano', 'Wladimir John', 1, '2026-07-21 20:00:27', NULL),
(256, '114', 'Sanhueza', 'Hernández', 'Camila Fernanda', 1, '2026-07-21 20:00:27', NULL),
(257, '115', 'Schramm', 'Quintuman', 'Eduardo Andres', 1, '2026-07-21 20:00:27', NULL),
(258, '116', 'Sepúlveda', 'Garay', 'Aivory Belen', 1, '2026-07-21 20:00:27', NULL),
(259, '117', 'Silva', 'Salinas', 'Yuri Bladimir', 1, '2026-07-21 20:00:27', NULL),
(260, '118', 'Soto', 'Melo', 'Macarena Nataly', 1, '2026-07-21 20:00:27', NULL),
(261, '120', 'Turrys', 'Morales', 'Nicolas Gustavo', 1, '2026-07-21 20:00:27', NULL),
(262, '121', 'Ulloa', 'Riveros', 'Pamela Andrea', 1, '2026-07-21 20:00:27', NULL),
(263, '122', 'Uribe', 'Asin', 'Paolo Cristobal', 1, '2026-07-21 20:00:27', NULL),
(264, '123', 'Urzúa', 'Miranda', 'Humberto Arturo', 1, '2026-07-21 20:00:27', NULL),
(265, '124', 'Valderrama', 'Parraguez', 'Rodrigo Alejandro', 1, '2026-07-21 20:00:27', NULL),
(266, '125', 'Valdés', 'González', 'Macarena del Pilar', 1, '2026-07-21 20:00:27', NULL),
(267, '126', 'Valenzuela', 'Rodríguez', 'Matias Ignacio', 1, '2026-07-21 20:00:27', NULL),
(268, '127', 'Vargas', 'Benavente', 'Ingrid Paola', 1, '2026-07-21 20:00:27', NULL),
(269, '128', 'Vásquez', 'Letelier', 'Maria Loreto', 1, '2026-07-21 20:00:27', NULL),
(270, '129', 'Venegas', 'Acevedo', 'Fernanda Daniela', 1, '2026-07-21 20:00:27', NULL),
(271, '131', 'Vicencio', 'Pérez', 'Michael Hector', 1, '2026-07-21 20:00:27', NULL),
(272, '132', 'Vidal', 'Rojas', 'Felipe Ivan', 1, '2026-07-21 20:00:27', NULL),
(273, '133', 'Vilches', 'Medina', 'Catalina Antonia', 1, '2026-07-21 20:00:27', NULL),
(274, '134', 'Vivanco', 'Vega', 'Ninoska Paulina', 1, '2026-07-21 20:00:27', NULL),
(275, '135', 'Yañez', 'Aguilar', 'Angelica Bernarda', 1, '2026-07-21 20:00:27', NULL),
(276, '136', 'Yevenes', 'Bienzobas', 'Jorge Felipe', 1, '2026-07-21 20:00:27', NULL),
(277, '137', 'Zagal', 'Leibur', 'Nuria Elizabeth', 1, '2026-07-21 20:00:27', NULL);

-- --------------------------------------------------------

--
-- Estructura de tabla para la tabla `_bak_votos`
--

CREATE TABLE `_bak_votos` (
  `id` int(11) NOT NULL DEFAULT 0,
  `encuesta_id` int(11) NOT NULL,
  `opcion_id` int(11) NOT NULL,
  `ip_usuario` varchar(45) NOT NULL,
  `user_agent` text DEFAULT NULL,
  `fecha_voto` timestamp NOT NULL DEFAULT current_timestamp()
) ENGINE=InnoDB DEFAULT CHARSET=latin1 COLLATE=latin1_swedish_ci;

--
-- Índices para tablas volcadas
--

--
-- Indices de la tabla `administradores`
--
ALTER TABLE `administradores`
  ADD PRIMARY KEY (`id`),
  ADD UNIQUE KEY `usuario` (`usuario`);

--
-- Indices de la tabla `configuracion`
--
ALTER TABLE `configuracion`
  ADD PRIMARY KEY (`id`),
  ADD UNIQUE KEY `uk_clave` (`clave`);

--
-- Indices de la tabla `estado_pantalla`
--
ALTER TABLE `estado_pantalla`
  ADD PRIMARY KEY (`id`);

--
-- Indices de la tabla `galeria_fotos`
--
ALTER TABLE `galeria_fotos`
  ADD PRIMARY KEY (`id`),
  ADD KEY `idx_activo_orden` (`activo`,`orden`);

--
-- Indices de la tabla `gi_autorizaciones`
--
ALTER TABLE `gi_autorizaciones`
  ADD PRIMARY KEY (`id`),
  ADD KEY `idx_evento` (`evento_id`);

--
-- Indices de la tabla `gi_config`
--
ALTER TABLE `gi_config`
  ADD PRIMARY KEY (`clave`);

--
-- Indices de la tabla `gi_config_ia`
--
ALTER TABLE `gi_config_ia`
  ADD PRIMARY KEY (`id`);

--
-- Indices de la tabla `gi_consumo`
--
ALTER TABLE `gi_consumo`
  ADD PRIMARY KEY (`id`),
  ADD KEY `idx_evento` (`evento_id`);

--
-- Indices de la tabla `gi_eventos`
--
ALTER TABLE `gi_eventos`
  ADD PRIMARY KEY (`id`),
  ADD UNIQUE KEY `uk_codigo` (`codigo_publico`),
  ADD KEY `idx_estado` (`estado`);

--
-- Indices de la tabla `gi_fondos`
--
ALTER TABLE `gi_fondos`
  ADD PRIMARY KEY (`id`),
  ADD KEY `idx_evento` (`evento_id`,`activo`,`orden`);

--
-- Indices de la tabla `gi_fotos_originales`
--
ALTER TABLE `gi_fotos_originales`
  ADD PRIMARY KEY (`id`),
  ADD KEY `idx_evento` (`evento_id`),
  ADD KEY `idx_nav` (`navegador_hash`);

--
-- Indices de la tabla `gi_historial`
--
ALTER TABLE `gi_historial`
  ADD PRIMARY KEY (`id`),
  ADD KEY `idx_evento` (`evento_id`);

--
-- Indices de la tabla `gi_imagenes`
--
ALTER TABLE `gi_imagenes`
  ADD PRIMARY KEY (`id`),
  ADD KEY `idx_evento` (`evento_id`,`estado`);

--
-- Indices de la tabla `gi_trabajos`
--
ALTER TABLE `gi_trabajos`
  ADD PRIMARY KEY (`id`),
  ADD KEY `idx_estado` (`estado`),
  ADD KEY `idx_evento` (`evento_id`),
  ADD KEY `idx_token` (`token`);

--
-- Indices de la tabla `import_batches`
--
ALTER TABLE `import_batches`
  ADD PRIMARY KEY (`id`);

--
-- Indices de la tabla `logs_actividad`
--
ALTER TABLE `logs_actividad`
  ADD PRIMARY KEY (`id`),
  ADD KEY `admin_id` (`admin_id`),
  ADD KEY `idx_logs_fecha` (`fecha`);

--
-- Indices de la tabla `participantes`
--
ALTER TABLE `participantes`
  ADD PRIMARY KEY (`id`),
  ADD KEY `idx_estado` (`estado`),
  ADD KEY `idx_identificador` (`identificador`),
  ADD KEY `idx_batch` (`import_batch_id`);

--
-- Indices de la tabla `sorteos`
--
ALTER TABLE `sorteos`
  ADD PRIMARY KEY (`id`),
  ADD KEY `idx_estado` (`estado`),
  ADD KEY `idx_created_by` (`created_by`);

--
-- Indices de la tabla `sorteo_ganadores`
--
ALTER TABLE `sorteo_ganadores`
  ADD PRIMARY KEY (`id`),
  ADD KEY `idx_sorteo` (`sorteo_id`),
  ADD KEY `idx_participante` (`participante_id`),
  ADD KEY `idx_estado` (`estado`),
  ADD KEY `idx_ronda` (`ronda_id`);

--
-- Indices de la tabla `sorteo_rondas`
--
ALTER TABLE `sorteo_rondas`
  ADD PRIMARY KEY (`id`),
  ADD KEY `idx_sorteo` (`sorteo_id`),
  ADD KEY `idx_estado` (`estado`);

--
-- Indices de la tabla `votaciones`
--
ALTER TABLE `votaciones`
  ADD PRIMARY KEY (`id`),
  ADD UNIQUE KEY `uk_codigo` (`codigo_publico`),
  ADD KEY `idx_estado` (`estado`);

--
-- Indices de la tabla `votacion_configuracion`
--
ALTER TABLE `votacion_configuracion`
  ADD PRIMARY KEY (`id`),
  ADD UNIQUE KEY `uk_vot_clave` (`votacion_id`,`clave`);

--
-- Indices de la tabla `votacion_historial`
--
ALTER TABLE `votacion_historial`
  ADD PRIMARY KEY (`id`),
  ADD KEY `idx_votacion` (`votacion_id`);

--
-- Indices de la tabla `votacion_participantes`
--
ALTER TABLE `votacion_participantes`
  ADD PRIMARY KEY (`id`),
  ADD UNIQUE KEY `uk_vot_part` (`votacion_id`,`participante_id`),
  ADD KEY `idx_votacion` (`votacion_id`);

--
-- Indices de la tabla `votacion_votos`
--
ALTER TABLE `votacion_votos`
  ADD PRIMARY KEY (`id`),
  ADD UNIQUE KEY `uk_voto_navegador` (`votacion_id`,`ronda`,`navegador_hash`),
  ADD KEY `idx_ranking` (`votacion_id`,`ronda`,`estado`,`participante_id`),
  ADD KEY `idx_ip` (`ip_hash`);

--
-- AUTO_INCREMENT de las tablas volcadas
--

--
-- AUTO_INCREMENT de la tabla `administradores`
--
ALTER TABLE `administradores`
  MODIFY `id` int(11) NOT NULL AUTO_INCREMENT, AUTO_INCREMENT=2;

--
-- AUTO_INCREMENT de la tabla `configuracion`
--
ALTER TABLE `configuracion`
  MODIFY `id` int(11) NOT NULL AUTO_INCREMENT, AUTO_INCREMENT=589;

--
-- AUTO_INCREMENT de la tabla `galeria_fotos`
--
ALTER TABLE `galeria_fotos`
  MODIFY `id` int(11) NOT NULL AUTO_INCREMENT, AUTO_INCREMENT=115;

--
-- AUTO_INCREMENT de la tabla `gi_autorizaciones`
--
ALTER TABLE `gi_autorizaciones`
  MODIFY `id` int(11) NOT NULL AUTO_INCREMENT, AUTO_INCREMENT=26;

--
-- AUTO_INCREMENT de la tabla `gi_config_ia`
--
ALTER TABLE `gi_config_ia`
  MODIFY `id` int(11) NOT NULL AUTO_INCREMENT, AUTO_INCREMENT=3;

--
-- AUTO_INCREMENT de la tabla `gi_consumo`
--
ALTER TABLE `gi_consumo`
  MODIFY `id` int(11) NOT NULL AUTO_INCREMENT, AUTO_INCREMENT=29;

--
-- AUTO_INCREMENT de la tabla `gi_eventos`
--
ALTER TABLE `gi_eventos`
  MODIFY `id` int(11) NOT NULL AUTO_INCREMENT, AUTO_INCREMENT=2;

--
-- AUTO_INCREMENT de la tabla `gi_fondos`
--
ALTER TABLE `gi_fondos`
  MODIFY `id` int(11) NOT NULL AUTO_INCREMENT, AUTO_INCREMENT=5;

--
-- AUTO_INCREMENT de la tabla `gi_fotos_originales`
--
ALTER TABLE `gi_fotos_originales`
  MODIFY `id` int(11) NOT NULL AUTO_INCREMENT, AUTO_INCREMENT=28;

--
-- AUTO_INCREMENT de la tabla `gi_historial`
--
ALTER TABLE `gi_historial`
  MODIFY `id` int(11) NOT NULL AUTO_INCREMENT, AUTO_INCREMENT=34;

--
-- AUTO_INCREMENT de la tabla `gi_imagenes`
--
ALTER TABLE `gi_imagenes`
  MODIFY `id` int(11) NOT NULL AUTO_INCREMENT, AUTO_INCREMENT=21;

--
-- AUTO_INCREMENT de la tabla `gi_trabajos`
--
ALTER TABLE `gi_trabajos`
  MODIFY `id` int(11) NOT NULL AUTO_INCREMENT, AUTO_INCREMENT=28;

--
-- AUTO_INCREMENT de la tabla `import_batches`
--
ALTER TABLE `import_batches`
  MODIFY `id` int(11) NOT NULL AUTO_INCREMENT, AUTO_INCREMENT=4;

--
-- AUTO_INCREMENT de la tabla `logs_actividad`
--
ALTER TABLE `logs_actividad`
  MODIFY `id` int(11) NOT NULL AUTO_INCREMENT, AUTO_INCREMENT=291;

--
-- AUTO_INCREMENT de la tabla `participantes`
--
ALTER TABLE `participantes`
  MODIFY `id` int(11) NOT NULL AUTO_INCREMENT, AUTO_INCREMENT=412;

--
-- AUTO_INCREMENT de la tabla `sorteos`
--
ALTER TABLE `sorteos`
  MODIFY `id` int(11) NOT NULL AUTO_INCREMENT, AUTO_INCREMENT=5;

--
-- AUTO_INCREMENT de la tabla `sorteo_ganadores`
--
ALTER TABLE `sorteo_ganadores`
  MODIFY `id` int(11) NOT NULL AUTO_INCREMENT, AUTO_INCREMENT=8;

--
-- AUTO_INCREMENT de la tabla `sorteo_rondas`
--
ALTER TABLE `sorteo_rondas`
  MODIFY `id` int(11) NOT NULL AUTO_INCREMENT, AUTO_INCREMENT=4;

--
-- AUTO_INCREMENT de la tabla `votaciones`
--
ALTER TABLE `votaciones`
  MODIFY `id` int(11) NOT NULL AUTO_INCREMENT, AUTO_INCREMENT=10;

--
-- AUTO_INCREMENT de la tabla `votacion_configuracion`
--
ALTER TABLE `votacion_configuracion`
  MODIFY `id` int(11) NOT NULL AUTO_INCREMENT;

--
-- AUTO_INCREMENT de la tabla `votacion_historial`
--
ALTER TABLE `votacion_historial`
  MODIFY `id` int(11) NOT NULL AUTO_INCREMENT, AUTO_INCREMENT=103;

--
-- AUTO_INCREMENT de la tabla `votacion_participantes`
--
ALTER TABLE `votacion_participantes`
  MODIFY `id` int(11) NOT NULL AUTO_INCREMENT, AUTO_INCREMENT=3988;

--
-- AUTO_INCREMENT de la tabla `votacion_votos`
--
ALTER TABLE `votacion_votos`
  MODIFY `id` int(11) NOT NULL AUTO_INCREMENT, AUTO_INCREMENT=361;

--
-- Restricciones para tablas volcadas
--

--
-- Filtros para la tabla `logs_actividad`
--
ALTER TABLE `logs_actividad`
  ADD CONSTRAINT `logs_actividad_ibfk_1` FOREIGN KEY (`admin_id`) REFERENCES `administradores` (`id`) ON DELETE SET NULL;
COMMIT;

